000
CXUS54 KEPZ 011030
CF6ELP
PRELIMINARY LOCAL CLIMATOLOGICAL DATA (WS FORM: F-6)
STATION: EL PASO
MONTH: JULY
YEAR: 2022
LATITUDE: 31 47 N
LONGITUDE: 106 24 W
TEMPERATURE IN F: :PCPN: SNOW: WIND :SUNSHINE: SKY :PK WND
================================================================================
1 2 3 4 5 6A 6B 7 8 9 10 11 12 13 14 15 16 17 18
12Z AVG MX 2MIN
DY MAX MIN AVG DEP HDD CDD WTR SNW DPTH SPD SPD DIR MIN PSBL S-S WX SPD DR
================================================================================
1 98 75 87 2 0 22 0.00 0.0 0 6.7 24 30 M M 5 3 32 30
2 99 72 86 1 0 21 0.01 0.0 0 6.4 24 350 M M 6 3 31 350
3 98 72 85 0 0 20 0.00 0.0 0 6.3 22 130 M M 5 32 140
4 98 72 85 0 0 20 T 0.0 0 8.9 32 300 M M 6 3 41 300
5 95 71 83 -2 0 18 0.00 0.0 0 5.8 24 150 M M 6 3 33 140
6 98 75 87 2 0 22 0.00 0.0 0 8.2 22 200 M M 6 3 30 200
7 99 73 86 1 0 21 0.09 0.0 0 6.7 24 30 M M 7 3 37 50
8 98 71 85 0 0 20 0.01 0.0 0 7.3 23 80 M M 7 3 31 80
9 101 74 88 3 0 23 0.00 0.0 0 8.0 25 50 M M 6 33 40
10 99 76 88 3 0 23 0.04 0.0 0 5.6 22 110 M M 6 38 32 120
11 101 72 87 2 0 22 0.03 0.0 0 4.5 16 360 M M 4 3 22 360
12 100 76 88 3 0 23 0.00 0.0 0 8.8 18 80 M M 4 28 80
13 100 76 88 4 0 23 0.00 0.0 0 9.0 23 150 M M 3 33 140
14 98 75 87 3 0 22 0.00 0.0 0 6.6 17 150 M M 3 25 110
15 102 74 88 4 0 23 0.00 0.0 0 6.9 20 120 M M 2 28 80
16 100 73 87 3 0 22 0.00 0.0 0 7.6 17 110 M M 2 27 100
17 101 76 89 5 0 24 0.00 0.0 0 6.7 18 70 M M 1 28 80
18 104 75 90 6 0 25 0.00 0.0 0 6.0 14 90 M M 2 24 110
19 107 77 92 8 0 27 0.00 0.0 0 5.6 14 180 M M 3 19 180
20 108 83 96 12 0 31 0.00 0.0 0 9.4 36 320 M M 7 3 52 310
21 105 81 93 9 0 28 T 0.0 0 8.5 23 80 M M 7 3 33 80
22 101 81 91 7 0 26 T 0.0 0 8.8 29 100 M M 6 3 41 110
23 101 77 89 5 0 24 0.00 0.0 0 6.6 29 250 M M 4 3 42 120
24 97 74 86 2 0 21 0.01 0.0 0 8.9 21 80 M M 5 3 26 330
25 96 72 84 0 0 19 0.05 0.0 0 8.5 25 150 M M 5 3 35 140
26 95 70 83 -1 0 18 0.00 0.0 0 10.5 25 250 M M 5 3 33 240
27 92 72 82 -2 0 17 0.00 0.0 0 7.4 22 150 M M 7 28 150
28 97 71 84 0 0 19 0.00 0.0 0 6.4 18 190 M M 6 3 29 70
29 96 72 84 0 0 19 T 0.0 0 7.4 22 170 M M 5 3 33 170
30 97 72 85 1 0 20 0.00 0.0 0 6.6 18 180 M M 5 3 27 180
31 100 73 87 3 0 22 0.00 0.0 0 8.9 25 120 M M 6 38 100
================================================================================
SM 3081 2303 0 685 0.24 0.0 229.5 M 152
================================================================================
AV 99.4 74.3 7.4 FASTST M M 5 MAX(MPH)
MISC ----> 36 320 52 310
================================================================================
NOTES:
# LAST OF SEVERAL OCCURRENCES
COLUMN 17 PEAK WIND IN M.P.H.
PRELIMINARY LOCAL CLIMATOLOGICAL DATA (WS FORM: F-6) , PAGE 2
STATION: EL PASO
MONTH: JULY
YEAR: 2022
LATITUDE: 31 47 N
LONGITUDE: 106 24 W
[TEMPERATURE DATA] [PRECIPITATION DATA] SYMBOLS USED IN COLUMN 16
AVERAGE MONTHLY: 86.8 TOTAL FOR MONTH: 0.24 1 = FOG OR MIST
DPTR FM NORMAL: 2.4 DPTR FM NORMAL: -1.34 2 = FOG REDUCING VISIBILITY
HIGHEST: 108 ON 20 GRTST 24HR 0.09 ON 7- 7 TO 1/4 MILE OR LESS
LOWEST: 70 ON 26 3 = THUNDER
SNOW, ICE PELLETS, HAIL 4 = ICE PELLETS
TOTAL MONTH: 0.0 INCH 5 = HAIL
GRTST 24HR 0.0 6 = FREEZING RAIN OR DRIZZLE
GRTST DEPTH: 0 7 = DUSTSTORM OR SANDSTORM:
VSBY 1/2 MILE OR LESS
8 = SMOKE OR HAZE
[NO. OF DAYS WITH] [WEATHER - DAYS WITH] 9 = BLOWING SNOW
X = TORNADO
MAX 32 OR BELOW: 0 0.01 INCH OR MORE: 7
MAX 90 OR ABOVE: 31 0.10 INCH OR MORE: 0
MIN 32 OR BELOW: 0 0.50 INCH OR MORE: 0
MIN 0 OR BELOW: 0 1.00 INCH OR MORE: 0
[HDD (BASE 65) ]
TOTAL THIS MO. 0 CLEAR (SCALE 0-3) 6
DPTR FM NORMAL 0 PTCLDY (SCALE 4-7) 25
TOTAL FM JUL 1 0 CLOUDY (SCALE 8-10) 0
DPTR FM NORMAL 0
[CDD (BASE 65) ]
TOTAL THIS MO. 685
DPTR FM NORMAL 84 [PRESSURE DATA]
TOTAL FM JAN 1 1895 HIGHEST SLP 30.02 ON 9
DPTR FM NORMAL 267 LOWEST SLP 29.63 ON 21
[REMARKS]
#FINAL-07-22#