000
CXUS53 KTOP 010910
CF6EMP
PRELIMINARY LOCAL CLIMATOLOGICAL DATA (WS FORM: F-6)
STATION: EMPORIA KS
MONTH: FEBRUARY
YEAR: 2021
LATITUDE: 38 19 N
LONGITUDE: 96 12 W
TEMPERATURE IN F: :PCPN: SNOW: WIND :SUNSHINE: SKY :PK WND
================================================================================
1 2 3 4 5 6A 6B 7 8 9 10 11 12 13 14 15 16 17 18
12Z AVG MX 2MIN
DY MAX MIN AVG DEP HDD CDD WTR SNW DPTH SPD SPD DIR MIN PSBL S-S WX SPD DR
================================================================================
1 44 22 33 1 32 0 0.00 M M 4.6 9 110 M M 3 1 12 110
2 52 26 39 7 26 0 0.00 M M 9.9 18 140 M M 0 18 24 140
3 61 32 47 15 18 0 0.00 M M 14.4 24 170 M M 0 34 170
4 49 23 36 4 29 0 T M M 14.4 32 320 M M 3 18 49 320
5 53 24 39 6 26 0 0.00 M M 9.4 20 280 M M 1 28 270
6 28 10 19 -14 46 0 0.01 M M 12.7 22 360 M M 9 128 31 10
7 14 9 12 -21 53 0 T M M 11.5 17 80 M M 10 18 23 70
8 11 8 10 -23 55 0 T M M 11.7 18 30 M M 10 1 23 20
9 14 8 11 -23 54 0 T M M 9.8 14 30 M M 10 18 21 20
10 14 10 12 -22 53 0 T M M 11.9 16 20 M M 10 18 23 20
11 16 9 13 -21 52 0 T M M 13.0 20 10 M M 10 8 26 10
12 10 1 6 -28 59 0 0.00 M M 14.3 21 40 M M 10 26 20
13 11 0 6 -28 59 0 0.00 M M 13.5 18 10 M M 7 25 10
14 4 -9 -2 -37 67 0 T M M 15.4 22 10 M M 10 189 30 10
15 2 -11 -4 -39 69 0 T M M 10.5 17 10 M M 6 8 25 350
16 8 -17 -4 -39 69 0 0.00 M M 4.3 10 130 M M 1 13 140
17 22 7 15 -21 50 0 T M M 4.5 9 140 M M 7 18 12 140
18 27 4 16 -20 49 0 0.00 M M 3.7 13 340 M M 4 18 17 280
19 34 10 22 -14 43 0 0.00 M M 10.8 21 190 M M 1 25 190
20 43 17 30 -7 35 0 0.00 M M 9.9 17 150 M M 0 18 24 150
21 48 32 40 3 25 0 0.00 M M 13.2 23 290 M M 4 35 310
22 63 30 47 10 18 0 0.00 M M 13.4 25 260 M M 0 38 290
23 71 29 50 12 15 0 0.00 M M 9.4 22 190 M M 0 33 190
24 51 31 41 3 24 0 0.00 M M 11.3 22 360 M M 1 35 350
25 45 27 36 -2 29 0 0.00 M M 4.8 9 80 M M 4 18 13 70
26 51 23 37 -2 28 0 0.00 M M 8.5 17 180 M M 6 1 22 190
27 66 35 51 12 14 0 0.00 M M 16.1 28 170 M M 6 12 36 170
28 55 29 42 3 23 0 T M M 12.7 23 330 M M 2 1 34 340
================================================================================
SM 967 419 1120 0 0.01 M 299.6 M 135
================================================================================
AV 34.5 15.0 10.7 FASTST M M 5 MAX(MPH)
MISC ----> 32 320 49 320
================================================================================
NOTES:
# LAST OF SEVERAL OCCURRENCES
COLUMN 17 PEAK WIND IN M.P.H.
PRELIMINARY LOCAL CLIMATOLOGICAL DATA (WS FORM: F-6) , PAGE 2
STATION: EMPORIA KS
MONTH: FEBRUARY
YEAR: 2021
LATITUDE: 38 19 N
LONGITUDE: 96 12 W
[TEMPERATURE DATA] [PRECIPITATION DATA] SYMBOLS USED IN COLUMN 16
AVERAGE MONTHLY: 24.8 TOTAL FOR MONTH: 0.01 1 = FOG OR MIST
DPTR FM NORMAL: -10.5 DPTR FM NORMAL: -1.22 2 = FOG REDUCING VISIBILITY
HIGHEST: 71 ON 23 GRTST 24HR 0.01 ON 6- 6 TO 1/4 MILE OR LESS
LOWEST: -17 ON 16 3 = THUNDER
SNOW, ICE PELLETS, HAIL 4 = ICE PELLETS
TOTAL MONTH: M 5 = HAIL
GRTST 24HR M ON M 6 = FREEZING RAIN OR DRIZZLE
GRTST DEPTH: M ON M 7 = DUSTSTORM OR SANDSTORM:
VSBY 1/2 MILE OR LESS
8 = SMOKE OR HAZE
[NO. OF DAYS WITH] [WEATHER - DAYS WITH] 9 = BLOWING SNOW
X = TORNADO
MAX 32 OR BELOW: 13 0.01 INCH OR MORE: 1
MAX 90 OR ABOVE: 0 0.10 INCH OR MORE: 0
MIN 32 OR BELOW: 27 0.50 INCH OR MORE: 0
MIN 0 OR BELOW: 4 1.00 INCH OR MORE: 0
[HDD (BASE 65) ]
TOTAL THIS MO. 1120 CLEAR (SCALE 0-3) 12
DPTR FM NORMAL 286 PTCLDY (SCALE 4-7) 8
TOTAL FM JUL 1 3695 CLOUDY (SCALE 8-10) 8
DPTR FM NORMAL -127
[CDD (BASE 65) ]
TOTAL THIS MO. 0
DPTR FM NORMAL 0 [PRESSURE DATA]
TOTAL FM JAN 1 0 HIGHEST SLP 30.63 ON 14
DPTR FM NORMAL 0 LOWEST SLP 29.46 ON 4
[REMARKS]
#FINAL-02-21#