000
CXUS56 KPQR 011658
CLMEUG
CLIMATE REPORT
NATIONAL WEATHER SERVICE PORTLAND OREGON
958 AM PDT WED NOV 01 2023
...................................
...THE EUGENE OR CLIMATE SUMMARY FOR THE MONTH OF OCTOBER 2023...
CLIMATE NORMAL PERIOD 1991 TO 2020
CLIMATE RECORD PERIOD 1892 TO 2023
WEATHER OBSERVED NORMAL DEPART LAST YEAR`S
VALUE DATE(S) VALUE FROM VALUE DATE(S)
NORMAL
................................................................
TEMPERATURE (F)
HIGHEST 87 87 10/01
10/02
LOWEST 25 35 10/27
AVG. MAXIMUM 65.6 64.9 0.7 72.3
AVG. MINIMUM 44.8 41.8 3.0 44.1
MEAN 55.2 53.4 1.8 58.2
DAYS MAX >= 90 0 0.0 0.0 0
DAYS MAX <= 32 0 0.0 0.0 0
DAYS MIN <= 32 4 2.7 1.3 0
DAYS MIN <= 0 0 0.0 0.0 0
PRECIPITATION (INCHES)
RECORD
MAXIMUM 12.66 1950
MINIMUM T 1895
TOTALS 2.75 3.17 -0.42 1.63
DAYS >= .01 10 11.9 -1.9 7
DAYS >= .10 8 7.1 0.9 4
DAYS >= .50 2 1.8 0.2 1
DAYS >= 1.00 0 0.6 -0.6 0
GREATEST
24 HR. TOTAL 0.86 10/24 TO 10/25
DEGREE DAYS
HEATING TOTAL 301 362 -61 209
SINCE 7/1 385 511 -126 MM
COOLING TOTAL 6 1 5 4
SINCE 1/1 594 293 301 MM
................................................................
WIND (MPH)
AVERAGE WIND SPEED 5.3
RESULTANT WIND SPEED/DIRECTION 1/180
HIGHEST WIND SPEED/DIRECTION 28/150 DATE 10/10
HIGHEST GUST SPEED/DIRECTION 33/140 DATE 10/10
33/230 10/25
SKY COVER
POSSIBLE SUNSHINE (PERCENT) MM
AVERAGE SKY COVER 0.60
NUMBER OF DAYS FAIR 7
NUMBER OF DAYS PC 11
NUMBER OF DAYS CLOUDY 13
AVERAGE RH (PERCENT) 79
WEATHER CONDITIONS. NUMBER OF DAYS WITH
THUNDERSTORM 0 MIXED PRECIP 0
HEAVY RAIN 1 RAIN 5
LIGHT RAIN 11 FREEZING RAIN 0
LT FREEZING RAIN 0 HAIL 1
HEAVY SNOW 0 SNOW 0
LIGHT SNOW 0 SLEET 0
FOG 28 FOG W/VIS <= 1/4 MILE 10
HAZE 5
- INDICATES NEGATIVE NUMBERS.
R INDICATES RECORD WAS SET OR TIED.
MM INDICATES DATA IS MISSING.
T INDICATES TRACE AMOUNT.
$$