000
CXUS56 KSLC 011228
CF6EVW
PRELIMINARY LOCAL CLIMATOLOGICAL DATA (WS FORM: F-6)
STATION: EVANSTON WY
MONTH: AUGUST
YEAR: 2020
LATITUDE: 41 16 N
LONGITUDE: 111 2 W
TEMPERATURE IN F: :PCPN: SNOW: WIND :SUNSHINE: SKY :PK WND
================================================================================
1 2 3 4 5 6A 6B 7 8 9 10 11 12 13 14 15 16 17 18
12Z AVG MX 2MIN
DY MAX MIN AVG DEP HDD CDD WTR SNW DPTH SPD SPD DIR MIN PSBL S-S WX SPD DR
================================================================================
1 93 59 76 8 0 11 0.00 0.0 0 8.6 21 80 M M 0 28 80
2 92 55 74 6 0 9 0.00 0.0 0 7.1 18 80 M M 0 24 80
3 91 54 73 5 0 8 0.00 0.0 0 11.7 28 250 M M 0 35 240
4 88 55 72 4 0 7 0.00 0.0 0 8.0 22 270 M M 0 34 280
5 87 55 71 4 0 6 T 0.0 0 7.7 33 170 M M 1 3 49 170
6 85 60 73 6 0 8 T 0.0 0 13.4 30 210 M M 1 39 220
7 85 58 72 5 0 7 0.00 0.0 0 11.4 23 260 M M 0 30 280
8 85 50 68 1 0 3 0.00 0.0 0 9.8 24 240 M M 1 34 220
9 86 55 71 4 0 6 0.00 0.0 0 10.3 25 260 M M 0 32 220
10 88 53 71 5 0 6 0.00 0.0 0 10.4 30 260 M M 0 38 280
11 85 53 69 3 0 4 0.00 0.0 0 9.1 28 220 M M 0 35 230
12 83 54 69 3 0 4 0.00 0.0 0 13.0 30 250 M M 0 39 240
13 85 53 69 3 0 4 0.00 0.0 0 13.2 33 240 M M 0 46 240
14 83 54 69 3 0 4 0.00 0.0 0 9.3 28 240 M M 0 34 230
15 87 48 68 3 0 3 0.00 0.0 0 9.2 23 320 M M 0 30 320
16 87 50 69 4 0 4 0.00 0.0 0 5.9 17 20 M M 0 25 50
17 92 56 74 9 0 9 0.00 0.0 0 5.1 14 360 M M 0 21 360
18 92 57 75 10 0 10 T 0.0 0 5.1 24 350 M M 0 30 350
19 91 56 74 10 0 9 0.00 0.0 0 8.5 23 250 M M 0 29 250
20 85 60 73 9 0 8 T 0.0 0 8.8 36 280 M M 3 48 290
21 89 56 73 9 0 8 0.00 0.0 0 8.1 22 270 M M 0 8 30 320
22 93 57 75 11 0 10 0.00 0.0 0 9.5 28 240 M M 0 8 35 240
23 87 61 74 11 0 9 0.00 0.0 0 8.5 31 230 M M 2 37 220
24 86 54 70 7 0 5 T 0.0 0 7.6 17 280 M M 1 3 24 290
25 88 57 73 10 0 8 0.09 0.0 0 10.2 29 270 M M 2 3 36 260
26 86 54 70 8 0 5 0.04 0.0 0 10.4 30 260 M M 1 3 42 260
27 86 59 73 11 0 8 T 0.0 0 13.9 38 220 M M 1 49 220
28 85 53 69 7 0 4 0.00 0.0 0 6.3 20 240 M M 1 8 26 270
29 82 56 69 8 0 4 T 0.0 0 13.8 31 250 M M 2 40 250
30 79 51 65 4 0 0 0.00 0.0 0 15.9 37 280 M M 0 45 270
31 66 39 53 -8 12 0 T M 0 12.7 30 270 M M 3 39 300
================================================================================
SM 2677 1692 12 191 0.13 0.0 302.5 M 19
================================================================================
AV 86.4 54.6 9.8 FASTST M M 1 MAX(MPH)
MISC ----> # 38 220 # 49 170
================================================================================
NOTES:
# LAST OF SEVERAL OCCURRENCES
COLUMN 17 PEAK WIND IN M.P.H.
PRELIMINARY LOCAL CLIMATOLOGICAL DATA (WS FORM: F-6) , PAGE 2
STATION: EVANSTON WY
MONTH: AUGUST
YEAR: 2020
LATITUDE: 41 16 N
LONGITUDE: 111 2 W
[TEMPERATURE DATA] [PRECIPITATION DATA] SYMBOLS USED IN COLUMN 16
AVERAGE MONTHLY: 70.5 TOTAL FOR MONTH: 0.13 1 = FOG OR MIST
DPTR FM NORMAL: 5.7 DPTR FM NORMAL: -0.83 2 = FOG REDUCING VISIBILITY
HIGHEST: 93 ON 22, 1 GRTST 24HR 0.09 ON 25-25 TO 1/4 MILE OR LESS
LOWEST: 39 ON 31 3 = THUNDER
SNOW, ICE PELLETS, HAIL 4 = ICE PELLETS
TOTAL MONTH: 0.0 INCH 5 = HAIL
GRTST 24HR 0.0 6 = FREEZING RAIN OR DRIZZLE
GRTST DEPTH: 0 7 = DUSTSTORM OR SANDSTORM:
VSBY 1/2 MILE OR LESS
8 = SMOKE OR HAZE
[NO. OF DAYS WITH] [WEATHER - DAYS WITH] 9 = BLOWING SNOW
X = TORNADO
MAX 32 OR BELOW: 0 0.01 INCH OR MORE: 2
MAX 90 OR ABOVE: 7 0.10 INCH OR MORE: 0
MIN 32 OR BELOW: 0 0.50 INCH OR MORE: 0
MIN 0 OR BELOW: 0 1.00 INCH OR MORE: 0
[HDD (BASE 65) ]
TOTAL THIS MO. 12 CLEAR (SCALE 0-3) 30
DPTR FM NORMAL -55 PTCLDY (SCALE 4-7) 1
TOTAL FM JUL 1 26 CLOUDY (SCALE 8-10) 0
DPTR FM NORMAL -77
[CDD (BASE 65) ]
TOTAL THIS MO. 191
DPTR FM NORMAL 130 [PRESSURE DATA]
TOTAL FM JAN 1 309 HIGHEST SLP 30.22 ON 17
DPTR FM NORMAL 152 LOWEST SLP 29.70 ON 27
[REMARKS]
#FINAL-08-20#