000
CXUS51 KOKX 010910
CF6EWR
PRELIMINARY LOCAL CLIMATOLOGICAL DATA (WS FORM: F-6)
STATION: NEWARK NJ
MONTH: JUNE
YEAR: 2023
LATITUDE: 40 42 N
LONGITUDE: 74 10 W
TEMPERATURE IN F: :PCPN: SNOW: WIND :SUNSHINE: SKY :PK WND
================================================================================
1 2 3 4 5 6A 6B 7 8 9 10 11 12 13 14 15 16 17 18
12Z AVG MX 2MIN
DY MAX MIN AVG DEP HDD CDD WTR SNW DPTH SPD SPD DIR MIN PSBL S-S WX SPD DR
================================================================================
1 88 59 74 6 0 9 0.00 0.0 0 3.6 12 140 M M 1 14 50
2 91 64 78 10 0 13 0.00 0.0 0 5.2 15 50 M M 3 3 19 20
3 74 56 65 -4 0 0 0.00 0.0 0 9.4 17 30 M M 8 23 80
4 71 49 60 -9 5 0 0.00 0.0 0 8.7 20 20 M M 7 26 30
5 80 56 68 -1 0 3 0.00 0.0 0 10.7 20 320 M M 5 29 330
6 84 62 73 3 0 8 T 0.0 0 11.2 26 350 M M 9 38 32 340
7 74 59 67 -3 0 2 0.00 0.0 0 10.6 22 290 M M 9 8 29 290
8 77 50 64 -6 1 0 0.00 0.0 0 6.5 16 310 M M 9 8 24 290
9 77 59 68 -3 0 3 T 0.0 0 7.2 20 360 M M 8 24 360
10 83 58 71 0 0 6 T 0.0 0 9.0 18 230 M M 6 27 310
11 85 65 75 4 0 10 T 0.0 0 5.8 16 110 M M 8 22 100
12 78 68 73 1 0 8 0.53 0.0 0 8.8 21 250 M M 10 18 27 260
13 83 65 74 2 0 9 0.00 0.0 0 11.4 21 270 M M 6 26 290
14 79 62 71 -1 0 6 0.28 0.0 0 10.4 25 240 M M 6 38 32 240
15 82 60 71 -2 0 6 0.00 0.0 0 10.2 20 310 M M 5 25 300
16 82 62 72 -1 0 7 0.22 0.0 0 6.2 15 220 M M 8 13 21 240
17 82 63 73 0 0 8 T 0.0 0 13.2 35 350 M M 8 38 42 350
18 85 64 75 1 0 10 0.00 0.0 0 10.3 18 340 M M 6 25 280
19 80 65 73 -1 0 8 0.00 0.0 0 8.2 14 170 M M 5 19 120
20 78 65 72 -2 0 7 0.00 0.0 0 7.6 14 130 M M 8 20 130
21 75 63 69 -6 0 4 0.00 0.0 0 11.1 17 120 M M 8 23 130
22 74 59 67 -8 0 2 0.04 0.0 0 10.3 18 30 M M 10 18 26 20
23 71 66 69 -6 0 4 0.07 0.0 0 6.3 12 100 M M 10 1 16 110
24 82 69 76 1 0 11 0.08 0.0 0 4.5 12 250 M M 9 1 15 120
25 87 71 79 3 0 14 0.01 0.0 0 3.5 15 160 M M 6 3 21 140
26 80 69 75 -1 0 10 0.90 0.0 0 7.3 25 360 M M 9 138 33 10
27 82 67 75 -1 0 10 0.53 0.0 0 4.9 14 140 M M 9 13 18 130
28 85 67 76 0 0 11 T 0.0 0 8.2 21 290 M M 8 26 290
29 85 67 76 -1 0 11 0.00 0.0 0 7.4 16 310 M M 6 8 26 310
30 86 67 77 0 0 12 0.00 0.0 0 6.1 14 160 M M 5 8 19 150
================================================================================
SM 2420 1876 6 212 2.66 0.0 243.8 M 215
================================================================================
AV 80.7 62.5 8.1 FASTST M M 7 MAX(MPH)
MISC ----> 35 350 42 350
================================================================================
NOTES:
# LAST OF SEVERAL OCCURRENCES
COLUMN 17 PEAK WIND IN M.P.H.
PRELIMINARY LOCAL CLIMATOLOGICAL DATA (WS FORM: F-6) , PAGE 2
STATION: NEWARK NJ
MONTH: JUNE
YEAR: 2023
LATITUDE: 40 42 N
LONGITUDE: 74 10 W
[TEMPERATURE DATA] [PRECIPITATION DATA] SYMBOLS USED IN COLUMN 16
AVERAGE MONTHLY: 71.6 TOTAL FOR MONTH: 2.66 1 = FOG OR MIST
DPTR FM NORMAL: -1.1 DPTR FM NORMAL: -1.68 2 = FOG REDUCING VISIBILITY
HIGHEST: 91 ON 2 GRTST 24HR 0.99 ON 26-27 TO 1/4 MILE OR LESS
LOWEST: 49 ON 4 3 = THUNDER
SNOW, ICE PELLETS, HAIL 4 = ICE PELLETS
TOTAL MONTH: 0.0 INCH 5 = HAIL
GRTST 24HR 0.0 6 = FREEZING RAIN OR DRIZZLE
GRTST DEPTH: 0 7 = DUSTSTORM OR SANDSTORM:
VSBY 1/2 MILE OR LESS
8 = SMOKE OR HAZE
[NO. OF DAYS WITH] [WEATHER - DAYS WITH] 9 = BLOWING SNOW
X = TORNADO
MAX 32 OR BELOW: 0 0.01 INCH OR MORE: 9
MAX 90 OR ABOVE: 1 0.10 INCH OR MORE: 5
MIN 32 OR BELOW: 0 0.50 INCH OR MORE: 3
MIN 0 OR BELOW: 0 1.00 INCH OR MORE: 0
[HDD (BASE 65) ]
TOTAL THIS MO. 6 CLEAR (SCALE 0-3) 1
DPTR FM NORMAL -8 PTCLDY (SCALE 4-7) 20
TOTAL FM JUL 1 3841 CLOUDY (SCALE 8-10) 9
DPTR FM NORMAL -858
[CDD (BASE 65) ]
TOTAL THIS MO. 212
DPTR FM NORMAL -33 [PRESSURE DATA]
TOTAL FM JAN 1 302 HIGHEST SLP M ON M
DPTR FM NORMAL -27 LOWEST SLP 29.48 ON 14
[REMARKS]
#FINAL-06-23#