000
CXUS51 KOKX 010910
CF6EWR
PRELIMINARY LOCAL CLIMATOLOGICAL DATA (WS FORM: F-6)
STATION: NEWARK NJ
MONTH: JUNE
YEAR: 2021
LATITUDE: 40 42 N
LONGITUDE: 74 10 W
TEMPERATURE IN F: :PCPN: SNOW: WIND :SUNSHINE: SKY :PK WND
================================================================================
1 2 3 4 5 6A 6B 7 8 9 10 11 12 13 14 15 16 17 18
12Z AVG MX 2MIN
DY MAX MIN AVG DEP HDD CDD WTR SNW DPTH SPD SPD DIR MIN PSBL S-S WX SPD DR
================================================================================
1 80 54 67 -1 0 2 0.00 0.0 0 7.4 15 230 M M 7 21 190
2 79 60 70 2 0 5 T 0.0 0 5.5 14 120 M M 8 17 120
3 77 62 70 1 0 5 0.41 0.0 0 4.3 10 200 M M 10 138 14 190
4 83 65 74 5 0 9 0.19 0.0 0 8.6 31 280 M M 8 138 41 280
5 95 64 80 11 0 15 0.00 0.0 0 10.8 24 240 M M 3 30 250
6 97 71 84 14 0 19 0.00 0.0 0 8.0 18 230 M M 4 23 260
7 95 74 85 15 0 20 0.04 0.0 0 8.2 15 130 M M 6 3 20 110
8 93 73 83 13 0 18 2.19 0.0 0 7.7 23 310 M M 8 13 31 310
9 96 72 84 13 0 19 0.53 0.0 0 6.9 28 240 M M 7 3 36 220
10 85 67 76 5 0 11 0.00 0.0 0 10.4 20 110 M M 6 25 110
11 73 65 69 -2 0 4 T 0.0 0 6.4 13 80 M M 9 16 80
12 72 62 67 -5 0 2 T 0.0 0 5.7 12 30 M M 8 14 150
13 78 59 69 -3 0 4 T 0.0 0 5.7 13 190 M M 7 17 200
14 78 66 72 0 0 7 0.16 0.0 0 6.2 15 130 M M 9 13 19 140
15 85 67 76 3 0 11 0.01 0.0 0 10.4 22 330 M M 5 29 330
16 81 63 72 -1 0 7 0.00 0.0 0 11.5 22 330 M M 2 29 290
17 81 57 69 -4 0 4 0.00 0.0 0 6.9 16 280 M M 3 22 290
18 88 60 74 0 0 9 0.00 0.0 0 11.7 21 230 M M 5 28 220
19 93 68 81 7 0 16 0.05 0.0 0 11.2 26 220 M M 9 33 220
20 91 64 78 4 0 13 0.00 0.0 0 8.5 18 220 M M 6 23 240
21 92 76 84 9 0 19 T 0.0 0 9.7 31 220 M M 8 34 220
22 80 59 70 -5 0 5 0.17 0.0 0 10.9 22 340 M M 9 1 26 330
23 80 55 68 -7 0 3 0.00 0.0 0 8.8 17 350 M M 4 23 300
24 79 58 69 -6 0 4 0.00 0.0 0 6.0 15 150 M M 4 24 180
25 83 60 72 -4 0 7 0.00 0.0 M 8.0 15 160 M M 7 21 170
26 86 70 78 2 0 13 0.07 0.0 M 10.2 20 180 M M 8 1 25 180
27 95 74 85 9 0 20 0.00 0.0 0 12.8 22 190 M M 8 31 210
28 99 77 88 12 0 23 0.00 0.0 0 13.8 22 220 M M 5 8 24 210
29 102 79 91 14 0 26 0.00 0.0 0 12.7 22 260 M M 2 28 230
30 103 74 89 12 0 24 0.54 0.0 0 12.7 31 250 M M 4 13 39 250
================================================================================
SM 2599 1975 0 344 4.36 0.0 267.6 M 189
================================================================================
AV 86.6 65.8 8.9 FASTST M M 6 MAX(MPH)
MISC ----> # 31 280 41 280
================================================================================
NOTES:
# LAST OF SEVERAL OCCURRENCES
COLUMN 17 PEAK WIND IN M.P.H.
PRELIMINARY LOCAL CLIMATOLOGICAL DATA (WS FORM: F-6) , PAGE 2
STATION: NEWARK NJ
MONTH: JUNE
YEAR: 2021
LATITUDE: 40 42 N
LONGITUDE: 74 10 W
[TEMPERATURE DATA] [PRECIPITATION DATA] SYMBOLS USED IN COLUMN 16
AVERAGE MONTHLY: 76.2 TOTAL FOR MONTH: 4.36 1 = FOG OR MIST
DPTR FM NORMAL: 3.5 DPTR FM NORMAL: 0.02 2 = FOG REDUCING VISIBILITY
HIGHEST: 103 ON 30 GRTST 24HR 2.19 ON 8- 8 TO 1/4 MILE OR LESS
LOWEST: 54 ON 1 3 = THUNDER
SNOW, ICE PELLETS, HAIL 4 = ICE PELLETS
TOTAL MONTH: 0.0 INCH 5 = HAIL
GRTST 24HR 0.0 6 = FREEZING RAIN OR DRIZZLE
GRTST DEPTH: 0 7 = DUSTSTORM OR SANDSTORM:
VSBY 1/2 MILE OR LESS
8 = SMOKE OR HAZE
[NO. OF DAYS WITH] [WEATHER - DAYS WITH] 9 = BLOWING SNOW
X = TORNADO
MAX 32 OR BELOW: 0 0.01 INCH OR MORE: 11
MAX 90 OR ABOVE: 12 0.10 INCH OR MORE: 7
MIN 32 OR BELOW: 0 0.50 INCH OR MORE: 3
MIN 0 OR BELOW: 0 1.00 INCH OR MORE: 1
[HDD (BASE 65) ]
TOTAL THIS MO. 0 CLEAR (SCALE 0-3) 2
DPTR FM NORMAL -14 PTCLDY (SCALE 4-7) 21
TOTAL FM JUL 1 4336 CLOUDY (SCALE 8-10) 7
DPTR FM NORMAL -363
[CDD (BASE 65) ]
TOTAL THIS MO. 344
DPTR FM NORMAL 99 [PRESSURE DATA]
TOTAL FM JAN 1 454 HIGHEST SLP M ON M
DPTR FM NORMAL 125 LOWEST SLP 29.57 ON 21
[REMARKS]
#FINAL-06-21#