000
CXUS51 KOKX 010702
CF6EWR
PRELIMINARY LOCAL CLIMATOLOGICAL DATA (WS FORM: F-6)
STATION: NEWARK NJ
MONTH: NOVEMBER
YEAR: 2020
LATITUDE: 40 42 N
LONGITUDE: 74 10 W
TEMPERATURE IN F: :PCPN: SNOW: WIND :SUNSHINE: SKY :PK WND
================================================================================
1 2 3 4 5 6A 6B 7 8 9 10 11 12 13 14 15 16 17 18
12Z AVG MX 2MIN
DY MAX MIN AVG DEP HDD CDD WTR SNW DPTH SPD SPD DIR MIN PSBL S-S WX SPD DR
================================================================================
1 55 38 47 -5 18 0 0.37 0.0 0 10.4 26 290 M M 9 1 37 280
2 47 38 43 -8 22 0 0.00 0.0 0 17.3 35 300 M M 4 45 270
3 56 38 47 -4 18 0 0.00 0.0 0 13.1 24 310 M M 7 28 300
4 65 36 51 0 14 0 0.00 0.0 0 6.4 13 190 M M 1 16 200
5 70 45 58 8 7 0 0.00 0.0 0 5.9 21 230 M M 5 1 26 250
6 73 49 61 11 4 0 0.00 0.0 0 7.9 18 230 M M 5 22 250
7 77 47 62 12 3 0 0.00 0.0 0 6.0 14 240 M M 3 17 250
8 77 46 62 13 3 0 0.00 0.0 0 1.7 7 200 M M 2 7 120
9 77 47 62 13 3 0 0.00 0.0 0 2.5 9 230 M M 1 18 12 220
10 76 51 64 15 1 0 0.00 0.0 0 7.7 20 230 M M 3 12 25 230
11 73 61 67 19 0 2 0.63 0.0 0 7.5 18 230 M M 8 1 23 230
12 68 48 58 10 7 0 0.16 0.0 0 11.1 24 360 M M 9 1 30 340
13 53 43 48 0 17 0 0.12 0.0 0 7.4 14 30 M M 7 1 18 310
14 54 39 47 0 18 0 0.00 0.0 0 8.4 18 330 M M 2 24 320
15 65 34 50 3 15 0 0.07 0.0 0 13.1 48 250 M M 7 13 59 250
16 55 40 48 1 17 0 0.00 0.0 0 13.4 28 270 M M 1 36 280
17 50 34 42 -4 23 0 T M 0 10.2 25 320 M M 6 34 300
18 38 29 34 -12 31 0 0.00 0.0 0 14.1 26 340 M M 3 33 330
19 49 26 38 -8 27 0 0.00 0.0 0 9.7 20 210 M M 6 27 210
20 64 40 52 7 13 0 0.00 0.0 0 10.9 18 230 M M 4 23 250
21 66 45 56 11 9 0 0.00 0.0 0 9.2 16 20 M M 7 22 310
22 59 43 51 6 14 0 T 0.0 0 11.1 18 20 M M 10 25 110
23 59 41 50 6 15 0 0.46 0.0 0 12.2 31 320 M M 6 1 43 310
24 50 40 45 1 20 0 0.00 0.0 0 8.5 18 330 M M 6 25 330
25 54 43 49 5 16 0 T 0.0 0 5.9 20 210 M M 9 25 220
26 66 48 57 14 8 0 0.65 0.0 0 7.2 21 250 M M 8 1 25 250
27 64 45 55 12 10 0 0.00 0.0 0 4.8 14 270 M M 5 16 270
28 58 41 50 8 15 0 T 0.0 0 7.6 21 270 M M 4 28 270
29 55 35 45 3 20 0 0.00 0.0 0 5.0 15 250 M M 3 16 220
30 65 43 54 12 11 0 1.21 0.0 0 12.1 29 140 M M 10 13 46 160
================================================================================
SM 1838 1253 399 2 3.67 0.0 268.3 M 161
================================================================================
AV 61.3 41.8 8.9 FASTST M M 5 MAX(MPH)
MISC ----> # 48 250 # 59 250
================================================================================
NOTES:
# LAST OF SEVERAL OCCURRENCES
COLUMN 17 PEAK WIND IN M.P.H.
PRELIMINARY LOCAL CLIMATOLOGICAL DATA (WS FORM: F-6) , PAGE 2
STATION: NEWARK NJ
MONTH: NOVEMBER
YEAR: 2020
LATITUDE: 40 42 N
LONGITUDE: 74 10 W
[TEMPERATURE DATA] [PRECIPITATION DATA] SYMBOLS USED IN COLUMN 16
AVERAGE MONTHLY: 51.5 TOTAL FOR MONTH: 3.67 1 = FOG OR MIST
DPTR FM NORMAL: 4.7 DPTR FM NORMAL: 0.02 2 = FOG REDUCING VISIBILITY
HIGHEST: 77 ON 9, 8 GRTST 24HR 1.21 ON 30-30 TO 1/4 MILE OR LESS
LOWEST: 26 ON 19 3 = THUNDER
SNOW, ICE PELLETS, HAIL 4 = ICE PELLETS
TOTAL MONTH: 0.0 INCH 5 = HAIL
GRTST 24HR 0.0 6 = FREEZING RAIN OR DRIZZLE
GRTST DEPTH: 0 7 = DUSTSTORM OR SANDSTORM:
VSBY 1/2 MILE OR LESS
8 = SMOKE OR HAZE
[NO. OF DAYS WITH] [WEATHER - DAYS WITH] 9 = BLOWING SNOW
X = TORNADO
MAX 32 OR BELOW: 0 0.01 INCH OR MORE: 8
MAX 90 OR ABOVE: 0 0.10 INCH OR MORE: 7
MIN 32 OR BELOW: 2 0.50 INCH OR MORE: 3
MIN 0 OR BELOW: 0 1.00 INCH OR MORE: 1
[HDD (BASE 65) ]
TOTAL THIS MO. 399 CLEAR (SCALE 0-3) 8
DPTR FM NORMAL -148 PTCLDY (SCALE 4-7) 16
TOTAL FM JUL 1 652 CLOUDY (SCALE 8-10) 6
DPTR FM NORMAL -216
[CDD (BASE 65) ]
TOTAL THIS MO. 2
DPTR FM NORMAL 1 [PRESSURE DATA]
TOTAL FM JAN 1 1420 HIGHEST SLP M ON M
DPTR FM NORMAL 228 LOWEST SLP 29.32 ON 30
[REMARKS]
#FINAL-11-20#