000
CXUS52 KRAH 010845
CF6FAY
PRELIMINARY LOCAL CLIMATOLOGICAL DATA (WS FORM: F-6)
STATION: FAYETTEVILLE NC
MONTH: MAY
YEAR: 2023
LATITUDE: 35 0 N
LONGITUDE: 78 53 W
TEMPERATURE IN F: :PCPN: SNOW: WIND :SUNSHINE: SKY :PK WND
================================================================================
1 2 3 4 5 6A 6B 7 8 9 10 11 12 13 14 15 16 17 18
12Z AVG MX 2MIN
DY MAX MIN AVG DEP HDD CDD WTR SNW DPTH SPD SPD DIR MIN PSBL S-S WX SPD DR
================================================================================
1 72 48 60 -7 5 0 0.00 0.0 0 14.5 29 240 M M 1 38 240
2 73 50 62 -5 3 0 0.02 0.0 0 11.3 33 270 M M 1 43 270
3 70 48 59 -9 6 0 0.00 M M 11.3 26 310 M M 2 36 330
4 72 50 61 -7 4 0 0.00 M M 7.8 18 340 M M 0 25 330
5 78 45 62 -6 3 0 0.00 M M 4.1 13 210 M M 2 15 200
6 81 51 66 -2 0 1 0.00 M M 3.4 12 210 M M 3 16 190
7 83 60 72 3 0 7 0.00 M M 11.1 22 220 M M 1 29 210
8 85 66 76 7 0 11 0.00 0.0 M 10.5 20 250 M M 3 26 230
9 91 66 79 10 0 14 0.00 M M 8.9 24 20 M M 1 1 29 20
10 80 57 69 0 0 4 0.00 M M 7.5 16 50 M M 2 1 21 20
11 84 53 69 -1 0 4 0.00 M M 6.0 16 200 M M 1 22 180
12 87 55 71 1 0 6 0.00 M M 6.3 17 170 M M 0 22 170
13 87 57 72 2 0 7 0.00 M M 7.3 15 190 M M 2 1 20 200
14 78 63 71 1 0 6 T M M 4.9 12 20 M M 6 1 14 30
15 83 56 70 -1 0 5 0.00 M M 6.8 14 100 M M 1 20 50
16 89 63 76 5 0 11 0.00 M M 10.2 18 220 M M 4 29 220
17 86 67 77 6 0 12 0.08 M M 8.5 22 270 M M 2 1 32 270
18 78 62 70 -1 0 5 0.02 M M 9.0 22 90 M M 4 28 90
19 69 59 64 -8 1 0 0.14 M M 9.6 17 40 M M 10 1 24 60
20 81 61 71 -1 0 6 0.00 M M 6.5 12 20 M M 3 15 290
21 76 59 68 -4 0 3 0.00 M M 6.5 20 20 M M 7 1 25 20
22 84 53 69 -3 0 4 0.00 M M 6.8 16 20 M M 1 12 29 30
23 81 57 69 -4 0 4 0.00 M M 10.0 21 10 M M 1 25 20
24 80 58 69 -4 0 4 0.00 M M 9.5 20 10 M M 1 24 350
25 79 61 70 -3 0 5 0.00 0.0 0 11.8 23 10 M M 9 28 30
26 69 60 65 -9 0 0 0.00 0.0 0 14.1 22 30 M M 6 30 50
27 61 52 57 -17 8 0 0.53 0.0 0 15.6 22 30 M M 10 1 32 30
28 74 59 67 -7 0 2 0.27 0.0 0 10.8 20 30 M M 10 13 25 20
29 70 62 66 -8 0 1 0.02 M M 4.7 14 210 M M 10 1 16 220
30 79 65 72 -3 0 7 0.00 M M 7.3 17 20 M M 9 1 22 30
31 81 64 73 -2 0 8 0.00 0.0 M 7.6 14 20 M M 8 18 20
================================================================================
SM 2441 1787 30 137 1.08 0.0 270.2 M 121
================================================================================
AV 78.7 57.6 8.7 FASTST M M 4 MAX(MPH)
MISC ----> 33 270 43 270
================================================================================
NOTES:
# LAST OF SEVERAL OCCURRENCES
COLUMN 17 PEAK WIND IN M.P.H.
PRELIMINARY LOCAL CLIMATOLOGICAL DATA (WS FORM: F-6) , PAGE 2
STATION: FAYETTEVILLE NC
MONTH: MAY
YEAR: 2023
LATITUDE: 35 0 N
LONGITUDE: 78 53 W
[TEMPERATURE DATA] [PRECIPITATION DATA] SYMBOLS USED IN COLUMN 16
AVERAGE MONTHLY: 68.2 TOTAL FOR MONTH: 1.08 1 = FOG OR MIST
DPTR FM NORMAL: -2.7 DPTR FM NORMAL: -2.03 2 = FOG REDUCING VISIBILITY
HIGHEST: 91 ON 9 GRTST 24HR 0.53 ON 27-27 TO 1/4 MILE OR LESS
LOWEST: 45 ON 5 3 = THUNDER
SNOW, ICE PELLETS, HAIL 4 = ICE PELLETS
TOTAL MONTH: 0.0 INCH 5 = HAIL
GRTST 24HR 0.0 6 = FREEZING RAIN OR DRIZZLE
GRTST DEPTH: 0 7 = DUSTSTORM OR SANDSTORM:
VSBY 1/2 MILE OR LESS
8 = SMOKE OR HAZE
[NO. OF DAYS WITH] [WEATHER - DAYS WITH] 9 = BLOWING SNOW
X = TORNADO
MAX 32 OR BELOW: 0 0.01 INCH OR MORE: 7
MAX 90 OR ABOVE: 1 0.10 INCH OR MORE: 3
MIN 32 OR BELOW: 0 0.50 INCH OR MORE: 1
MIN 0 OR BELOW: 0 1.00 INCH OR MORE: 0
[HDD (BASE 65) ]
TOTAL THIS MO. 30 CLEAR (SCALE 0-3) 18
DPTR FM NORMAL 5 PTCLDY (SCALE 4-7) 7
TOTAL FM JUL 1 2142 CLOUDY (SCALE 8-10) 6
DPTR FM NORMAL -589
[CDD (BASE 65) ]
TOTAL THIS MO. 137
DPTR FM NORMAL -71 [PRESSURE DATA]
TOTAL FM JAN 1 280 HIGHEST SLP 30.25 ON 15
DPTR FM NORMAL -19 LOWEST SLP 29.51 ON 2
[REMARKS]
#FINAL-05-23#