000
CXUS53 KFGF 010815
CF6FGF
PRELIMINARY LOCAL CLIMATOLOGICAL DATA (WS FORM: F-6)
STATION: GRAND FORKS UNIV. (NWS) ND
MONTH: JUNE
YEAR: 2023
LATITUDE: 47 55 N
LONGITUDE: 97 6 W
TEMPERATURE IN F: :PCPN: SNOW: WIND :SUNSHINE: SKY :PK WND
================================================================================
1 2 3 4 5 6A 6B 7 8 9 10 11 12 13 14 15 16 17 18
12Z AVG MX 2MIN
DY MAX MIN AVG DEP HDD CDD WTR SNW DPTH SPD SPD DIR MIN PSBL S-S WX SPD DR
================================================================================
1 92 64 78 17 0 13 0.03 0.0 0 M M M M M M 3 M M
2 89 68 79 17 0 14 0.00 0.0 0 M M M M M M M M
3 91 69 80 18 0 15 0.00 0.0 0 M M M M M M M M
4 91 69 80 18 0 15 0.01 0.0 0 M M M M M M M M
5 88 68 78 15 0 13 0.74 0.0 0 M M M M M M M M
6 91 68 80 17 0 15 0.00 0.0 0 M M M M M M M M
7 81 65 73 10 0 8 0.00 0.0 0 M M M M M M M M
8 82 62 72 8 0 7 0.00 0.0 0 M M M M M M M M
9 86 66 76 12 0 11 0.00 0.0 0 M M M M M M M M
10 73 57 65 1 0 0 0.00 0.0 0 M M M M M M M M
11 77 47 62 -3 3 0 0.00 0.0 0 M M M M M M M M
12 85 52 69 4 0 4 0.00 0.0 0 M M M M M M M M
13 87 57 72 7 0 7 0.00 0.0 0 M M M M M M M M
14 79 57 68 3 0 3 0.00 0.0 0 M M M M M M M M
15 73 51 62 -4 3 0 0.00 0.0 0 M M M M M M M M
16 77 55 66 0 0 1 0.01 0.0 0 M M M M M M M M
17 77 61 69 3 0 4 T 0.0 0 M M M M M M M M
18 86 55 71 5 0 6 0.00 0.0 0 M M M M M M M M
19 89 63 76 10 0 11 0.00 0.0 0 M M M M M M M M
20 97 75 86 19 0 21 0.00 0.0 0 M M M M M M M M
21 80 69 75 8 0 10 0.06 0.0 0 M M M M M M M M
22 73 60 67 0 0 2 0.02 0.0 0 M M M M M M M M
23 73 56 65 -2 0 0 0.09 0.0 0 M M M M M M M M
24 66 61 64 -3 1 0 0.93 0.0 0 M M M M M M 38 M M
25 76 59 68 0 0 3 0.02 0.0 0 M M M M M M 8 M M
26 85 58 72 4 0 7 T 0.0 0 M M M M M M 8 M M
27 81 61 71 3 0 6 0.36 0.0 0 M M M M M M 38 M M
28 80 64 72 4 0 7 0.42 0.0 0 M M M M M M 8 M M
29 81 60 71 3 0 6 0.00 0.0 0 M M M M M M M M
30 84 60 72 4 0 7 0.00 0.0 0 M M M M M M M M
================================================================================
SM 2470 1837 7 216 2.69 0.0 M M M
================================================================================
AV 82.3 61.2 M FASTST M M M MAX(MPH)
MISC ----> M M M M
================================================================================
NOTES:
# LAST OF SEVERAL OCCURRENCES
COLUMN 17 PEAK WIND IN M.P.H.
PRELIMINARY LOCAL CLIMATOLOGICAL DATA (WS FORM: F-6) , PAGE 2
STATION: GRAND FORKS UNIV. (NWS) ND
MONTH: JUNE
YEAR: 2023
LATITUDE: 47 55 N
LONGITUDE: 97 6 W
[TEMPERATURE DATA] [PRECIPITATION DATA] SYMBOLS USED IN COLUMN 16
AVERAGE MONTHLY: 71.8 TOTAL FOR MONTH: 2.69 1 = FOG OR MIST
DPTR FM NORMAL: 6.4 DPTR FM NORMAL: -1.44 2 = FOG REDUCING VISIBILITY
HIGHEST: 97 ON 20 GRTST 24HR 0.93 ON 24-24 TO 1/4 MILE OR LESS
LOWEST: 47 ON 11 3 = THUNDER
SNOW, ICE PELLETS, HAIL 4 = ICE PELLETS
TOTAL MONTH: 0.0 INCH 5 = HAIL
GRTST 24HR 0.0 6 = FREEZING RAIN OR DRIZZLE
GRTST DEPTH: 0 7 = DUSTSTORM OR SANDSTORM:
VSBY 1/2 MILE OR LESS
8 = SMOKE OR HAZE
[NO. OF DAYS WITH] [WEATHER - DAYS WITH] 9 = BLOWING SNOW
X = TORNADO
MAX 32 OR BELOW: 0 0.01 INCH OR MORE: 11
MAX 90 OR ABOVE: 5 0.10 INCH OR MORE: 4
MIN 32 OR BELOW: 0 0.50 INCH OR MORE: 2
MIN 0 OR BELOW: 0 1.00 INCH OR MORE: 0
[HDD (BASE 65) ]
TOTAL THIS MO. 7 CLEAR (SCALE 0-3) 0
DPTR FM NORMAL -71 PTCLDY (SCALE 4-7) 0
TOTAL FM JUL 1 9472 CLOUDY (SCALE 8-10) 30
DPTR FM NORMAL 182
[CDD (BASE 65) ]
TOTAL THIS MO. 216
DPTR FM NORMAL 128 [PRESSURE DATA]
TOTAL FM JAN 1 302 HIGHEST SLP M ON M
DPTR FM NORMAL 193 LOWEST SLP M ON M
[REMARKS]
#FINAL-06-23#