000
CXUS52 KMFL 011030
CF6FLL
PRELIMINARY LOCAL CLIMATOLOGICAL DATA (WS FORM: F-6)
STATION: FORT LAUDERDALE
MONTH: JUNE
YEAR: 2021
LATITUDE: 26 4 N
LONGITUDE: 80 9 W
TEMPERATURE IN F: :PCPN: SNOW: WIND :SUNSHINE: SKY :PK WND
================================================================================
1 2 3 4 5 6A 6B 7 8 9 10 11 12 13 14 15 16 17 18
12Z AVG MX 2MIN
DY MAX MIN AVG DEP HDD CDD WTR SNW DPTH SPD SPD DIR MIN PSBL S-S WX SPD DR
================================================================================
1 84 73 79 -2 0 14 0.21 0.0 0 10.3 28 130 M M 7 138 33 130
2 87 76 82 1 0 17 T 0.0 0 12.7 20 100 M M 7 23 100
3 87 77 82 0 0 17 0.03 0.0 0 14.0 23 130 M M 7 3 29 140
4 87 75 81 -1 0 16 0.11 0.0 0 11.6 23 130 M M 7 1 26 130
5 87 76 82 0 0 17 0.26 0.0 0 13.5 20 120 M M 6 1 26 140
6 88 81 85 3 0 20 T 0.0 0 16.6 22 130 M M 7 32 120
7 88 80 84 2 0 19 0.00 0.0 0 15.2 21 110 M M 5 26 130
8 90 81 86 4 0 21 0.00 0.0 0 14.1 18 110 M M 5 24 120
9 89 79 84 2 0 19 0.00 0.0 0 13.0 18 110 M M 4 22 110
10 88 80 84 2 0 19 0.00 0.0 0 13.1 20 140 M M 3 24 140
11 89 79 84 2 0 19 T 0.0 0 10.0 18 140 M M 6 23 120
12 90 77 84 2 0 19 0.11 0.0 0 6.5 18 140 M M 7 3 23 210
13 93 77 85 3 0 20 0.27 0.0 0 7.8 20 260 M M 6 13 26 210
14 85 73 79 -3 0 14 0.90 M M 5.9 23 240 M M 8 13 29 260
15 90 73 82 -1 0 17 0.92 M M 4.9 28 200 M M 9 13 35 200
16 85 73 79 -4 0 14 0.55 0.0 0 3.9 18 120 M M 10 138 24 120
17 88 73 81 -2 0 16 T 0.0 0 6.1 14 100 M M 9 17 100
18 87 78 83 0 0 18 T 0.0 0 10.9 18 100 M M 9 3 22 100
19 89 81 85 2 0 20 0.00 0.0 0 11.1 16 130 M M 7 21 140
20 91 77 84 1 0 19 0.07 0.0 0 5.9 23 300 M M 8 38 35 300
21 90 79 85 2 0 20 0.00 0.0 0 8.7 17 140 M M 8 23 130
22 92 73 83 0 0 18 T 0.0 0 11.5 25 160 M M 6 3 31 160
23 89 75 82 -1 0 17 0.00 0.0 0 7.9 17 140 M M 8 3 20 320
24 83 75 79 -4 0 14 0.46 M M 6.9 20 130 M M 8 13 24 130
25 85 75 80 -3 0 15 0.21 0.0 0 11.0 29 90 M M 7 138 39 90
26 86 80 83 0 0 18 0.04 0.0 0 12.2 20 120 M M 6 3 24 120
27 88 81 85 2 0 20 T M M 13.5 21 100 M M 7 25 100
28 86 76 81 -2 0 16 0.14 M M 9.9 22 90 M M 7 38 25 100
29 87 74 81 -2 0 16 0.28 0.0 0 9.6 24 100 M M 7 13 31 100
30 86 72 79 -4 0 14 0.46 0.0 0 4.8 18 130 M M 9 13 22 120
================================================================================
SM 2634 2299 0 523 5.02 0.0 303.1 M 210
================================================================================
AV 87.8 76.6 10.1 FASTST M M 7 MAX(MPH)
MISC ----> 29 90 39 90
================================================================================
NOTES:
# LAST OF SEVERAL OCCURRENCES
COLUMN 17 PEAK WIND IN M.P.H.
PRELIMINARY LOCAL CLIMATOLOGICAL DATA (WS FORM: F-6) , PAGE 2
STATION: FORT LAUDERDALE
MONTH: JUNE
YEAR: 2021
LATITUDE: 26 4 N
LONGITUDE: 80 9 W
[TEMPERATURE DATA] [PRECIPITATION DATA] SYMBOLS USED IN COLUMN 16
AVERAGE MONTHLY: 82.2 TOTAL FOR MONTH: 5.02 1 = FOG OR MIST
DPTR FM NORMAL: -0.3 DPTR FM NORMAL: -4.53 2 = FOG REDUCING VISIBILITY
HIGHEST: 93 ON 13 GRTST 24HR 1.19 ON 15-16 TO 1/4 MILE OR LESS
LOWEST: 72 ON 30 3 = THUNDER
SNOW, ICE PELLETS, HAIL 4 = ICE PELLETS
TOTAL MONTH: 0.0 INCH 5 = HAIL
GRTST 24HR 0.0 6 = FREEZING RAIN OR DRIZZLE
GRTST DEPTH: 0 7 = DUSTSTORM OR SANDSTORM:
VSBY 1/2 MILE OR LESS
8 = SMOKE OR HAZE
[NO. OF DAYS WITH] [WEATHER - DAYS WITH] 9 = BLOWING SNOW
X = TORNADO
MAX 32 OR BELOW: 0 0.01 INCH OR MORE: 16
MAX 90 OR ABOVE: 7 0.10 INCH OR MORE: 13
MIN 32 OR BELOW: 0 0.50 INCH OR MORE: 3
MIN 0 OR BELOW: 0 1.00 INCH OR MORE: 0
[HDD (BASE 65) ]
TOTAL THIS MO. 0 CLEAR (SCALE 0-3) 1
DPTR FM NORMAL 0 PTCLDY (SCALE 4-7) 23
TOTAL FM JUL 1 81 CLOUDY (SCALE 8-10) 6
DPTR FM NORMAL -41
[CDD (BASE 65) ]
TOTAL THIS MO. 523
DPTR FM NORMAL -2 [PRESSURE DATA]
TOTAL FM JAN 1 2119 HIGHEST SLP 30.17 ON 8
DPTR FM NORMAL 221 LOWEST SLP 29.84 ON 13
[REMARKS]
#FINAL-06-21#