000
CXUS52 KILM 031152
CF6FLO
PRELIMINARY LOCAL CLIMATOLOGICAL DATA (WS FORM: F-6)
STATION: FLORENCE SOUTH CAROLINA
MONTH: SEPTEMBER
YEAR: 2020
LATITUDE: 34 10 N
LONGITUDE: 79 43 W
TEMPERATURE IN F: :PCPN: SNOW: WIND :SUNSHINE: SKY :PK WND
================================================================================
1 2 3 4 5 6A 6B 7 8 9 10 11 12 13 14 15 16 17 18
12Z AVG MX 2MIN
DY MAX MIN AVG DEP HDD CDD WTR SNW DPTH SPD SPD DIR MIN PSBL S-S WX SPD DR
================================================================================
1 93 75 84 6 0 19 0.00 M M 2.4 9 180 M M 5 12 11 150
2 95 77 86 8 0 21 0.00 M M 5.2 13 220 M M 1 1 19 220
3 94 78 86 8 0 21 0.00 M M 7.4 15 220 M M 0 19 230
4 95 76 86 8 0 21 0.00 M M 3.5 10 280 M M 1 16 90
5 84 75 80 3 0 15 0.00 M M 9.3 21 30 M M 4 26 30
6 86 67 77 0 0 12 0.00 M M 8.4 15 60 M M 3 22 350
7 86 63 75 -2 0 10 0.00 M M 4.6 15 50 M M 0 17 60
8 87 63 75 -2 0 10 0.06 M M 8.1 20 130 M M 2 1 26 140
9 85 73 79 3 0 14 0.25 M M 7.5 14 50 M M 7 1 17 40
10 89 75 82 6 0 17 0.00 M M 4.3 10 40 M M 6 1 13 50
11 90 73 82 6 0 17 0.44 M M 4.7 21 170 M M 4 13 24 170
12 85 74 80 4 0 15 0.00 M M 9.7 20 110 M M 9 1 22 110
13 89 68 79 4 0 14 0.00 M M 5.0 15 70 M M 3 20 70
14 90 70 80 5 0 15 0.04 M M 6.6 25 30 M M 3 33 40
15 81 65 73 -2 0 8 0.00 M M 11.9 20 50 M M 1 25 60
16 80 62 71 -3 0 6 0.13 M M 10.0 16 50 M M 7 18 21 60
17 77 73 75 1 0 10 2.55 M M 7.6 17 110 M M 10 13 31 150
18 79 67 73 -1 0 8 0.10 M M 10.9 22 30 M M 9 1 30 30
19 68 59 64 -9 1 0 0.00 M M 11.3 20 20 M M 0 25 20
20 75 54 65 -8 0 0 0.00 M M 12.4 22 50 M M 1 30 40
21 72 53 63 -10 2 0 0.00 M M 11.5 22 50 M M 2 30 50
22 72 49 61 -11 4 0 0.00 M M 4.8 12 10 M M 0 14 360
23 73 48 61 -11 4 0 0.00 M M 2.2 9 220 M M 2 11 230
24 79 60 70 -2 0 5 0.01 M M 2.5 9 170 M M 3 14 180
25 80 68 74 3 0 9 2.00 M M 6.4 22 30 M M 10 13 27 10
26 75 63 69 -2 0 4 0.00 M M 5.3 12 350 M M 9 1 14 340
27 78 63 71 0 0 6 0.04 M M 1.8 8 260 M M 6 1 11 350
28 76 65 71 1 0 6 0.32 M M 4.4 14 110 M M 9 12 29 120
29 84 62 73 3 0 8 1.01 M M 6.9 25 320 M M 9 13 37 330
30 75 55 65 -5 0 0 0.00 M M 4.6 14 290 M M 2 8 20 270
================================================================================
SM 2472 1973 11 291 6.95 M 201.2 M 128
================================================================================
AV 82.4 65.8 6.7 FASTST M M 4 MAX(MPH)
MISC ----> # 25 30 37 330
================================================================================
NOTES:
# LAST OF SEVERAL OCCURRENCES
COLUMN 17 PEAK WIND IN M.P.H.
PRELIMINARY LOCAL CLIMATOLOGICAL DATA (WS FORM: F-6) , PAGE 2
STATION: FLORENCE SOUTH CAROLINA
MONTH: SEPTEMBER
YEAR: 2020
LATITUDE: 34 10 N
LONGITUDE: 79 43 W
[TEMPERATURE DATA] [PRECIPITATION DATA] SYMBOLS USED IN COLUMN 16
AVERAGE MONTHLY: 74.1 TOTAL FOR MONTH: 6.95 1 = FOG OR MIST
DPTR FM NORMAL: -0.1 DPTR FM NORMAL: 3.28 2 = FOG REDUCING VISIBILITY
HIGHEST: 95 ON 4, 2 GRTST 24HR 2.68 ON 16-17 TO 1/4 MILE OR LESS
LOWEST: 48 ON 23 3 = THUNDER
SNOW, ICE PELLETS, HAIL 4 = ICE PELLETS
TOTAL MONTH: M 5 = HAIL
GRTST 24HR M ON M 6 = FREEZING RAIN OR DRIZZLE
GRTST DEPTH: M ON M 7 = DUSTSTORM OR SANDSTORM:
VSBY 1/2 MILE OR LESS
8 = SMOKE OR HAZE
[NO. OF DAYS WITH] [WEATHER - DAYS WITH] 9 = BLOWING SNOW
X = TORNADO
MAX 32 OR BELOW: 0 0.01 INCH OR MORE: 12
MAX 90 OR ABOVE: 6 0.10 INCH OR MORE: 8
MIN 32 OR BELOW: 0 0.50 INCH OR MORE: 3
MIN 0 OR BELOW: 0 1.00 INCH OR MORE: 3
[HDD (BASE 65) ]
TOTAL THIS MO. 11 CLEAR (SCALE 0-3) 14
DPTR FM NORMAL 2 PTCLDY (SCALE 4-7) 9
TOTAL FM JUL 1 11 CLOUDY (SCALE 8-10) 7
DPTR FM NORMAL 4
[CDD (BASE 65) ]
TOTAL THIS MO. 291
DPTR FM NORMAL 5 [PRESSURE DATA]
TOTAL FM JAN 1 2235 HIGHEST SLP 30.41 ON 21
DPTR FM NORMAL 279 LOWEST SLP 29.66 ON 29
[REMARKS]
#FINAL-09-20#