659
CXUS53 KDTX 041158
CF6FNT
PRELIMINARY LOCAL CLIMATOLOGICAL DATA (WS FORM: F-6)
STATION: FLINT MI
MONTH: JULY
YEAR: 2020
LATITUDE: 42 58 N
LONGITUDE: 83 44 W
TEMPERATURE IN F: :PCPN: SNOW: WIND :SUNSHINE: SKY :PK WND
================================================================================
1 2 3 4 5 6A 6B 7 8 9 10 11 12 13 14 15 16 17 18
12Z AVG MX 2MIN
DY MAX MIN AVG DEP HDD CDD WTR SNW DPTH SPD SPD DIR MIN PSBL S-S WX SPD DR
================================================================================
1 90 62 76 6 0 11 0.00 0.0 0 3.7 14 80 M M 2 19 70
2 95 63 79 9 0 14 0.00 0.0 0 3.2 12 10 M M 0 16 10
3 97 68 83 13 0 18 0.00 0.0 0 6.6 17 70 M M 1 21 70
4 91 69 80 10 0 15 0.00 0.0 0 4.0 13 80 M M 1 8 18 60
5 96 63 80 10 0 15 0.00 0.0 0 2.1 13 300 M M 1 17 300
6 95 71 83 13 0 18 0.00 0.0 0 4.1 13 240 M M 2 19 230
7 94 68 81 10 0 16 0.01 0.0 0 5.6 26 320 M M 1 38 320
8 93 64 79 8 0 14 T 0.0 0 3.4 22 100 M M 1 1 30 100
9 93 68 81 10 0 16 0.66 0.0 0 5.8 22 200 M M 2 13 30 210
10 83 68 76 5 0 11 1.18 0.0 0 7.1 24 330 M M 5 13 30 330
11 85 61 73 2 0 8 T 0.0 0 11.4 23 290 M M 4 31 270
12 79 59 69 -2 0 4 0.00 0.0 0 7.3 16 300 M M 4 23 330
13 80 58 69 -2 0 4 0.00 0.0 0 4.8 13 350 M M 4 19 340
14 83 56 70 -1 0 5 0.00 0.0 0 3.7 10 170 M M 1 15 180
15 86 64 75 4 0 10 0.00 0.0 0 6.5 15 170 M M 1 21 190
16 77 64 71 0 0 6 0.37 0.0 0 6.9 13 60 M M 7 1 17 70
17 85 61 73 2 0 8 0.00 0.0 0 6.5 15 250 M M 0 22 250
18 89 61 75 4 0 10 0.00 0.0 0 7.1 20 190 M M 1 1 27 200
19 83 68 76 5 0 11 0.59 0.0 0 9.7 29 20 M M 3 138 47 30
20 82 65 74 3 0 9 0.00 0.0 0 8.1 16 280 M M 2 22 270
21 81 62 72 1 0 7 0.00 0.0 0 5.4 15 70 M M 4 20 80
22 84 68 76 5 0 11 0.00 0.0 0 8.2 17 250 M M 7 25 260
23 81 64 73 2 0 8 0.00 0.0 0 7.3 16 30 M M 6 1 20 30
24 82 53 68 -2 0 3 0.00 0.0 0 4.1 13 360 M M 3 15 360
25 86 55 71 1 0 6 0.00 0.0 0 4.0 10 290 M M 0 1 17 230
26 91 67 79 9 0 14 0.00 0.0 0 8.8 15 250 M M 2 22 230
27 88 64 76 6 0 11 0.10 0.0 0 10.6 22 310 M M 4 33 300
28 85 61 73 3 0 8 T 0.0 0 8.6 21 260 M M 2 3 32 280
29 83 64 74 4 0 9 0.83 0.0 0 8.0 16 280 M M 4 138 24 190
30 80 58 69 -1 0 4 0.00 0.0 0 5.6 15 10 M M 1 1 20 10
31 81 54 68 -2 0 3 0.00 0.0 0 6.0 17 20 M M 2 23 30
================================================================================
SM 2678 1951 0 307 3.74 0.0 194.2 M 78
================================================================================
AV 86.4 62.9 6.3 FASTST M M 3 MAX(MPH)
MISC ----> 29 20 47 30
================================================================================
NOTES:
# LAST OF SEVERAL OCCURRENCES
COLUMN 17 PEAK WIND IN M.P.H.
PRELIMINARY LOCAL CLIMATOLOGICAL DATA (WS FORM: F-6) , PAGE 2
STATION: FLINT MI
MONTH: JULY
YEAR: 2020
LATITUDE: 42 58 N
LONGITUDE: 83 44 W
[TEMPERATURE DATA] [PRECIPITATION DATA] SYMBOLS USED IN COLUMN 16
AVERAGE MONTHLY: 74.7 TOTAL FOR MONTH: 3.74 1 = FOG OR MIST
DPTR FM NORMAL: 4.2 DPTR FM NORMAL: 0.42 2 = FOG REDUCING VISIBILITY
HIGHEST: 97 ON 3 GRTST 24HR 1.69 ON 9-10 TO 1/4 MILE OR LESS
LOWEST: 53 ON 24 3 = THUNDER
SNOW, ICE PELLETS, HAIL 4 = ICE PELLETS
TOTAL MONTH: 0.0 INCH 5 = HAIL
GRTST 24HR 0.0 6 = FREEZING RAIN OR DRIZZLE
GRTST DEPTH: 0 7 = DUSTSTORM OR SANDSTORM:
VSBY 1/2 MILE OR LESS
8 = SMOKE OR HAZE
[NO. OF DAYS WITH] [WEATHER - DAYS WITH] 9 = BLOWING SNOW
X = TORNADO
MAX 32 OR BELOW: 0 0.01 INCH OR MORE: 7
MAX 90 OR ABOVE: 10 0.10 INCH OR MORE: 6
MIN 32 OR BELOW: 0 0.50 INCH OR MORE: 4
MIN 0 OR BELOW: 0 1.00 INCH OR MORE: 1
[HDD (BASE 65) ]
TOTAL THIS MO. 0 CLEAR (SCALE 0-3) 20
DPTR FM NORMAL -15 PTCLDY (SCALE 4-7) 11
TOTAL FM JUL 1 0 CLOUDY (SCALE 8-10) 0
DPTR FM NORMAL -10
[CDD (BASE 65) ]
TOTAL THIS MO. 307
DPTR FM NORMAL 120 [PRESSURE DATA]
TOTAL FM JAN 1 592 HIGHEST SLP 30.19 ON 24
DPTR FM NORMAL 261 LOWEST SLP 29.70 ON 10
[REMARKS]
#FINAL-07-20#