000
CXUS53 KDTX 010635
CF6FNT
PRELIMINARY LOCAL CLIMATOLOGICAL DATA (WS FORM: F-6)
STATION: FLINT MI
MONTH: OCTOBER
YEAR: 2023
LATITUDE: 42 58 N
LONGITUDE: 83 44 W
TEMPERATURE IN F: :PCPN: SNOW: WIND :SUNSHINE: SKY :PK WND
================================================================================
1 2 3 4 5 6A 6B 7 8 9 10 11 12 13 14 15 16 17 18
12Z AVG MX 2MIN
DY MAX MIN AVG DEP HDD CDD WTR SNW DPTH SPD SPD DIR MIN PSBL S-S WX SPD DR
================================================================================
1 80 53 67 11 0 2 0.00 0.0 0 1.7 8 160 M M 1 12 12 160
2 82 54 68 12 0 3 0.00 0.0 0 1.8 8 180 M M 0 12 12 170
3 85 52 69 14 0 4 0.00 0.0 0 4.8 14 200 M M 0 1 20 180
4 81 61 71 16 0 6 0.00 0.0 0 7.7 14 190 M M 0 21 180
5 70 61 66 12 0 1 0.90 0.0 0 7.7 15 290 M M 7 1 19 290
6 65 48 57 3 8 0 0.07 0.0 0 9.0 22 280 M M 5 1 28 280
7 55 42 49 -5 16 0 0.02 0.0 0 13.9 26 280 M M 8 34 280
8 56 37 47 -6 18 0 0.00 0.0 0 12.8 24 290 M M 1 35 290
9 55 37 46 -7 19 0 0.00 0.0 0 11.5 24 280 M M 4 33 300
10 50 43 47 -5 18 0 0.04 0.0 0 7.7 15 250 M M 10 18 21 260
11 54 43 49 -3 16 0 0.01 0.0 0 3.5 8 220 M M 10 1 11 220
12 63 38 51 -1 14 0 0.00 0.0 0 5.6 18 60 M M 5 12 24 70
13 51 47 49 -2 16 0 0.28 0.0 0 8.6 16 80 M M 10 1 22 100
14 56 47 52 1 13 0 0.65 0.0 0 13.2 20 20 M M 10 1 29 60
15 54 42 48 -2 17 0 0.08 0.0 0 10.1 18 350 M M 9 1 25 350
16 51 43 47 -3 18 0 T 0.0 0 6.8 15 350 M M 10 1 21 360
17 51 40 46 -4 19 0 0.00 0.0 0 5.0 9 280 M M 9 13 290
18 63 38 51 2 14 0 0.00 0.0 0 7.9 15 180 M M 1 21 180
19 55 51 53 4 12 0 0.51 0.0 0 8.7 14 180 M M 9 1 20 180
20 55 48 52 3 13 0 0.20 0.0 0 8.5 20 320 M M 10 1 29 300
21 55 43 49 1 16 0 0.00 0.0 0 8.1 15 310 M M 9 20 310
22 53 33 43 -5 22 0 0.00 0.0 0 6.7 15 270 M M 3 21 310
23 57 28 43 -5 22 0 T 0.0 0 6.2 17 180 M M 1 1 27 180
24 76 45 61 14 4 0 0.00 0.0 0 9.0 17 200 M M 2 24 200
25 70 58 64 17 1 0 0.71 0.0 0 7.1 14 210 M M 8 1 22 220
26 70 61 66 20 0 1 0.28 0.0 0 8.6 18 220 M M 8 1 28 230
27 76 60 68 22 0 3 0.10 0.0 0 10.4 24 260 M M 9 1 35 240
28 60 44 52 6 13 0 T 0.0 0 10.0 22 290 M M 6 30 300
29 50 42 46 1 19 0 0.07 0.0 0 8.1 13 360 M M 10 1 17 80
30 44 28 36 -9 29 0 0.06 T 0 10.0 21 280 M M 7 27 280
31 42 24 33 -12 32 0 0.07 1.1 0 7.3 15 310 M M 9 1 23 260
================================================================================
SM 1885 1391 389 20 4.05 1.1 248.0 M 191
================================================================================
AV 60.8 44.9 8.0 FASTST M M 6 MAX(MPH)
MISC ----> 26 280 # 35 290
================================================================================
NOTES:
# LAST OF SEVERAL OCCURRENCES
COLUMN 17 PEAK WIND IN M.P.H.
PRELIMINARY LOCAL CLIMATOLOGICAL DATA (WS FORM: F-6) , PAGE 2
STATION: FLINT MI
MONTH: OCTOBER
YEAR: 2023
LATITUDE: 42 58 N
LONGITUDE: 83 44 W
[TEMPERATURE DATA] [PRECIPITATION DATA] SYMBOLS USED IN COLUMN 16
AVERAGE MONTHLY: 52.8 TOTAL FOR MONTH: 4.05 1 = FOG OR MIST
DPTR FM NORMAL: 2.6 DPTR FM NORMAL: 1.28 2 = FOG REDUCING VISIBILITY
HIGHEST: 85 ON 3 GRTST 24HR 0.99 ON 25-26 TO 1/4 MILE OR LESS
LOWEST: 24 ON 31 3 = THUNDER
SNOW, ICE PELLETS, HAIL 4 = ICE PELLETS
TOTAL MONTH: 1.1 INCHES 5 = HAIL
GRTST 24HR 1.1 ON 31-31 6 = FREEZING RAIN OR DRIZZLE
GRTST DEPTH: 0 7 = DUSTSTORM OR SANDSTORM:
VSBY 1/2 MILE OR LESS
8 = SMOKE OR HAZE
[NO. OF DAYS WITH] [WEATHER - DAYS WITH] 9 = BLOWING SNOW
X = TORNADO
MAX 32 OR BELOW: 0 0.01 INCH OR MORE: 16
MAX 90 OR ABOVE: 0 0.10 INCH OR MORE: 8
MIN 32 OR BELOW: 3 0.50 INCH OR MORE: 4
MIN 0 OR BELOW: 0 1.00 INCH OR MORE: 0
[HDD (BASE 65) ]
TOTAL THIS MO. 389 CLEAR (SCALE 0-3) 9
DPTR FM NORMAL -76 PTCLDY (SCALE 4-7) 8
TOTAL FM JUL 1 507 CLOUDY (SCALE 8-10) 14
DPTR FM NORMAL -148
[CDD (BASE 65) ]
TOTAL THIS MO. 20
DPTR FM NORMAL 14 [PRESSURE DATA]
TOTAL FM JAN 1 537 HIGHEST SLP M ON M
DPTR FM NORMAL -28 LOWEST SLP 29.49 ON 20
[REMARKS]
#FINAL-10-23#