000
CXUS52 KFFC 011010
CF6FTY
PRELIMINARY LOCAL CLIMATOLOGICAL DATA (WS FORM: F-6)
STATION: FULTON COUNTY AIRPORT
MONTH: JUNE
YEAR: 2021
LATITUDE: 33 46 N
LONGITUDE: 84 31 W
TEMPERATURE IN F: :PCPN: SNOW: WIND :SUNSHINE: SKY :PK WND
================================================================================
1 2 3 4 5 6A 6B 7 8 9 10 11 12 13 14 15 16 17 18
12Z AVG MX 2MIN
DY MAX MIN AVG DEP HDD CDD WTR SNW DPTH SPD SPD DIR MIN PSBL S-S WX SPD DR
================================================================================
1 82 56 69 -5 0 4 0.00 M M 3.6 12 140 M M 2 15 150
2 82 60 71 -3 0 6 0.00 M M 4.4 13 180 M M 2 8 19 140
3 86 66 76 1 0 11 0.01 M M 3.5 18 280 M M 5 3 28 290
4 86 65 76 1 0 11 0.00 M M 2.0 10 280 M M 2 14 310
5 88 69 79 4 0 14 0.02 M M 2.5 17 180 M M 3 3 27 200
6 88 71 80 5 0 15 0.02 M M 2.8 14 170 M M 4 1 20 170
7 82 72 77 2 0 12 0.24 M M 4.2 14 180 M M 5 13 20 190
8 88 69 79 3 0 14 T 0.0 M 4.7 21 220 M M 7 3 32 200
9 86 67 77 1 0 12 0.04 0.0 M 3.2 15 310 M M 6 24 330
10 85 69 77 1 0 12 0.73 0.0 M 5.0 14 230 M M 6 128 23 240
11 84 71 78 2 0 13 0.17 0.0 M 5.2 15 270 M M 7 138 22 260
12 88 72 80 4 0 15 T M M 6.6 20 280 M M 3 3 28 290
13 90 68 79 2 0 14 0.00 M M 2.2 9 50 M M 3 13 70
14 94 70 82 5 0 17 T M M 3.2 16 230 M M 1 3 22 220
15 89 68 79 2 0 14 0.00 M M 5.9 17 300 M M 0 26 10
16 86 62 74 -3 0 9 0.00 M M 3.4 12 330 M M 1 16 330
17 89 58 74 -3 0 9 0.00 M M 2.7 12 90 M M 0 18 130
18 91 62 77 0 0 12 0.00 M M 3.7 15 160 M M 2 21 170
19 78 69 74 -4 0 9 0.91 M M 6.2 20 80 M M 7 13 29 90
20 85 71 78 0 0 13 0.44 M M 6.8 17 280 M M 7 1 24 280
21 87 72 80 2 0 15 T M M 7.2 23 240 M M 6 13 36 250
22 81 62 72 -6 0 7 0.01 M M 5.9 14 310 M M 7 1 20 310
23 86 58 72 -6 0 7 0.00 M M 3.3 12 90 M M 1 1 16 130
24 84 71 78 0 0 13 0.00 M M 6.8 14 100 M M 6 26 100
25 83 64 74 -4 0 9 0.00 M M 4.1 12 80 M M 3 17 70
26 87 63 75 -3 0 10 0.04 M M 3.9 17 180 M M 4 26 180
27 88 70 79 0 0 14 0.26 M M 4.5 14 140 M M 5 18 19 150
28 90 71 81 2 0 16 0.00 M M 3.1 10 150 M M 5 15 140
29 87 71 79 0 0 14 0.11 M M 6.5 17 60 M M 5 1 24 70
30 90 68 79 0 0 14 T M M 3.0 12 180 M M 3 38 16 190
================================================================================
SM 2590 2005 0 355 3.00 0.0 130.1 M 118
================================================================================
AV 86.3 66.8 4.3 FASTST M M 4 MAX(MPH)
MISC ----> 23 240 36 250
================================================================================
NOTES:
# LAST OF SEVERAL OCCURRENCES
COLUMN 17 PEAK WIND IN M.P.H.
PRELIMINARY LOCAL CLIMATOLOGICAL DATA (WS FORM: F-6) , PAGE 2
STATION: FULTON COUNTY AIRPORT
MONTH: JUNE
YEAR: 2021
LATITUDE: 33 46 N
LONGITUDE: 84 31 W
[TEMPERATURE DATA] [PRECIPITATION DATA] SYMBOLS USED IN COLUMN 16
AVERAGE MONTHLY: 76.6 TOTAL FOR MONTH: 3.00 1 = FOG OR MIST
DPTR FM NORMAL: -0.3 DPTR FM NORMAL: -0.84 2 = FOG REDUCING VISIBILITY
HIGHEST: 94 ON 14 GRTST 24HR 1.30 ON 19-20 TO 1/4 MILE OR LESS
LOWEST: 56 ON 1 3 = THUNDER
SNOW, ICE PELLETS, HAIL 4 = ICE PELLETS
TOTAL MONTH: 0.0 INCH 5 = HAIL
GRTST 24HR 0.0 6 = FREEZING RAIN OR DRIZZLE
GRTST DEPTH: M ON M 7 = DUSTSTORM OR SANDSTORM:
VSBY 1/2 MILE OR LESS
8 = SMOKE OR HAZE
[NO. OF DAYS WITH] [WEATHER - DAYS WITH] 9 = BLOWING SNOW
X = TORNADO
MAX 32 OR BELOW: 0 0.01 INCH OR MORE: 13
MAX 90 OR ABOVE: 5 0.10 INCH OR MORE: 7
MIN 32 OR BELOW: 0 0.50 INCH OR MORE: 2
MIN 0 OR BELOW: 0 1.00 INCH OR MORE: 0
[HDD (BASE 65) ]
TOTAL THIS MO. 0 CLEAR (SCALE 0-3) 11
DPTR FM NORMAL 0 PTCLDY (SCALE 4-7) 19
TOTAL FM JUL 1 2520 CLOUDY (SCALE 8-10) 0
DPTR FM NORMAL -256
[CDD (BASE 65) ]
TOTAL THIS MO. 355
DPTR FM NORMAL -1 [PRESSURE DATA]
TOTAL FM JAN 1 534 HIGHEST SLP 30.26 ON 1
DPTR FM NORMAL -52 LOWEST SLP 29.74 ON 12
[REMARKS]
#FINAL-06-21#