000
CXUS51 KCAR 010700
CF6FVE
PRELIMINARY LOCAL CLIMATOLOGICAL DATA (WS FORM: F-6)
STATION: FRENCHVILLE ME
MONTH: APRIL
YEAR: 2022
LATITUDE: 47 16 N
LONGITUDE: 68 19 W
TEMPERATURE IN F: :PCPN: SNOW: WIND :SUNSHINE: SKY :PK WND
================================================================================
1 2 3 4 5 6A 6B 7 8 9 10 11 12 13 14 15 16 17 18
12Z AVG MX 2MIN
DY MAX MIN AVG DEP HDD CDD WTR SNW DPTH SPD SPD DIR MIN PSBL S-S WX SPD DR
================================================================================
1 46 32 39 8 26 0 0.07 M M 10.1 22 330 M M 10 12 27 340
2 35 25 30 -1 35 0 T M M 19.7 31 330 M M 6 45 340
3 42 24 33 1 32 0 0.00 M M 9.6 20 340 M M 3 23 310
4 41 29 35 3 30 0 0.00 M M 13.2 25 340 M M 2 31 340
5 40 24 32 0 33 0 0.00 M M 11.0 22 290 M M 0 27 290
6 44 20 32 -1 33 0 0.00 M M 6.8 14 320 M M 0 17 320
7 46 23 35 2 30 0 0.00 M M 9.0 17 130 M M 4 27 140
8 38 32 35 1 30 0 0.25 M M 11.7 23 120 M M 10 12 33 120
9 50 35 43 9 22 0 T M M 5.5 13 140 M M 7 12 16 140
10 40 34 37 2 28 0 0.24 M M 8.4 21 340 M M 10 12 25 340
11 46 34 40 5 25 0 0.00 M M 12.7 24 330 M M 4 33 340
12 49 34 42 6 23 0 0.06 M M 5.8 16 320 M M 6 1 25 30
13 51 34 43 7 22 0 0.00 M M 7.0 18 340 M M 0 21 270
14 46 34 40 3 25 0 0.04 M M 9.4 20 170 M M 6 12 25 180
15 51 37 44 7 21 0 0.10 M M 6.8 21 210 M M 7 12 35 200
16 46 35 41 3 24 0 0.03 M M 11.2 23 240 M M 9 30 240
17 41 30 36 -2 29 0 T M M 12.3 24 320 M M 9 1 35 320
18 48 29 39 0 26 0 0.00 M M 9.5 24 340 M M 1 31 330
19 40 32 36 -3 29 0 0.07 M M 16.4 29 130 M M 7 1 41 100
20 42 30 36 -4 29 0 0.01 M M 16.5 32 280 M M 8 1 44 270
21 48 27 38 -2 27 0 0.02 M M 10.9 25 210 M M 4 35 170
22 49 32 41 0 24 0 0.03 M M 15.3 28 290 M M 9 12 38 290
23 40 25 33 -9 32 0 0.00 M M 15.5 26 330 M M 1 33 340
24 50 27 39 -3 26 0 0.00 M M 9.2 18 340 M M 0 25 330
25 53 33 43 0 22 0 0.00 M M 9.3 18 150 M M 1 24 150
26 55 41 48 5 17 0 0.04 M M 8.5 20 250 M M 7 1 25 250
27 46 37 42 -2 23 0 0.65 M M 8.6 21 360 M M 10 12 28 360
28 37 28 33 -11 32 0 0.05 M M 21.1 31 330 M M 10 41 330
29 38 31 35 -10 30 0 T M M 17.1 26 340 M M 10 1 38 360
30 46 32 39 -6 26 0 T M M 13.5 25 340 M M 9 32 350
================================================================================
SM 1344 920 811 0 1.66 M 341.6 M 170
================================================================================
AV 44.8 30.7 11.4 FASTST M M 6 MAX(MPH)
MISC ----> 32 280 45 340
================================================================================
NOTES:
# LAST OF SEVERAL OCCURRENCES
COLUMN 17 PEAK WIND IN M.P.H.
PRELIMINARY LOCAL CLIMATOLOGICAL DATA (WS FORM: F-6) , PAGE 2
STATION: FRENCHVILLE ME
MONTH: APRIL
YEAR: 2022
LATITUDE: 47 16 N
LONGITUDE: 68 19 W
[TEMPERATURE DATA] [PRECIPITATION DATA] SYMBOLS USED IN COLUMN 16
AVERAGE MONTHLY: 37.7 TOTAL FOR MONTH: 1.66 1 = FOG OR MIST
DPTR FM NORMAL: 0.0 DPTR FM NORMAL: -0.69 2 = FOG REDUCING VISIBILITY
HIGHEST: 55 ON 26 GRTST 24HR 0.69 ON 27-28 TO 1/4 MILE OR LESS
LOWEST: 20 ON 6 3 = THUNDER
SNOW, ICE PELLETS, HAIL 4 = ICE PELLETS
TOTAL MONTH: M 5 = HAIL
GRTST 24HR M ON M 6 = FREEZING RAIN OR DRIZZLE
GRTST DEPTH: M ON M 7 = DUSTSTORM OR SANDSTORM:
VSBY 1/2 MILE OR LESS
8 = SMOKE OR HAZE
[NO. OF DAYS WITH] [WEATHER - DAYS WITH] 9 = BLOWING SNOW
X = TORNADO
MAX 32 OR BELOW: 0 0.01 INCH OR MORE: 14
MAX 90 OR ABOVE: 0 0.10 INCH OR MORE: 4
MIN 32 OR BELOW: 19 0.50 INCH OR MORE: 1
MIN 0 OR BELOW: 0 1.00 INCH OR MORE: 0
[HDD (BASE 65) ]
TOTAL THIS MO. 811 CLEAR (SCALE 0-3) 8
DPTR FM NORMAL -8 PTCLDY (SCALE 4-7) 12
TOTAL FM JUL 1 8643 CLOUDY (SCALE 8-10) 10
DPTR FM NORMAL -8
[CDD (BASE 65) ]
TOTAL THIS MO. 0
DPTR FM NORMAL 0 [PRESSURE DATA]
TOTAL FM JAN 1 0 HIGHEST SLP 30.52 ON 21
DPTR FM NORMAL 0 LOWEST SLP 29.27 ON 1
[REMARKS]
#FINAL-04-22#