000
CXUS51 KCAR 011956
CLMFVE
CLIMATE REPORT
NATIONAL WEATHER SERVICE CARIBOU ME
256 PM EST MON JAN 01 2024
...................................
...THE FRENCHVILLE ME CLIMATE SUMMARY FOR THE MONTH OF DECEMBER 2023...
CLIMATE NORMAL PERIOD: 1991 TO 2020
CLIMATE RECORD PERIOD: 9999 TO 9999
WEATHER OBSERVED NORMAL DEPART LAST YEAR`S
VALUE DATE(S) VALUE FROM VALUE DATE(S)
NORMAL
................................................................
TEMPERATURE (F)
RECORD
HIGH MM MM
LOW -8 12/17/2020
12/17/2020
HIGHEST 56 12/18 MM MM 45 12/31
LOWEST 5 12/06 MM MM 2 12/28
AVG. MAXIMUM 31.7 25.8 5.9 31.1
AVG. MINIMUM 19.8 12.8 7.0 18.9
MEAN 25.7 19.3 6.4 25.0
DAYS MAX >= 90 0 0.0 0.0 0
DAYS MAX <= 32 17 23.7 -6.7 17
DAYS MIN <= 32 30 30.4 -0.4 28
DAYS MIN <= 0 0 5.8 -5.8 0
PRECIPITATION (INCHES)
RECORD
MAXIMUM 2.45 2022
MINIMUM 1.44 2021
TOTALS 2.67 2.27 0.40 2.45
DAILY AVG. 0.09 0.07 0.01 0.08
DAYS >= .01 10 11.8 -1.8 11
DAYS >= .10 3 6.0 -3.0 6
DAYS >= .50 3 0.9 2.1 2
DAYS >= 1.00 0 0.1 -0.1 0
GREATEST
24 HR. TOTAL 1.54 12/10 TO 12/11 0.94 12/07 TO 12/07
STORM TOTAL 0.91 0.94
(MM/DD(HH)) MM
SNOWFALL (INCHES)
RECORDS
TOTAL MM MM
TOTALS MM MM MM MM
SINCE 7/1 MM MM MM MM
SNOWDEPTH AVG. MM MM
DAYS >= 1.0 MM MM MM MM
GREATEST
SNOW DEPTH MM MM MM
24 HR TOTAL MM MM
DEGREE DAYS
HEATING TOTAL 1208 1417 -209 1232
SINCE 7/1 3030 3483 -453 MM
COOLING TOTAL 0 0 0 0
SINCE 1/1 319 208 111 MM
................................................................
WIND (MPH)
AVERAGE WIND SPEED 9.1
HIGHEST WIND SPEED/DIRECTION 37/150 DATE 12/18
HIGHEST GUST SPEED/DIRECTION 61/140 DATE 12/18
SKY COVER
POSSIBLE SUNSHINE (PERCENT) MM
AVERAGE SKY COVER 0.71
NUMBER OF DAYS FAIR 5
NUMBER OF DAYS PC 9
NUMBER OF DAYS CLOUDY 17
AVERAGE RH (PERCENT) 69
WEATHER CONDITIONS. NUMBER OF DAYS WITH
THUNDERSTORM 0 MIXED PRECIP 0
HEAVY RAIN 0 RAIN 3
LIGHT RAIN 5 FREEZING RAIN 0
LT FREEZING RAIN 1 HAIL 0
HEAVY SNOW 0 SNOW 2
LIGHT SNOW 14 SLEET 0
FOG 12 FOG W/VIS <= 1/4 MILE 4
HAZE 0
- INDICATES NEGATIVE NUMBERS.
* INDICATES RECORD WAS SET OR TIED.
MM INDICATES DATA IS MISSING.
T INDICATES TRACE AMOUNT.
$$