000
CXUS53 KIWX 020303
CF6FWA
PRELIMINARY LOCAL CLIMATOLOGICAL DATA (WS FORM: F-6)
STATION: FORT WAYNE
MONTH: AUGUST
YEAR: 2022
LATITUDE: 41 0 N
LONGITUDE: 85 12 W
TEMPERATURE IN F: :PCPN: SNOW: WIND :SUNSHINE: SKY :PK WND
================================================================================
1 2 3 4 5 6A 6B 7 8 9 10 11 12 13 14 15 16 17 18
12Z AVG MX 2MIN
DY MAX MIN AVG DEP HDD CDD WTR SNW DPTH SPD SPD DIR MIN PSBL S-S WX SPD DR
================================================================================
1 84 66 75 2 0 10 T 0.0 0 9.9 21 230 M M 6 1 30 230
2 85 64 75 2 0 10 0.00 0.0 0 5.2 14 250 M M 4 1 19 270
3 92 65 79 6 0 14 0.48 0.0 0 9.0 24 220 M M 6 13 34 290
4 83 70 77 4 0 12 0.01 0.0 0 3.8 13 210 M M 8 1 16 220
5 88 69 79 6 0 14 T 0.0 0 3.9 12 190 M M 5 3 15 180
6 88 67 78 5 0 13 0.00 0.0 0 3.4 8 200 M M 4 1 11 200
7 89 72 81 8 0 16 0.39 0.0 0 7.3 29 300 M M 7 138 42 300
8 89 70 80 8 0 15 0.63 0.0 0 9.5 26 280 M M 9 138 39 280
9 74 64 69 -3 0 4 T 0.0 0 4.9 12 50 M M 9 1 16 10
10 81 61 71 -1 0 6 0.00 0.0 0 3.4 9 330 M M 5 1 14 330
11 79 59 69 -3 0 4 0.00 0.0 0 5.5 14 360 M M 3 19 360
12 76 53 65 -7 0 0 0.00 0.0 0 4.9 10 60 M M 4 18 40
13 76 50 63 -9 2 0 0.02 0.0 0 5.4 16 60 M M 7 3 21 70
14 72 62 67 -5 0 2 0.02 0.0 0 8.0 15 130 M M 10 1 19 130
15 79 62 71 -1 0 6 0.00 0.0 0 6.7 13 60 M M 8 19 70
16 81 57 69 -3 0 4 0.00 0.0 0 6.9 16 50 M M 4 24 10
17 80 58 69 -3 0 4 0.00 0.0 0 4.6 13 70 M M 4 16 70
18 83 55 69 -3 0 4 0.00 0.0 0 1.2 7 270 M M 4 1 10 250
19 85 54 70 -2 0 5 T 0.0 0 3.8 12 210 M M 3 1 18 220
20 78 62 70 -1 0 5 0.36 0.0 0 4.7 12 100 M M 8 13 17 140
21 80 66 73 2 0 8 0.29 0.0 0 4.7 13 340 M M 8 13 18 340
22 81 61 71 0 0 6 0.00 0.0 0 5.1 12 350 M M 6 1 16 320
23 80 56 68 -3 0 3 0.00 0.0 0 4.1 13 330 M M 3 1 18 350
24 83 57 70 -1 0 5 0.00 0.0 0 1.8 6 120 M M 2 1 10 130
25 81 59 70 -1 0 5 0.00 0.0 0 4.2 14 220 M M 7 1 20 230
26 79 59 69 -1 0 4 0.00 0.0 0 5.4 13 10 M M 6 1 19 330
27 81 56 69 -1 0 4 0.00 0.0 0 3.8 12 90 M M 4 12 16 100
28 89 59 74 4 0 9 0.00 0.0 0 7.8 16 170 M M 5 22 180
29 89 68 79 9 0 14 0.99 0.0 0 10.9 32 320 M M 8 138 49 320
30 80 59 70 0 0 5 0.07 0.0 0 10.0 18 290 M M 5 1 29 300
31 80 56 68 -2 0 3 0.00 0.0 0 7.1 15 280 M M 1 8 23 270
================================================================================
SM 2545 1896 2 214 3.26 0.0 176.9 M 173
================================================================================
AV 82.1 61.2 5.7 FASTST M M 6 MAX(MPH)
MISC ----> 32 320 49 320
================================================================================
NOTES:
# LAST OF SEVERAL OCCURRENCES
COLUMN 17 PEAK WIND IN M.P.H.
PRELIMINARY LOCAL CLIMATOLOGICAL DATA (WS FORM: F-6) , PAGE 2
STATION: FORT WAYNE
MONTH: AUGUST
YEAR: 2022
LATITUDE: 41 0 N
LONGITUDE: 85 12 W
[TEMPERATURE DATA] [PRECIPITATION DATA] SYMBOLS USED IN COLUMN 16
AVERAGE MONTHLY: 71.6 TOTAL FOR MONTH: 3.26 1 = FOG OR MIST
DPTR FM NORMAL: 0.0 DPTR FM NORMAL: -0.54 2 = FOG REDUCING VISIBILITY
HIGHEST: 92 ON 3 GRTST 24HR 1.00 ON 29-30 TO 1/4 MILE OR LESS
LOWEST: 50 ON 13 3 = THUNDER
SNOW, ICE PELLETS, HAIL 4 = ICE PELLETS
TOTAL MONTH: 0.0 INCH 5 = HAIL
GRTST 24HR 0.0 6 = FREEZING RAIN OR DRIZZLE
GRTST DEPTH: 0 7 = DUSTSTORM OR SANDSTORM:
VSBY 1/2 MILE OR LESS
8 = SMOKE OR HAZE
[NO. OF DAYS WITH] [WEATHER - DAYS WITH] 9 = BLOWING SNOW
X = TORNADO
MAX 32 OR BELOW: 0 0.01 INCH OR MORE: 10
MAX 90 OR ABOVE: 1 0.10 INCH OR MORE: 6
MIN 32 OR BELOW: 0 0.50 INCH OR MORE: 2
MIN 0 OR BELOW: 0 1.00 INCH OR MORE: 0
[HDD (BASE 65) ]
TOTAL THIS MO. 2 CLEAR (SCALE 0-3) 4
DPTR FM NORMAL -6 PTCLDY (SCALE 4-7) 23
TOTAL FM JUL 1 2 CLOUDY (SCALE 8-10) 4
DPTR FM NORMAL -3
[CDD (BASE 65) ]
TOTAL THIS MO. 214
DPTR FM NORMAL 2 [PRESSURE DATA]
TOTAL FM JAN 1 830 HIGHEST SLP 30.27 ON 12
DPTR FM NORMAL 79 LOWEST SLP 29.82 ON 3
[REMARKS]
#FINAL-08-22#