000
CXUS53 KIWX 010903
CF6FWA
PRELIMINARY LOCAL CLIMATOLOGICAL DATA (WS FORM: F-6)
STATION: FORT WAYNE
MONTH: SEPTEMBER
YEAR: 2020
LATITUDE: 41 0 N
LONGITUDE: 85 12 W
TEMPERATURE IN F: :PCPN: SNOW: WIND :SUNSHINE: SKY :PK WND
================================================================================
1 2 3 4 5 6A 6B 7 8 9 10 11 12 13 14 15 16 17 18
12Z AVG MX 2MIN
DY MAX MIN AVG DEP HDD CDD WTR SNW DPTH SPD SPD DIR MIN PSBL S-S WX SPD DR
================================================================================
1 82 63 73 4 0 8 0.29 0.0 0 6.2 15 200 M M 7 1 19 210
2 80 64 72 3 0 7 0.10 0.0 0 8.4 15 270 M M 9 1 21 260
3 83 57 70 1 0 5 0.00 0.0 0 8.6 22 230 M M 6 1 31 230
4 75 52 64 -5 1 0 0.00 0.0 0 5.7 17 320 M M 4 1 29 350
5 82 51 67 -1 0 2 0.00 0.0 0 9.5 28 230 M M 2 38 240
6 79 49 64 -4 1 0 T 0.0 0 7.6 23 210 M M 6 8 30 210
7 73 67 70 2 0 5 1.34 0.0 0 10.6 25 220 M M 10 13 36 230
8 84 65 75 8 0 10 1.06 0.0 0 7.1 22 160 M M 7 13 28 160
9 81 61 71 4 0 6 T 0.0 0 6.2 13 60 M M 7 12 15 70
10 71 62 67 0 0 2 T 0.0 0 7.4 14 70 M M 10 12 19 70
11 71 58 65 -1 0 0 T 0.0 0 11.2 16 90 M M 8 1 23 100
12 81 56 69 3 0 4 0.00 0.0 0 5.7 12 90 M M 8 1 16 170
13 76 57 67 1 0 2 0.32 0.0 0 6.9 15 290 M M 5 1 23 280
14 71 53 62 -3 3 0 0.00 0.0 0 5.6 12 100 M M 3 16 60
15 73 46 60 -5 5 0 0.00 0.0 0 3.1 10 120 M M 0 1 17 160
16 76 46 61 -3 4 0 0.00 0.0 0 4.0 10 230 M M 5 14 260
17 68 53 61 -3 4 0 0.00 0.0 0 8.3 18 50 M M 8 27 60
18 63 46 55 -9 10 0 0.00 0.0 0 9.4 16 40 M M 2 24 50
19 66 38 52 -11 13 0 0.00 0.0 0 5.4 10 90 M M 1 15 100
20 70 39 55 -8 10 0 0.00 0.0 0 6.9 17 100 M M 1 1 25 90
21 73 40 57 -5 8 0 0.00 0.0 0 4.5 12 120 M M 2 18 150
22 76 41 59 -3 6 0 0.00 0.0 0 3.0 8 250 M M 3 8 13 220
23 76 49 63 2 2 0 0.00 0.0 0 6.7 13 250 M M 6 1 19 250
24 77 49 63 2 2 0 0.00 0.0 0 4.3 12 280 M M 4 15 300
25 79 47 63 3 2 0 0.00 0.0 0 4.3 16 130 M M 1 1 22 150
26 77 53 65 5 0 0 0.00 0.0 0 11.0 21 220 M M 5 27 200
27 80 59 70 10 0 5 0.00 0.0 0 10.1 17 230 M M 7 25 230
28 67 48 58 -1 7 0 0.20 0.0 0 7.4 16 360 M M 8 1 24 290
29 63 43 53 -6 12 0 0.00 0.0 0 8.1 14 290 M M 4 20 230
30 62 43 53 -5 12 0 0.02 0.0 0 13.9 28 250 M M 5 39 230
================================================================================
SM 2235 1555 102 56 3.33 0.0 217.1 M 154
================================================================================
AV 74.5 51.8 7.2 FASTST M M 5 MAX(MPH)
MISC ----> # 28 230 # 39 230
================================================================================
NOTES:
# LAST OF SEVERAL OCCURRENCES
COLUMN 17 PEAK WIND IN M.P.H.
PRELIMINARY LOCAL CLIMATOLOGICAL DATA (WS FORM: F-6) , PAGE 2
STATION: FORT WAYNE
MONTH: SEPTEMBER
YEAR: 2020
LATITUDE: 41 0 N
LONGITUDE: 85 12 W
[TEMPERATURE DATA] [PRECIPITATION DATA] SYMBOLS USED IN COLUMN 16
AVERAGE MONTHLY: 63.2 TOTAL FOR MONTH: 3.33 1 = FOG OR MIST
DPTR FM NORMAL: -1.1 DPTR FM NORMAL: 0.53 2 = FOG REDUCING VISIBILITY
HIGHEST: 84 ON 8 GRTST 24HR 1.34 ON 7- 7 TO 1/4 MILE OR LESS
LOWEST: 38 ON 19 3 = THUNDER
SNOW, ICE PELLETS, HAIL 4 = ICE PELLETS
TOTAL MONTH: 0.0 INCH 5 = HAIL
GRTST 24HR 0.0 6 = FREEZING RAIN OR DRIZZLE
GRTST DEPTH: 0 7 = DUSTSTORM OR SANDSTORM:
VSBY 1/2 MILE OR LESS
8 = SMOKE OR HAZE
[NO. OF DAYS WITH] [WEATHER - DAYS WITH] 9 = BLOWING SNOW
X = TORNADO
MAX 32 OR BELOW: 0 0.01 INCH OR MORE: 7
MAX 90 OR ABOVE: 0 0.10 INCH OR MORE: 6
MIN 32 OR BELOW: 0 0.50 INCH OR MORE: 2
MIN 0 OR BELOW: 0 1.00 INCH OR MORE: 2
[HDD (BASE 65) ]
TOTAL THIS MO. 102 CLEAR (SCALE 0-3) 8
DPTR FM NORMAL -2 PTCLDY (SCALE 4-7) 18
TOTAL FM JUL 1 106 CLOUDY (SCALE 8-10) 4
DPTR FM NORMAL -10
[CDD (BASE 65) ]
TOTAL THIS MO. 56
DPTR FM NORMAL -27 [PRESSURE DATA]
TOTAL FM JAN 1 933 HIGHEST SLP 30.49 ON 20
DPTR FM NORMAL 133 LOWEST SLP 29.60 ON 30
[REMARKS]
#FINAL-09-20#