000
CXUS53 KUNR 011030
CF6GCC
PRELIMINARY LOCAL CLIMATOLOGICAL DATA (WS FORM: F-6)
STATION: GILLETTE AIRPORT WY
MONTH: NOVEMBER
YEAR: 2021
LATITUDE: 44 20 N
LONGITUDE: 105 32 W
TEMPERATURE IN F: :PCPN: SNOW: WIND :SUNSHINE: SKY :PK WND
================================================================================
1 2 3 4 5 6A 6B 7 8 9 10 11 12 13 14 15 16 17 18
12Z AVG MX 2MIN
DY MAX MIN AVG DEP HDD CDD WTR SNW DPTH SPD SPD DIR MIN PSBL S-S WX SPD DR
================================================================================
1 42 20 31 -8 34 0 0.00 M M 2.4 13 170 M M 6 15 180
2 50 20 35 -4 30 0 0.00 M M 7.9 17 170 M M 3 22 160
3 58 31 45 7 20 0 0.00 M M 7.4 18 190 M M 0 22 190
4 68 40 54 16 11 0 0.00 M M 13.8 35 230 M M 0 46 230
5 64 34 49 11 16 0 0.00 M M 9.9 28 240 M M 0 35 230
6 68 34 51 14 14 0 0.00 M M 12.3 29 230 M M 0 36 230
7 53 28 41 4 24 0 0.00 M M 6.4 22 320 M M 2 26 340
8 49 27 38 1 27 0 0.00 M M 5.2 16 180 M M 7 21 180
9 54 22 38 2 27 0 0.00 M M 14.5 30 160 M M 2 40 180
10 50 28 39 3 26 0 0.01 M M 16.5 30 320 M M 8 38 320
11 40 24 32 -3 33 0 0.00 M M 20.7 36 320 M M 2 46 300
12 49 18 34 -1 31 0 0.00 M M 11.0 17 220 M M 3 23 220
13 61 40 51 16 14 0 0.00 M M 17.6 39 330 M M 5 50 320
14 65 34 50 16 15 0 0.01 M M 13.0 24 230 M M 5 1 30 220
15 66 49 58 24 7 0 0.00 M M 19.0 33 220 M M 0 44 220
16 61 26 44 10 21 0 0.00 M M 22.6 38 220 M M 4 52 230
17 34 8 21 -12 44 0 0.00 M M 16.5 30 320 M M 0 39 300
18 50 10 30 -3 35 0 0.00 M M 10.8 25 190 M M 0 34 180
19 54 20 37 5 28 0 0.00 M M 3.5 15 240 M M 2 18 240
20 43 26 35 3 30 0 0.03 M M 6.9 16 300 M M 6 24 290
21 49 20 35 3 30 0 0.00 M M 9.7 17 280 M M 0 24 280
22 63 30 47 16 18 0 0.00 M M 11.5 26 230 M M 0 34 240
23 59 22 41 10 24 0 0.00 M M 10.1 37 240 M M 0 46 220
24 36 17 27 -3 38 0 0.02 M M 11.2 25 340 M M 8 18 32 330
25 56 20 38 8 27 0 0.00 M M 16.4 26 230 M M 2 33 230
26 58 33 46 16 19 0 0.00 M M 16.5 28 220 M M 3 34 230
27 48 29 39 10 26 0 0.00 M M 9.9 20 210 M M 2 26 210
28 68 36 52 23 13 0 0.00 M M 12.5 21 220 M M 0 27 230
29 62 39 51 23 14 0 0.02 M M 7.5 22 360 M M 2 27 360
30 52 34 43 15 22 0 0.01 M M 11.9 32 230 M M 4 42 230
================================================================================
SM 1630 819 718 0 0.10 M 355.1 M 76
================================================================================
AV 54.3 27.3 11.8 FASTST M M 3 MAX(MPH)
MISC ----> 39 330 52 230
================================================================================
NOTES:
# LAST OF SEVERAL OCCURRENCES
COLUMN 17 PEAK WIND IN M.P.H.
PRELIMINARY LOCAL CLIMATOLOGICAL DATA (WS FORM: F-6) , PAGE 2
STATION: GILLETTE AIRPORT WY
MONTH: NOVEMBER
YEAR: 2021
LATITUDE: 44 20 N
LONGITUDE: 105 32 W
[TEMPERATURE DATA] [PRECIPITATION DATA] SYMBOLS USED IN COLUMN 16
AVERAGE MONTHLY: 40.8 TOTAL FOR MONTH: 0.10 1 = FOG OR MIST
DPTR FM NORMAL: 7.2 DPTR FM NORMAL: -0.42 2 = FOG REDUCING VISIBILITY
HIGHEST: 68 ON 28, 6 GRTST 24HR 0.03 ON 20-20 TO 1/4 MILE OR LESS
LOWEST: 8 ON 17 3 = THUNDER
SNOW, ICE PELLETS, HAIL 4 = ICE PELLETS
TOTAL MONTH: M 5 = HAIL
GRTST 24HR M ON M 6 = FREEZING RAIN OR DRIZZLE
GRTST DEPTH: M ON M 7 = DUSTSTORM OR SANDSTORM:
VSBY 1/2 MILE OR LESS
8 = SMOKE OR HAZE
[NO. OF DAYS WITH] [WEATHER - DAYS WITH] 9 = BLOWING SNOW
X = TORNADO
MAX 32 OR BELOW: 0 0.01 INCH OR MORE: 6
MAX 90 OR ABOVE: 0 0.10 INCH OR MORE: 0
MIN 32 OR BELOW: 20 0.50 INCH OR MORE: 0
MIN 0 OR BELOW: 0 1.00 INCH OR MORE: 0
[HDD (BASE 65) ]
TOTAL THIS MO. 718 CLEAR (SCALE 0-3) 20
DPTR FM NORMAL -222 PTCLDY (SCALE 4-7) 10
TOTAL FM JUL 1 1367 CLOUDY (SCALE 8-10) 0
DPTR FM NORMAL -453
[CDD (BASE 65) ]
TOTAL THIS MO. 0
DPTR FM NORMAL 0 [PRESSURE DATA]
TOTAL FM JAN 1 827 HIGHEST SLP 30.49 ON 24
DPTR FM NORMAL 308 LOWEST SLP 29.37 ON 16
[REMARKS]
#FINAL-11-21#