000
CXUS56 KFGZ 010910
CF6GCN
PRELIMINARY LOCAL CLIMATOLOGICAL DATA (WS FORM: F-6)
STATION: GRAND CANYON AZ AIRPORT
MONTH: FEBRUARY
YEAR: 2023
LATITUDE: 35 57 N
LONGITUDE: 112 9 W
TEMPERATURE IN F: :PCPN: SNOW: WIND :SUNSHINE: SKY :PK WND
================================================================================
1 2 3 4 5 6A 6B 7 8 9 10 11 12 13 14 15 16 17 18
12Z AVG MX 2MIN
DY MAX MIN AVG DEP HDD CDD WTR SNW DPTH SPD SPD DIR MIN PSBL S-S WX SPD DR
================================================================================
1 32 -12 10 -21 55 0 0.00 M M 10.5 21 60 M M 0 26 40
2 42 -9 17 -14 48 0 0.00 M M 3.3 15 50 M M 0 20 50
3 50 20 35 4 30 0 0.00 M M 5.5 14 100 M M 0 19 100
4 48 8 28 -3 37 0 0.00 M M 2.9 12 230 M M 1 14 220
5 47 6 27 -4 38 0 0.00 M M 10.2 26 220 M M 2 33 230
6 39 8 24 -7 41 0 T M M 4.4 17 50 M M 3 22 50
7 39 1 20 -11 45 0 0.00 M M 5.4 22 50 M M 0 24 50
8 47 4 26 -5 39 0 0.00 M M 3.4 13 310 M M 0 22 300
9 35 9 22 -9 43 0 0.00 M M 10.7 24 50 M M 0 30 50
10 46 4 25 -6 40 0 0.00 M M 6.9 17 70 M M 0 22 80
11 46 17 32 1 33 0 0.00 M M 8.0 15 170 M M 2 20 180
12 45 13 29 -2 36 0 0.00 M M 12.2 22 50 M M 1 29 60
13 43 18 31 -1 34 0 0.07 M M 7.9 20 60 M M 4 123 24 60
14 32 6 19 -13 46 0 0.16 M M 16.6 37 220 M M 9 126 53 220
15 25 -6 10 -22 55 0 0.01 M M 6.6 18 300 M M 8 18 28 300
16 30 -15 8 -24 57 0 0.00 M M 6.8 21 50 M M 0 26 50
17 35 15 25 -7 40 0 0.00 M M 12.4 26 70 M M 0 35 70
18 45 10 28 -4 37 0 0.00 M M 5.9 24 220 M M 3 29 210
19 47 17 32 0 33 0 0.00 M M 5.1 17 210 M M 3 21 210
20 51 16 34 1 31 0 0.00 M M 4.3 15 220 M M 0 19 230
21 48 15 32 -1 33 0 T M M 13.4 36 210 M M 3 47 210
22 36 15 26 -7 39 0 0.17 M M 20.1 39 220 M M 9 189 50 210
23 28 20 24 -9 41 0 0.21 M M 17.0 30 210 M M 10 128 39 210
24 40 16 28 -6 37 0 0.01 M M 8.8 23 230 M M 6 18 32 220
25 50 20 35 1 30 0 0.00 M M 10.0 23 180 M M 0 34 180
26 39 20 30 -4 35 0 0.20 M M 10.4 24 220 M M 9 128 35 180
27 37 7 22 -12 43 0 0.00 M M 9.7 22 210 M M 8 1 27 240
28 37 28 33 -1 32 0 0.02 M M 13.4 26 210 M M 10 8 33 220
================================================================================
SM 1139 271 1108 0 0.85 M 251.8 M 91
================================================================================
AV 40.7 9.7 9.0 FASTST M M 3 MAX(MPH)
MISC ----> 39 220 53 220
================================================================================
NOTES:
# LAST OF SEVERAL OCCURRENCES
COLUMN 17 PEAK WIND IN M.P.H.
PRELIMINARY LOCAL CLIMATOLOGICAL DATA (WS FORM: F-6) , PAGE 2
STATION: GRAND CANYON AZ AIRPORT
MONTH: FEBRUARY
YEAR: 2023
LATITUDE: 35 57 N
LONGITUDE: 112 9 W
[TEMPERATURE DATA] [PRECIPITATION DATA] SYMBOLS USED IN COLUMN 16
AVERAGE MONTHLY: 25.2 TOTAL FOR MONTH: 0.85 1 = FOG OR MIST
DPTR FM NORMAL: -6.9 DPTR FM NORMAL: -0.36 2 = FOG REDUCING VISIBILITY
HIGHEST: 51 ON 20 GRTST 24HR 0.22 ON 23-24 TO 1/4 MILE OR LESS
LOWEST: -15 ON 16 3 = THUNDER
SNOW, ICE PELLETS, HAIL 4 = ICE PELLETS
TOTAL MONTH: M 5 = HAIL
GRTST 24HR M ON M 6 = FREEZING RAIN OR DRIZZLE
GRTST DEPTH: M ON M 7 = DUSTSTORM OR SANDSTORM:
VSBY 1/2 MILE OR LESS
8 = SMOKE OR HAZE
[NO. OF DAYS WITH] [WEATHER - DAYS WITH] 9 = BLOWING SNOW
X = TORNADO
MAX 32 OR BELOW: 5 0.01 INCH OR MORE: 8
MAX 90 OR ABOVE: 0 0.10 INCH OR MORE: 4
MIN 32 OR BELOW: 28 0.50 INCH OR MORE: 0
MIN 0 OR BELOW: 4 1.00 INCH OR MORE: 0
[HDD (BASE 65) ]
TOTAL THIS MO. 1108 CLEAR (SCALE 0-3) 18
DPTR FM NORMAL 186 PTCLDY (SCALE 4-7) 5
TOTAL FM JUL 1 5234 CLOUDY (SCALE 8-10) 5
DPTR FM NORMAL 503
[CDD (BASE 65) ]
TOTAL THIS MO. 0
DPTR FM NORMAL 0 [PRESSURE DATA]
TOTAL FM JAN 1 0 HIGHEST SLP M ON M
DPTR FM NORMAL 0 LOWEST SLP 29.03 ON 22
[REMARKS]
#FINAL-02-23#