000
CXUS53 KFGF 012209
CF6GFK
PRELIMINARY LOCAL CLIMATOLOGICAL DATA (WS FORM: F-6)
STATION: GRAND FORKS INTL AP ND
MONTH: SEPTEMBER
YEAR: 2020
LATITUDE: 47 57 N
LONGITUDE: 97 11 W
TEMPERATURE IN F: :PCPN: SNOW: WIND :SUNSHINE: SKY :PK WND
================================================================================
1 2 3 4 5 6A 6B 7 8 9 10 11 12 13 14 15 16 17 18
12Z AVG MX 2MIN
DY MAX MIN AVG DEP HDD CDD WTR SNW DPTH SPD SPD DIR MIN PSBL S-S WX SPD DR
================================================================================
1 79 46 63 0 2 0 T 0.0 0 14.6 30 250 M M 6 3 43 310
2 74 51 63 0 2 0 0.12 0.0 0 12.5 43 310 M M 4 138 53 320
3 67 50 59 -3 6 0 0.00 0.0 0 17.4 29 310 M M 3 41 280
4 75 45 60 -2 5 0 T 0.0 0 6.7 21 310 M M 4 27 300
5 78 43 61 -1 4 0 0.00 0.0 0 6.7 15 150 M M 4 21 180
6 76 46 61 0 4 0 0.00 0.0 0 15.4 31 320 M M 5 44 320
7 53 36 45 -16 20 0 0.00 0.0 0 11.0 20 350 M M 6 26 340
8 53 31 42 -18 23 0 0.00 0.0 0 6.8 15 330 M M 5 23 350
9 60 31 46 -14 19 0 0.00 0.0 0 8.4 21 210 M M 3 28 200
10 73 38 56 -3 9 0 0.00 0.0 0 11.1 20 220 M M 0 25 220
11 69 39 54 -5 11 0 0.04 0.0 0 10.4 17 190 M M 5 1 31 180
12 73 48 61 3 4 0 T 0.0 0 5.2 10 40 M M 6 17 230
13 64 41 53 -5 12 0 T 0.0 0 8.1 18 10 M M 4 27 350
14 70 35 53 -5 12 0 0.00 0.0 0 7.6 18 150 M M 3 30 140
15 70 48 59 2 6 0 0.00 0.0 0 5.3 12 360 M M 7 15 340
16 58 44 51 -6 14 0 0.00 0.0 0 10.9 25 350 M M 5 34 10
17 62 40 51 -5 14 0 0.00 0.0 0 7.0 17 50 M M 7 22 40
18 69 37 53 -3 12 0 0.00 0.0 0 10.9 21 200 M M 5 30 180
19 79 45 62 7 3 0 0.00 0.0 0 11.1 18 140 M M 1 23 130
20 77 58 68 13 0 3 0.00 0.0 0 17.0 28 180 M M 4 39 190
21 79 48 64 10 1 0 0.00 0.0 0 13.8 30 280 M M 1 43 260
22 86 43 65 11 0 0 0.00 0.0 0 7.4 16 210 M M 1 23 180
23 68 49 59 5 6 0 T 0.0 0 11.5 25 350 M M 6 32 360
24 73 41 57 4 8 0 0.00 0.0 0 9.5 20 150 M M 6 12 29 160
25 79 52 66 13 0 1 0.01 0.0 0 9.0 20 280 M M 6 27 270
26 77 51 64 12 1 0 0.00 0.0 0 11.2 22 240 M M 6 30 240
27 65 51 58 6 7 0 0.03 0.0 0 13.3 25 310 M M 7 36 310
28 60 45 53 2 12 0 T 0.0 0 14.6 28 350 M M 9 35 350
29 70 44 57 6 8 0 0.06 0.0 0 10.2 25 350 M M 8 36 350
30 59 44 52 2 13 0 0.04 0.0 0 16.2 31 340 M M 7 1 41 330
================================================================================
SM 2095 1320 238 4 0.30 0.0 320.8 M 144
================================================================================
AV 69.8 44.0 10.7 FASTST M M 5 MAX(MPH)
MISC ----> 43 310 53 320
================================================================================
NOTES:
# LAST OF SEVERAL OCCURRENCES
COLUMN 17 PEAK WIND IN M.P.H.
PRELIMINARY LOCAL CLIMATOLOGICAL DATA (WS FORM: F-6) , PAGE 2
STATION: GRAND FORKS INTL AP ND
MONTH: SEPTEMBER
YEAR: 2020
LATITUDE: 47 57 N
LONGITUDE: 97 11 W
[TEMPERATURE DATA] [PRECIPITATION DATA] SYMBOLS USED IN COLUMN 16
AVERAGE MONTHLY: 56.9 TOTAL FOR MONTH: 0.30 1 = FOG OR MIST
DPTR FM NORMAL: 0.0 DPTR FM NORMAL: -1.75 2 = FOG REDUCING VISIBILITY
HIGHEST: 86 ON 22 GRTST 24HR 0.12 ON 2- 2 TO 1/4 MILE OR LESS
LOWEST: 31 ON 9, 8 3 = THUNDER
SNOW, ICE PELLETS, HAIL 4 = ICE PELLETS
TOTAL MONTH: 0.0 INCH 5 = HAIL
GRTST 24HR 0.0 6 = FREEZING RAIN OR DRIZZLE
GRTST DEPTH: 0 7 = DUSTSTORM OR SANDSTORM:
VSBY 1/2 MILE OR LESS
8 = SMOKE OR HAZE
[NO. OF DAYS WITH] [WEATHER - DAYS WITH] 9 = BLOWING SNOW
X = TORNADO
MAX 32 OR BELOW: 0 0.01 INCH OR MORE: 6
MAX 90 OR ABOVE: 0 0.10 INCH OR MORE: 1
MIN 32 OR BELOW: 2 0.50 INCH OR MORE: 0
MIN 0 OR BELOW: 0 1.00 INCH OR MORE: 0
[HDD (BASE 65) ]
TOTAL THIS MO. 238 CLEAR (SCALE 0-3) 6
DPTR FM NORMAL -31 PTCLDY (SCALE 4-7) 23
TOTAL FM JUL 1 257 CLOUDY (SCALE 8-10) 1
DPTR FM NORMAL -93
[CDD (BASE 65) ]
TOTAL THIS MO. 4
DPTR FM NORMAL -22 [PRESSURE DATA]
TOTAL FM JAN 1 541 HIGHEST SLP 30.47 ON 8
DPTR FM NORMAL 163 LOWEST SLP 29.27 ON 2
[REMARKS]
#FINAL-09-20#