000
CXUS55 KGGW 010810
CF6GGW
PRELIMINARY LOCAL CLIMATOLOGICAL DATA (WS FORM: F-6)
STATION: GLASGOW MT
MONTH: MAY
YEAR: 2022
LATITUDE: 48 13 N
LONGITUDE: 106 37 W
TEMPERATURE IN F: :PCPN: SNOW: WIND :SUNSHINE: SKY :PK WND
================================================================================
1 2 3 4 5 6A 6B 7 8 9 10 11 12 13 14 15 16 17 18
12Z AVG MX 2MIN
DY MAX MIN AVG DEP HDD CDD WTR SNW DPTH SPD SPD DIR MIN PSBL S-S WX SPD DR
================================================================================
1 64 39 52 2 13 0 0.00 0.0 0 8.4 17 100 M M 4 27 110
2 66 35 51 1 14 0 0.00 0.0 0 17.5 30 160 M M 5 38 160
3 67 45 56 5 9 0 0.00 0.0 0 15.4 28 140 M M 4 39 120
4 73 40 57 6 8 0 0.00 0.0 0 7.7 14 200 M M 1 21 180
5 83 44 64 12 1 0 0.00 0.0 0 14.7 28 140 M M 0 39 150
6 81 54 68 16 0 3 T 0.0 0 13.7 33 260 M M 3 44 230
7 64 39 52 0 13 0 0.11 0.0 0 14.2 32 280 M M 4 1 41 280
8 65 35 50 -3 15 0 T 0.0 0 7.5 25 250 M M 2 32 250
9 55 35 45 -8 20 0 0.01 0.0 0 11.7 26 290 M M 4 35 290
10 68 33 51 -2 14 0 0.00 0.0 0 12.0 25 260 M M 1 40 250
11 67 38 53 -1 12 0 0.00 0.0 0 10.2 24 130 M M 0 31 130
12 56 46 51 -3 14 0 1.09 0.0 0 11.1 26 340 M M 9 1 36 340
13 59 42 51 -3 14 0 0.36 0.0 0 22.0 37 300 M M 9 1 50 300
14 67 44 56 1 9 0 0.02 0.0 0 15.7 26 280 M M 4 36 270
15 73 39 56 1 9 0 0.00 0.0 0 9.4 22 280 M M 0 29 290
16 76 48 62 6 3 0 0.03 0.0 0 10.4 18 130 M M 4 24 120
17 77 49 63 7 2 0 0.00 0.0 0 13.5 30 280 M M 0 38 290
18 71 45 58 2 7 0 T 0.0 0 12.7 24 310 M M 2 33 300
19 61 36 49 -8 16 0 0.16 T 0 25.0 44 280 M M 7 1 59 280
20 49 34 42 -15 23 0 T T 0 18.4 33 350 M M 10 42 350
21 53 31 42 -15 23 0 0.00 0.0 0 7.3 18 40 M M 7 27 30
22 61 32 47 -11 18 0 0.00 0.0 0 7.3 17 180 M M 2 24 170
23 72 40 56 -2 9 0 0.00 0.0 0 8.5 21 300 M M 3 27 330
24 74 41 58 0 7 0 0.00 0.0 0 8.4 17 200 M M 2 23 190
25 76 45 61 2 4 0 0.00 0.0 0 10.9 23 260 M M 5 39 230
26 80 46 63 4 2 0 0.00 0.0 0 9.3 22 290 M M 0 33 290
27 74 50 62 3 3 0 0.06 0.0 0 10.9 23 310 M M 3 34 300
28 68 48 58 -2 7 0 0.27 0.0 0 8.2 16 320 M M 4 1 22 320
29 75 49 62 2 3 0 T 0.0 0 11.2 24 360 M M 6 31 340
30 69 45 57 -3 8 0 0.00 0.0 0 20.0 37 360 M M 4 45 360
31 69 45 57 -4 8 0 0.00 0.0 0 16.4 30 340 M M 2 39 330
================================================================================
SM 2113 1292 308 3 2.11 T 389.6 M 111
================================================================================
AV 68.2 41.7 12.6 FASTST M M 4 MAX(MPH)
MISC ----> 44 280 59 280
================================================================================
NOTES:
# LAST OF SEVERAL OCCURRENCES
COLUMN 17 PEAK WIND IN M.P.H.
PRELIMINARY LOCAL CLIMATOLOGICAL DATA (WS FORM: F-6) , PAGE 2
STATION: GLASGOW MT
MONTH: MAY
YEAR: 2022
LATITUDE: 48 13 N
LONGITUDE: 106 37 W
[TEMPERATURE DATA] [PRECIPITATION DATA] SYMBOLS USED IN COLUMN 16
AVERAGE MONTHLY: 54.9 TOTAL FOR MONTH: 2.11 1 = FOG OR MIST
DPTR FM NORMAL: -0.6 DPTR FM NORMAL: -0.11 2 = FOG REDUCING VISIBILITY
HIGHEST: 83 ON 5 GRTST 24HR 1.27 ON 12-13 TO 1/4 MILE OR LESS
LOWEST: 31 ON 21 3 = THUNDER
SNOW, ICE PELLETS, HAIL 4 = ICE PELLETS
TOTAL MONTH: T 5 = HAIL
GRTST 24HR T ON 19-19 6 = FREEZING RAIN OR DRIZZLE
GRTST DEPTH: 0 7 = DUSTSTORM OR SANDSTORM:
VSBY 1/2 MILE OR LESS
8 = SMOKE OR HAZE
[NO. OF DAYS WITH] [WEATHER - DAYS WITH] 9 = BLOWING SNOW
X = TORNADO
MAX 32 OR BELOW: 0 0.01 INCH OR MORE: 9
MAX 90 OR ABOVE: 0 0.10 INCH OR MORE: 5
MIN 32 OR BELOW: 2 0.50 INCH OR MORE: 1
MIN 0 OR BELOW: 0 1.00 INCH OR MORE: 1
[HDD (BASE 65) ]
TOTAL THIS MO. 308 CLEAR (SCALE 0-3) 14
DPTR FM NORMAL -2 PTCLDY (SCALE 4-7) 14
TOTAL FM JUL 1 7777 CLOUDY (SCALE 8-10) 3
DPTR FM NORMAL -380
[CDD (BASE 65) ]
TOTAL THIS MO. 3
DPTR FM NORMAL -13 [PRESSURE DATA]
TOTAL FM JAN 1 3 HIGHEST SLP M ON M
DPTR FM NORMAL -13 LOWEST SLP 29.29 ON 19
[REMARKS]
#FINAL-05-22#