000
CXUS55 KGGW 010910
CF6GGW
PRELIMINARY LOCAL CLIMATOLOGICAL DATA (WS FORM: F-6)
STATION: GLASGOW MT
MONTH: JANUARY
YEAR: 2021
LATITUDE: 48 13 N
LONGITUDE: 106 37 W
TEMPERATURE IN F: :PCPN: SNOW: WIND :SUNSHINE: SKY :PK WND
================================================================================
1 2 3 4 5 6A 6B 7 8 9 10 11 12 13 14 15 16 17 18
12Z AVG MX 2MIN
DY MAX MIN AVG DEP HDD CDD WTR SNW DPTH SPD SPD DIR MIN PSBL S-S WX SPD DR
================================================================================
1 46 17 32 19 33 0 0.00 0.0 T 6.0 14 120 M M 0 1 16 120
2 49 28 39 26 26 0 0.05 0.0 T 7.5 15 240 M M 3 21 250
3 48 27 38 25 27 0 T 0.0 0 9.9 35 280 M M 2 44 290
4 45 23 34 21 31 0 0.00 0.0 0 9.2 16 110 M M 0 22 110
5 45 24 35 22 30 0 0.00 0.0 0 11.3 29 300 M M 5 40 300
6 42 21 32 19 33 0 0.00 0.0 0 10.6 16 130 M M 0 20 130
7 36 25 31 18 34 0 0.00 0.0 0 5.5 12 300 M M 4 13 330
8 40 19 30 17 35 0 0.00 0.0 0 6.0 10 110 M M 2 12 70
9 28 20 24 11 41 0 0.00 0.0 0 6.5 14 120 M M 10 128 16 190
10 38 24 31 18 34 0 0.00 0.0 0 6.6 13 130 M M 3 1 16 170
11 43 24 34 21 31 0 0.00 0.0 0 5.7 12 300 M M 0 16 290
12 44 28 36 23 29 0 0.00 0.0 0 6.5 13 120 M M 1 16 120
13 57 34 46 33 19 0 T T 0 21.2 54 300 M M 5 8 79 300
14 37 25 31 18 34 0 0.00 0.0 0 26.9 41 310 M M 0 55 320
15 34 15 25 12 40 0 T T 0 8.1 18 310 M M 2 23 330
16 45 24 35 21 30 0 0.00 0.0 0 11.5 30 300 M M 2 41 310
17 37 20 29 15 36 0 0.02 0.2 0 4.6 13 300 M M 6 1 17 310
18 37 28 33 19 32 0 T T T 17.7 32 340 M M 10 1 42 330
19 42 26 34 20 31 0 T T T 12.1 28 250 M M 4 36 250
20 44 29 37 23 28 0 0.00 0.0 0 17.3 30 310 M M 1 41 320
21 31 14 23 9 42 0 T T 0 8.6 21 300 M M 6 27 300
22 30 12 21 7 44 0 0.00 0.0 0 3.5 10 40 M M 5 11 40
23 26 7 17 3 48 0 T T 0 8.0 20 110 M M 4 24 110
24 13 4 9 -5 56 0 T T 0 15.5 25 100 M M 6 31 90
25 11 2 7 -7 58 0 T T T 11.5 21 90 M M 10 18 25 90
26 12 -1 6 -9 59 0 T T T 18.3 25 100 M M 9 18 31 110
27 21 4 13 -2 52 0 T T T 19.2 26 110 M M 7 18 33 110
28 35 13 24 9 41 0 0.00 0.0 T 14.5 20 100 M M 0 26 100
29 35 17 26 11 39 0 T T T 8.7 20 110 M M 6 24 110
30 29 9 19 4 46 0 0.00 0.0 T 3.6 12 310 M M 4 14 330
31 42 8 25 10 40 0 0.00 0.0 0 5.6 15 110 M M 1 128 18 110
================================================================================
SM 1122 570 1159 0 0.07 0.2 327.7 M 118
================================================================================
AV 36.2 18.4 10.6 FASTST M M 4 MAX(MPH)
MISC ----> 54 300 79 300
================================================================================
NOTES:
# LAST OF SEVERAL OCCURRENCES
COLUMN 17 PEAK WIND IN M.P.H.
PRELIMINARY LOCAL CLIMATOLOGICAL DATA (WS FORM: F-6) , PAGE 2
STATION: GLASGOW MT
MONTH: JANUARY
YEAR: 2021
LATITUDE: 48 13 N
LONGITUDE: 106 37 W
[TEMPERATURE DATA] [PRECIPITATION DATA] SYMBOLS USED IN COLUMN 16
AVERAGE MONTHLY: 27.3 TOTAL FOR MONTH: 0.07 1 = FOG OR MIST
DPTR FM NORMAL: 13.5 DPTR FM NORMAL: -0.30 2 = FOG REDUCING VISIBILITY
HIGHEST: 57 ON 13 GRTST 24HR 0.05 ON 2- 2 TO 1/4 MILE OR LESS
LOWEST: -1 ON 26 3 = THUNDER
SNOW, ICE PELLETS, HAIL 4 = ICE PELLETS
TOTAL MONTH: 0.2 INCH 5 = HAIL
GRTST 24HR 0.2 ON 17-17 6 = FREEZING RAIN OR DRIZZLE
GRTST DEPTH: T 7 = DUSTSTORM OR SANDSTORM:
VSBY 1/2 MILE OR LESS
8 = SMOKE OR HAZE
[NO. OF DAYS WITH] [WEATHER - DAYS WITH] 9 = BLOWING SNOW
X = TORNADO
MAX 32 OR BELOW: 9 0.01 INCH OR MORE: 2
MAX 90 OR ABOVE: 0 0.10 INCH OR MORE: 0
MIN 32 OR BELOW: 30 0.50 INCH OR MORE: 0
MIN 0 OR BELOW: 1 1.00 INCH OR MORE: 0
[HDD (BASE 65) ]
TOTAL THIS MO. 1159 CLEAR (SCALE 0-3) 15
DPTR FM NORMAL -428 PTCLDY (SCALE 4-7) 12
TOTAL FM JUL 1 4286 CLOUDY (SCALE 8-10) 4
DPTR FM NORMAL -806
[CDD (BASE 65) ]
TOTAL THIS MO. 0
DPTR FM NORMAL 0 [PRESSURE DATA]
TOTAL FM JAN 1 0 HIGHEST SLP M ON M
DPTR FM NORMAL 0 LOWEST SLP 29.37 ON 13
[REMARKS]
#FINAL-01-21#