000
CXUS54 KFWD 010830
CF6GKY
PRELIMINARY LOCAL CLIMATOLOGICAL DATA (WS FORM: F-6)
STATION: ARLINGTON
MONTH: FEBRUARY
YEAR: 2023
LATITUDE: 32 39 N
LONGITUDE: 97 6 W
TEMPERATURE IN F: :PCPN: SNOW: WIND :SUNSHINE: SKY :PK WND
================================================================================
1 2 3 4 5 6A 6B 7 8 9 10 11 12 13 14 15 16 17 18
12Z AVG MX 2MIN
DY MAX MIN AVG DEP HDD CDD WTR SNW DPTH SPD SPD DIR MIN PSBL S-S WX SPD DR
================================================================================
1 31 28 30 -19 35 0 0.22 M M 8.9 15 330 M M 10 16 19 320
2 34 31 33 -16 32 0 0.37 M M 7.6 15 320 M M 10 16 18 330
3 54 30 42 -7 23 0 0.00 M M 3.8 10 330 M M 0 18 14 330
4 59 28 44 -5 21 0 0.00 M M 8.2 22 160 M M 1 18 31 150
5 71 38 55 6 10 0 0.00 M M 6.1 13 150 M M 0 1 19 140
6 74 52 63 14 2 0 0.00 M M 14.7 28 150 M M 4 44 170
7 65 48 57 7 8 0 0.38 M M 11.7 21 340 M M 10 13 27 160
8 49 36 43 -7 22 0 0.88 M M 7.9 18 290 M M 8 13 29 270
9 66 31 49 -1 16 0 0.00 M M 4.5 20 330 M M 0 1 25 330
10 50 36 43 -7 22 0 T M M 14.2 24 310 M M 10 32 330
11 56 35 46 -4 19 0 T M M 7.9 17 330 M M 3 25 280
12 68 29 49 -1 16 0 0.00 M M 5.5 15 160 M M 0 23 170
13 66 39 53 2 12 0 T M M 9.4 30 130 M M 1 42 150
14 72 46 59 8 6 0 0.57 M M 12.5 29 210 M M 4 13 49 210
15 79 42 61 10 4 0 0.00 M M 11.5 28 150 M M 1 39 150
16 60 36 48 -3 17 0 0.00 M M 18.4 29 300 M M 5 42 290
17 52 29 41 -10 24 0 0.00 M M 8.4 28 330 M M 0 43 350
18 53 26 40 -12 25 0 0.00 M M 7.6 21 150 M M 0 30 150
19 72 43 58 6 7 0 0.00 M M 8.4 15 190 M M 0 26 180
20 80 54 67 15 0 2 0.00 M M 8.0 18 230 M M 0 30 230
21 88 58 73 21 0 8 0.00 M M 11.6 29 160 M M 0 41 160
22 80 59 70 17 0 5 0.36 M M 12.0 30 170 M M 4 13 47 170
23 68 47 58 5 7 0 0.00 M M 14.5 22 340 M M 2 30 330
24 50 43 47 -6 18 0 T M M 11.9 16 350 M M 10 21 320
25 50 39 45 -8 20 0 0.02 M M 6.1 14 350 M M 10 18 17 330
26 79 48 64 10 1 0 0.00 M M 12.8 32 160 M M 7 18 53 170
27 76 49 63 9 2 0 T M M 6.5 21 200 M M 5 8 31 270
28 85 43 64 10 1 0 0.00 M M 5.8 13 160 M M 0 18 180
================================================================================
SM 1787 1123 370 15 2.80 M 266.4 M 105
================================================================================
AV 63.8 40.1 9.5 FASTST M M 4 MAX(MPH)
MISC ----> 32 160 53 170
================================================================================
NOTES:
# LAST OF SEVERAL OCCURRENCES
COLUMN 17 PEAK WIND IN M.P.H.
PRELIMINARY LOCAL CLIMATOLOGICAL DATA (WS FORM: F-6) , PAGE 2
STATION: ARLINGTON
MONTH: FEBRUARY
YEAR: 2023
LATITUDE: 32 39 N
LONGITUDE: 97 6 W
[TEMPERATURE DATA] [PRECIPITATION DATA] SYMBOLS USED IN COLUMN 16
AVERAGE MONTHLY: 52.0 TOTAL FOR MONTH: 2.80 1 = FOG OR MIST
DPTR FM NORMAL: 0.9 DPTR FM NORMAL: 0.17 2 = FOG REDUCING VISIBILITY
HIGHEST: 88 ON 21 GRTST 24HR 1.26 ON 7- 8 TO 1/4 MILE OR LESS
LOWEST: 26 ON 18 3 = THUNDER
SNOW, ICE PELLETS, HAIL 4 = ICE PELLETS
TOTAL MONTH: M 5 = HAIL
GRTST 24HR M ON M 6 = FREEZING RAIN OR DRIZZLE
GRTST DEPTH: M ON M 7 = DUSTSTORM OR SANDSTORM:
VSBY 1/2 MILE OR LESS
8 = SMOKE OR HAZE
[NO. OF DAYS WITH] [WEATHER - DAYS WITH] 9 = BLOWING SNOW
X = TORNADO
MAX 32 OR BELOW: 1 0.01 INCH OR MORE: 7
MAX 90 OR ABOVE: 0 0.10 INCH OR MORE: 6
MIN 32 OR BELOW: 8 0.50 INCH OR MORE: 2
MIN 0 OR BELOW: 0 1.00 INCH OR MORE: 0
[HDD (BASE 65) ]
TOTAL THIS MO. 370 CLEAR (SCALE 0-3) 14
DPTR FM NORMAL -29 PTCLDY (SCALE 4-7) 8
TOTAL FM JUL 1 1661 CLOUDY (SCALE 8-10) 6
DPTR FM NORMAL -143
[CDD (BASE 65) ]
TOTAL THIS MO. 15
DPTR FM NORMAL 5 [PRESSURE DATA]
TOTAL FM JAN 1 27 HIGHEST SLP 30.62 ON 3
DPTR FM NORMAL 21 LOWEST SLP 29.42 ON 22
[REMARKS]
#FINAL-02-23#