000
CXUS54 KJAN 011510
CF6GLH
PRELIMINARY LOCAL CLIMATOLOGICAL DATA (WS FORM: F-6)
STATION: GREENVILLE
MONTH: NOVEMBER
YEAR: 2021
LATITUDE: 33 29 N
LONGITUDE: 90 59 W
TEMPERATURE IN F: :PCPN: SNOW: WIND :SUNSHINE: SKY :PK WND
================================================================================
1 2 3 4 5 6A 6B 7 8 9 10 11 12 13 14 15 16 17 18
12Z AVG MX 2MIN
DY MAX MIN AVG DEP HDD CDD WTR SNW DPTH SPD SPD DIR MIN PSBL S-S WX SPD DR
================================================================================
1 70 49 60 1 5 0 0.00 0.0 0 7.3 14 20 M M 0 19 60
2 61 50 56 -2 9 0 0.05 0.0 0 11.2 17 30 M M 8 24 30
3 51 45 48 -10 17 0 0.12 0.0 0 10.4 20 30 M M 10 1 24 40
4 58 41 50 -7 15 0 0.00 0.0 0 9.4 18 10 M M 3 26 360
5 61 35 48 -9 17 0 0.00 0.0 0 5.6 13 40 M M 2 1 17 40
6 64 36 50 -7 15 0 0.00 0.0 0 1.3 10 10 M M 3 12 14 360
7 68 36 52 -4 13 0 0.00 0.0 0 1.0 8 250 M M 2 12 16 240
8 73 38 56 0 9 0 0.00 0.0 0 2.4 9 200 M M 0 12 12 160
9 73 43 58 2 7 0 0.00 0.0 0 4.6 13 220 M M 0 8 16 210
10 76 41 59 4 6 0 0.00 0.0 0 6.9 16 160 M M 1 1 22 160
11 70 45 58 3 7 0 0.11 0.0 0 9.0 21 180 M M 4 13 28 180
12 69 39 54 0 11 0 0.00 0.0 0 7.2 21 330 M M 1 1 27 330
13 54 37 46 -8 19 0 0.00 0.0 0 5.7 15 350 M M 0 8 22 360
14 69 35 52 -2 13 0 0.00 0.0 0 6.4 17 280 M M 0 28 250
15 75 39 57 3 8 0 0.00 0.0 0 6.9 16 170 M M 1 21 170
16 79 58 69 16 0 4 0.00 0.0 0 12.2 22 190 M M 1 27 190
17 82 60 71 18 0 6 0.00 0.0 0 13.7 26 190 M M 2 33 190
18 67 36 52 -1 13 0 0.29 0.0 0 14.1 30 360 M M 4 13 38 360
19 59 32 46 -6 19 0 0.00 0.0 0 5.1 15 50 M M 0 21 40
20 69 33 51 -1 14 0 0.00 0.0 0 4.8 13 160 M M 0 17 160
21 75 49 62 10 3 0 0.61 0.0 0 9.8 20 360 M M 8 13 27 360
22 59 39 49 -2 16 0 T 0.0 0 8.8 20 10 M M 1 27 10
23 60 36 48 -3 17 0 0.00 0.0 0 6.4 13 150 M M 0 18 150
24 70 41 56 5 9 0 0.00 0.0 0 11.6 21 170 M M 0 29 180
25 62 42 52 2 13 0 0.67 0.0 0 11.7 22 360 M M 8 1 30 320
26 50 34 42 -8 23 0 0.00 0.0 0 6.6 17 10 M M 0 24 360
27 58 31 45 -5 20 0 0.00 0.0 0 7.7 15 230 M M 1 20 240
28 63 40 52 2 13 0 0.00 0.0 0 7.8 15 10 M M 2 21 240
29 62 35 49 0 16 0 0.00 0.0 0 5.3 12 180 M M 0 1 17 170
30 72 41 57 8 8 0 0.00 0.0 0 7.7 14 220 M M 0 8 18 210
================================================================================
SM 1979 1216 355 10 1.85 0.0 228.6 M 62
================================================================================
AV 66.0 40.5 7.6 FASTST M M 2 MAX(MPH)
MISC ----> 30 360 38 360
================================================================================
NOTES:
# LAST OF SEVERAL OCCURRENCES
COLUMN 17 PEAK WIND IN M.P.H.
PRELIMINARY LOCAL CLIMATOLOGICAL DATA (WS FORM: F-6) , PAGE 2
STATION: GREENVILLE
MONTH: NOVEMBER
YEAR: 2021
LATITUDE: 33 29 N
LONGITUDE: 90 59 W
[TEMPERATURE DATA] [PRECIPITATION DATA] SYMBOLS USED IN COLUMN 16
AVERAGE MONTHLY: 53.3 TOTAL FOR MONTH: 1.85 1 = FOG OR MIST
DPTR FM NORMAL: -0.2 DPTR FM NORMAL: -2.16 2 = FOG REDUCING VISIBILITY
HIGHEST: 82 ON 17 GRTST 24HR 0.67 ON 25-25 TO 1/4 MILE OR LESS
LOWEST: 31 ON 27 3 = THUNDER
SNOW, ICE PELLETS, HAIL 4 = ICE PELLETS
TOTAL MONTH: 0.0 INCH 5 = HAIL
GRTST 24HR 0.0 6 = FREEZING RAIN OR DRIZZLE
GRTST DEPTH: 0 7 = DUSTSTORM OR SANDSTORM:
VSBY 1/2 MILE OR LESS
8 = SMOKE OR HAZE
[NO. OF DAYS WITH] [WEATHER - DAYS WITH] 9 = BLOWING SNOW
X = TORNADO
MAX 32 OR BELOW: 0 0.01 INCH OR MORE: 6
MAX 90 OR ABOVE: 0 0.10 INCH OR MORE: 5
MIN 32 OR BELOW: 2 0.50 INCH OR MORE: 2
MIN 0 OR BELOW: 0 1.00 INCH OR MORE: 0
[HDD (BASE 65) ]
TOTAL THIS MO. 355 CLEAR (SCALE 0-3) 24
DPTR FM NORMAL -2 PTCLDY (SCALE 4-7) 5
TOTAL FM JUL 1 400 CLOUDY (SCALE 8-10) 1
DPTR FM NORMAL -65
[CDD (BASE 65) ]
TOTAL THIS MO. 10
DPTR FM NORMAL -4 [PRESSURE DATA]
TOTAL FM JAN 1 2425 HIGHEST SLP 30.53 ON 19
DPTR FM NORMAL 133 LOWEST SLP 29.85 ON 11
[REMARKS]
#FINAL-11-21#