000
CXUS54 KMAF 011210
CF6GNC
PRELIMINARY LOCAL CLIMATOLOGICAL DATA (WS FORM: F-6)
STATION: GAINES COUNTY AIRPORT
MONTH: JANUARY
YEAR: 2022
LATITUDE: 32 40 N
LONGITUDE: 102 39 W
TEMPERATURE IN F: :PCPN: SNOW: WIND :SUNSHINE: SKY :PK WND
================================================================================
1 2 3 4 5 6A 6B 7 8 9 10 11 12 13 14 15 16 17 18
12Z AVG MX 2MIN
DY MAX MIN AVG DEP HDD CDD WTR SNW DPTH SPD SPD DIR MIN PSBL S-S WX SPD DR
================================================================================
1 62 18 40 M 25 0 M M M 18.5 38 260 M M 3 8 47 260
2 47 13 30 M 35 0 M M M 9.4 17 330 M M 0 23 350
3 55 19 37 M 28 0 M M M 7.7 13 210 M M 0 16 200
4 71 24 48 M 17 0 M M M 11.0 20 260 M M 0 25 260
5 57 39 48 M 17 0 M M M 8.5 14 50 M M 0 20 350
6 45 23 34 M 31 0 M M M 10.0 20 30 M M 0 26 30
7 63 17 40 M 25 0 M M M 6.3 10 190 M M 0 17 190
8 73 31 52 M 13 0 M M M 11.7 25 260 M M 0 32 260
9 53 35 44 M 21 0 M M M 13.0 23 10 M M 0 28 30
10 51 23 37 M 28 0 M M M 3.5 7 340 M M 2 M M
11 57 35 46 M 19 0 M M M 6.7 15 220 M M 4 21 220
12 67 26 47 M 18 0 M M M 4.5 10 280 M M 0 M M
13 70 30 50 M 15 0 M M M 4.3 10 300 M M 0 M M
14 74 34 54 M 11 0 M M M 15.6 28 20 M M 2 8 44 20
15 48 24 36 M 29 0 M M M 17.4 32 10 M M 1 8 45 10
16 68 20 44 M 21 0 M M M 7.6 17 280 M M 0 23 310
17 67 21 44 M 21 0 M M M 5.7 10 210 M M 0 16 180
18 71 39 55 M 10 0 M M M 13.4 24 280 M M 0 32 280
19 52 32 42 M 23 0 M M M 14.0 24 360 M M 1 8 32 360
20 32 23 28 M 37 0 M M M 10.3 18 10 M M 10 8 22 30
21 51 17 34 M 31 0 M M M 7.3 14 170 M M 1 21 180
22 42 21 32 M 33 0 M M M 3.9 7 90 M M 6 M M
23 55 35 45 M 20 0 M M M 2.4 8 220 M M 4 M M
24 62 28 45 M 20 0 M M M 7.3 12 250 M M 0 18 300
25 59 31 45 M 20 0 M M M 10.5 16 80 M M 0 24 90
26 34 23 29 M 36 0 M M M 8.3 20 60 M M 10 1 29 60
27 52 24 38 M 27 0 M M M 8.6 16 50 M M 4 1 21 50
28 51 19 35 M 30 0 M M M 6.9 12 10 M M 0 17 290
29 60 22 41 M 24 0 M M M 8.9 14 260 M M 0 18 240
30 65 26 46 M 19 0 M M M 5.7 10 150 M M 0 20 0
31 65 32 49 M 16 0 M M M 7.2 13 190 M M 0 M M
================================================================================
SM 1779 804 720 0 M M 276.2 M 48
================================================================================
AV 57.4 25.9 8.9 FASTST M M 2 MAX(MPH)
MISC ----> 38 260 47 260
================================================================================
NOTES:
# LAST OF SEVERAL OCCURRENCES
COLUMN 17 PEAK WIND IN M.P.H.
PRELIMINARY LOCAL CLIMATOLOGICAL DATA (WS FORM: F-6) , PAGE 2
STATION: GAINES COUNTY AIRPORT
MONTH: JANUARY
YEAR: 2022
LATITUDE: 32 40 N
LONGITUDE: 102 39 W
[TEMPERATURE DATA] [PRECIPITATION DATA] SYMBOLS USED IN COLUMN 16
AVERAGE MONTHLY: 41.7 TOTAL FOR MONTH: M 1 = FOG OR MIST
DPTR FM NORMAL: 0.0 DPTR FM NORMAL: M 2 = FOG REDUCING VISIBILITY
HIGHEST: 74 ON 14 GRTST 24HR 0.01 ON 20-20 TO 1/4 MILE OR LESS
LOWEST: 13 ON 2 3 = THUNDER
SNOW, ICE PELLETS, HAIL 4 = ICE PELLETS
TOTAL MONTH: M 5 = HAIL
GRTST 24HR M ON M 6 = FREEZING RAIN OR DRIZZLE
GRTST DEPTH: M ON M 7 = DUSTSTORM OR SANDSTORM:
VSBY 1/2 MILE OR LESS
8 = SMOKE OR HAZE
[NO. OF DAYS WITH] [WEATHER - DAYS WITH] 9 = BLOWING SNOW
X = TORNADO
MAX 32 OR BELOW: 1 0.01 INCH OR MORE: 0
MAX 90 OR ABOVE: 0 0.10 INCH OR MORE: 0
MIN 32 OR BELOW: 25 0.50 INCH OR MORE: 0
MIN 0 OR BELOW: 0 1.00 INCH OR MORE: 0
[HDD (BASE 65) ]
TOTAL THIS MO. 720 CLEAR (SCALE 0-3) 24
DPTR FM NORMAL M PTCLDY (SCALE 4-7) 5
TOTAL FM JUL 1 1452 CLOUDY (SCALE 8-10) 2
DPTR FM NORMAL M
[CDD (BASE 65) ]
TOTAL THIS MO. 0
DPTR FM NORMAL M [PRESSURE DATA]
TOTAL FM JAN 1 0 HIGHEST SLP M ON M
DPTR FM NORMAL M LOWEST SLP M ON M
[REMARKS]
#FINAL-01-22#