000
CXUS52 KJAX 011413
CLMGNV
CLIMATE REPORT
NATIONAL WEATHER SERVICE JACKSONVILLE FL
913 AM EST FRI DEC 01 2023
...................................
...THE GAINESVILLE CLIMATE SUMMARY FOR THE MONTH OF NOVEMBER 2023...
CLIMATE NORMAL PERIOD: 1991 TO 2020
CLIMATE RECORD PERIOD: 1890 TO 2023
WEATHER OBSERVED NORMAL DEPART LAST YEAR`S
VALUE DATE(S) VALUE FROM VALUE DATE(S)
NORMAL
................................................................
TEMPERATURE (F)
RECORD
HIGH 91 11/03/2015
LOW 20 11/25/1970
HIGHEST 89 11/11 85 4 88 11/01
LOWEST 33 11/30 33 0 39 11/19
AVG. MAXIMUM 74.4 74.7 -0.3 76.6
AVG. MINIMUM 53.0 50.6 2.4 57.4
MEAN 63.7 62.7 1.0 67.0
DAYS MAX >= 90 0 0.0 0.0 0
DAYS MIN <= 32 0 1.0 -1.0 0
PRECIPITATION (INCHES)
RECORD
MAXIMUM 7.27 1972
MINIMUM T 1978
TOTALS 2.39 1.79 0.60 3.95
DAILY AVG. 0.08 0.06 0.02 0.13
DAYS >= .01 7 5.8 1.2 10
DAYS >= .10 5 3.0 2.0 5
DAYS >= .50 1 1.2 -0.2 2
DAYS >= 1.00 1 0.5 0.5 1
GREATEST
24 HR. TOTAL 1.03 11/26 TO 11/26
SNOWFALL (INCHES)
RECORDS
TOTAL T 1911
TOTALS 0.0 0.0 0.0 0.0
DEGREE DAYS
HEATING TOTAL 97 133 -36 73
SINCE 7/1 113 157 -44 MM
COOLING TOTAL 66 62 4 140
SINCE 1/1 3128 2713 415 MM
................................................................
WIND (MPH)
AVERAGE WIND SPEED 5.7
HIGHEST WIND SPEED/DIRECTION 23/030 DATE 11/02
HIGHEST GUST SPEED/DIRECTION 30/060 DATE 11/02
SKY COVER
AVERAGE SKY COVER 0.44
AVERAGE RH (PERCENT) 73
WEATHER CONDITIONS. NUMBER OF DAYS WITH
THUNDERSTORM 0 MIXED PRECIP 0
HEAVY RAIN 2 RAIN 5
LIGHT RAIN 11 FREEZING RAIN 0
LT FREEZING RAIN 0 HAIL 0
HEAVY SNOW 0 SNOW 0
LIGHT SNOW 0 SLEET 0
FOG 14 FOG W/VIS <= 1/4 MILE 2
HAZE 0
- INDICATES NEGATIVE NUMBERS.
R INDICATES RECORD WAS SET OR TIED.
MM INDICATES DATA IS MISSING.
T INDICATES TRACE AMOUNT.
$$