000
CXUS54 KFWD 010730
CF6GOP
PRELIMINARY LOCAL CLIMATOLOGICAL DATA (WS FORM: F-6)
STATION: GATESVILLE
MONTH: JUNE
YEAR: 2023
LATITUDE: 31 25 N
LONGITUDE: 97 48 W
TEMPERATURE IN F: :PCPN: SNOW: WIND :SUNSHINE: SKY :PK WND
================================================================================
1 2 3 4 5 6A 6B 7 8 9 10 11 12 13 14 15 16 17 18
12Z AVG MX 2MIN
DY MAX MIN AVG DEP HDD CDD WTR SNW DPTH SPD SPD DIR MIN PSBL S-S WX SPD DR
================================================================================
1 88 68 78 2 0 13 0.00 M M 5.6 13 150 M M 3 17 99
2 88 68 78 2 0 13 0.00 M M 5.2 13 150 M M 0 21 140
3 90 70 80 4 0 15 0.00 M M 5.7 12 40 M M 3 8 20 40
4 79 64 72 -5 0 7 0.08 M M 4.5 14 10 M M 3 25 10
5 68 68 68 -9 0 3 0.00 M M 0.0 M M M M 9 M M
6 86 86 86 9 0 21 0.00 M M 6.9 7 70 M M 2 13 70
7 88 79 84 7 0 19 0.00 M M 1.5 5 150 M M 1 14 0
8 86 77 82 4 0 17 0.00 M M 10.9 12 240 M M 0 16 140
9 93 70 82 4 0 17 0.00 M M 1.7 3 99 M M 0 M M
10 99 70 85 7 0 20 0.64 M M 14.2 32 360 M M 1 3 52 360
11 91 70 81 3 0 16 0.00 M M 8.4 13 220 M M 1 23 180
12 90 72 81 3 0 16 0.00 M M 6.5 9 100 M M 5 23 80
13 84 77 81 3 0 16 0.00 M M 4.6 7 99 M M 6 14 99
14 95 77 86 7 0 21 0.00 M M 4.3 14 190 M M 6 21 190
15 95 79 87 8 0 22 0.00 M M 6.1 13 130 M M 1 20 130
16 102 77 90 11 0 25 0.00 M M 4.5 10 150 M M 4 17 140
17 91 72 82 3 0 17 0.00 M M 3.6 13 160 M M 1 22 160
18 99 79 89 10 0 24 0.00 M M 4.3 10 180 M M 3 17 170
19 100 79 90 10 0 25 0.00 M M 6.5 10 140 M M 1 17 140
20 104 77 91 11 0 26 0.00 M M 6.0 13 170 M M 2 18 160
21 97 77 87 7 0 22 0.00 M M 6.4 13 160 M M 3 18 100
22 93 73 83 3 0 18 0.00 M M 5.4 12 160 M M 1 25 200
23 97 75 86 6 0 21 0.03 M M 5.7 16 290 M M 3 3 25 290
24 102 75 89 9 0 24 0.03 M M 10.9 18 210 M M 1 37 160
25 100 75 88 8 0 23 0.00 M M 8.6 16 200 M M 0 22 180
26 104 79 92 11 0 27 0.00 M M 7.9 13 190 M M 0 22 150
27 104 75 90 9 0 25 0.00 M M 6.9 12 150 M M 0 17 150
28 102 75 89 8 0 24 0.00 M M 8.0 15 160 M M 0 21 160
29 100 79 90 9 0 25 0.00 M M 8.7 15 150 M M 0 22 190
30 99 73 86 5 0 21 0.00 M M 7.4 15 190 M M 1 22 190
================================================================================
SM 2814 2235 0 583 0.78 M 187.0 M 61
================================================================================
AV 93.8 74.5 6.2 FASTST M M 2 MAX(MPH)
MISC ----> 32 360 52 360
================================================================================
NOTES:
# LAST OF SEVERAL OCCURRENCES
COLUMN 17 PEAK WIND IN M.P.H.
PRELIMINARY LOCAL CLIMATOLOGICAL DATA (WS FORM: F-6) , PAGE 2
STATION: GATESVILLE
MONTH: JUNE
YEAR: 2023
LATITUDE: 31 25 N
LONGITUDE: 97 48 W
[TEMPERATURE DATA] [PRECIPITATION DATA] SYMBOLS USED IN COLUMN 16
AVERAGE MONTHLY: 84.2 TOTAL FOR MONTH: 0.78 1 = FOG OR MIST
DPTR FM NORMAL: 5.3 DPTR FM NORMAL: M 2 = FOG REDUCING VISIBILITY
HIGHEST: 104 ON 27,26 GRTST 24HR 0.64 ON 10-10 TO 1/4 MILE OR LESS
LOWEST: 64 ON 4 3 = THUNDER
SNOW, ICE PELLETS, HAIL 4 = ICE PELLETS
TOTAL MONTH: M 5 = HAIL
GRTST 24HR M ON M 6 = FREEZING RAIN OR DRIZZLE
GRTST DEPTH: M ON M 7 = DUSTSTORM OR SANDSTORM:
VSBY 1/2 MILE OR LESS
8 = SMOKE OR HAZE
[NO. OF DAYS WITH] [WEATHER - DAYS WITH] 9 = BLOWING SNOW
X = TORNADO
MAX 32 OR BELOW: 0 0.01 INCH OR MORE: 4
MAX 90 OR ABOVE: 22 0.10 INCH OR MORE: 1
MIN 32 OR BELOW: 0 0.50 INCH OR MORE: 1
MIN 0 OR BELOW: 0 1.00 INCH OR MORE: 0
[HDD (BASE 65) ]
TOTAL THIS MO. 0 CLEAR (SCALE 0-3) 23
DPTR FM NORMAL 0 PTCLDY (SCALE 4-7) 6
TOTAL FM JUL 1 1758 CLOUDY (SCALE 8-10) 1
DPTR FM NORMAL -699
[CDD (BASE 65) ]
TOTAL THIS MO. 583
DPTR FM NORMAL 169 [PRESSURE DATA]
TOTAL FM JAN 1 940 HIGHEST SLP M ON M
DPTR FM NORMAL 193 LOWEST SLP M ON M
[REMARKS]
#FINAL-06-23#