000
CXUS55 KMSO 021951
CF6GPI
PRELIMINARY LOCAL CLIMATOLOGICAL DATA (WS FORM: F-6)
STATION: KALISPELL MT
MONTH: JULY
YEAR: 2021
LATITUDE: 48 17 N
LONGITUDE: 114 16 W
TEMPERATURE IN F: :PCPN: SNOW: WIND :SUNSHINE: SKY :PK WND
================================================================================
1 2 3 4 5 6A 6B 7 8 9 10 11 12 13 14 15 16 17 18
12Z AVG MX 2MIN
DY MAX MIN AVG DEP HDD CDD WTR SNW DPTH SPD SPD DIR MIN PSBL S-S WX SPD DR
================================================================================
1 96 56 76 15 0 11 0.15 0.0 0 7.1 33 140 M M 2 13 45 130
2 92 58 75 14 0 10 0.05 0.0 0 4.6 16 160 M M 1 12 26 140
3 91 48 70 8 0 5 0.00 0.0 0 3.4 13 150 M M 0 20 130
4 94 49 72 10 0 7 0.00 0.0 0 4.4 18 20 M M 0 8 27 40
5 91 65 78 16 0 13 0.00 0.0 0 7.5 20 10 M M 0 27 20
6 90 60 75 12 0 10 0.00 0.0 0 4.7 10 180 M M 0 20 340
7 87 52 70 7 0 5 0.00 0.0 0 3.1 22 60 M M 1 3 28 60
8 88 53 71 8 0 6 0.00 0.0 0 2.8 13 190 M M 1 17 190
9 89 55 72 8 0 7 0.00 0.0 0 4.0 12 110 M M 0 17 180
10 92 47 70 6 0 5 0.00 0.0 0 6.5 17 150 M M 1 8 24 90
11 94 46 70 6 0 5 0.00 0.0 0 5.4 16 270 M M 0 18 27 280
12 93 47 70 6 0 5 0.00 0.0 0 3.5 12 110 M M 0 16 120
13 92 57 75 10 0 10 T 0.0 0 8.3 21 20 M M 1 3 28 20
14 93 57 75 10 0 10 0.00 0.0 0 6.0 14 170 M M 0 19 170
15 94 49 72 7 0 7 0.00 0.0 0 5.9 16 150 M M 1 18 24 220
16 88 47 68 3 0 3 0.00 0.0 0 3.4 15 160 M M 0 8 29 140
17 89 48 69 3 0 4 0.00 0.0 0 4.7 15 160 M M 1 8 24 130
18 94 50 72 6 0 7 0.00 0.0 0 3.8 14 40 M M 0 8 17 30
19 88 52 70 4 0 5 0.00 0.0 0 4.1 14 40 M M 0 8 19 40
20 86 54 70 4 0 5 T 0.0 0 2.7 15 260 M M 2 18 21 260
21 86 49 68 2 0 3 0.00 0.0 0 5.5 16 340 M M 2 18 26 350
22 86 44 65 -2 0 0 0.00 0.0 0 5.8 20 220 M M 0 28 200
23 87 39 63 -4 2 0 0.00 0.0 0 5.4 18 260 M M 0 8 26 260
24 88 42 65 -2 0 0 0.00 0.0 0 3.3 13 170 M M 0 8 18 180
25 93 46 70 3 0 5 0.00 0.0 0 5.8 16 170 M M 0 18 22 140
26 92 45 69 2 0 4 0.00 0.0 0 4.9 15 150 M M 1 8 22 140
27 96 50 73 6 0 8 T 0.0 0 4.1 21 270 M M 2 8 36 270
28 89 64 77 10 0 12 0.00 0.0 0 2.7 9 140 M M 4 18 120
29 96 56 76 9 0 11 0.00 0.0 0 3.5 13 190 M M 1 8 20 220
30 97 53 75 8 0 10 0.00 0.0 0 3.9 16 10 M M 1 8 21 10
31 101 62 82 15 0 17 0.00 0.0 0 6.7 17 70 M M 0 8 24 70
================================================================================
SM 2832 1600 2 210 0.20 0.0 147.5 M 22
================================================================================
AV 91.4 51.6 4.8 FASTST M M 1 MAX(MPH)
MISC ----> 33 140 45 130
================================================================================
NOTES:
# LAST OF SEVERAL OCCURRENCES
COLUMN 17 PEAK WIND IN M.P.H.
PRELIMINARY LOCAL CLIMATOLOGICAL DATA (WS FORM: F-6) , PAGE 2
STATION: KALISPELL MT
MONTH: JULY
YEAR: 2021
LATITUDE: 48 17 N
LONGITUDE: 114 16 W
[TEMPERATURE DATA] [PRECIPITATION DATA] SYMBOLS USED IN COLUMN 16
AVERAGE MONTHLY: 71.5 TOTAL FOR MONTH: 0.20 1 = FOG OR MIST
DPTR FM NORMAL: 6.6 DPTR FM NORMAL: -0.94 2 = FOG REDUCING VISIBILITY
HIGHEST: 101 ON 31 GRTST 24HR 0.20 ON 1- 2 TO 1/4 MILE OR LESS
LOWEST: 39 ON 23 3 = THUNDER
SNOW, ICE PELLETS, HAIL 4 = ICE PELLETS
TOTAL MONTH: 0.0 INCH 5 = HAIL
GRTST 24HR 0.0 6 = FREEZING RAIN OR DRIZZLE
GRTST DEPTH: 0 7 = DUSTSTORM OR SANDSTORM:
VSBY 1/2 MILE OR LESS
8 = SMOKE OR HAZE
[NO. OF DAYS WITH] [WEATHER - DAYS WITH] 9 = BLOWING SNOW
X = TORNADO
MAX 32 OR BELOW: 0 0.01 INCH OR MORE: 2
MAX 90 OR ABOVE: 19 0.10 INCH OR MORE: 1
MIN 32 OR BELOW: 0 0.50 INCH OR MORE: 0
MIN 0 OR BELOW: 0 1.00 INCH OR MORE: 0
[HDD (BASE 65) ]
TOTAL THIS MO. 2 CLEAR (SCALE 0-3) 30
DPTR FM NORMAL -73 PTCLDY (SCALE 4-7) 1
TOTAL FM JUL 1 2 CLOUDY (SCALE 8-10) 0
DPTR FM NORMAL -72
[CDD (BASE 65) ]
TOTAL THIS MO. 210
DPTR FM NORMAL 138 [PRESSURE DATA]
TOTAL FM JAN 1 299 HIGHEST SLP 30.18 ON 28
DPTR FM NORMAL 214 LOWEST SLP 29.69 ON 7
[REMARKS]
#FINAL-07-21#