816
CXUS54 KLIX 010810
CF6GPT
PRELIMINARY LOCAL CLIMATOLOGICAL DATA (WS FORM: F-6)
STATION: GULFPORT
MONTH: JULY
YEAR: 2020
LATITUDE: 30 23 N
LONGITUDE: 89 4 W
TEMPERATURE IN F: :PCPN: SNOW: WIND :SUNSHINE: SKY :PK WND
================================================================================
1 2 3 4 5 6A 6B 7 8 9 10 11 12 13 14 15 16 17 18
12Z AVG MX 2MIN
DY MAX MIN AVG DEP HDD CDD WTR SNW DPTH SPD SPD DIR MIN PSBL S-S WX SPD DR
================================================================================
1 92 72 82 0 0 17 1.28 0.0 M 5.3 30 110 M M 2 13 45 120
2 92 75 84 2 0 19 T 0.0 M 3.8 18 10 M M 2 3 24 10
3 91 75 83 1 0 18 0.00 0.0 M 5.6 13 200 M M 1 19 250
4 88 73 81 -1 0 16 2.39 0.0 M 3.3 26 300 M M 4 123 33 300
5 88 73 81 -1 0 16 0.00 0.0 M 3.8 14 270 M M 4 1 19 270
6 87 73 80 -2 0 15 0.67 0.0 M 3.7 14 290 M M 4 1 19 300
7 86 74 80 -2 0 15 0.38 0.0 M 4.7 21 300 M M 2 138 28 240
8 89 73 81 -1 0 16 0.67 0.0 M 3.7 28 340 M M 3 138 38 340
9 93 75 84 2 0 19 0.00 0.0 M 5.1 14 310 M M 2 1 19 290
10 90 78 84 2 0 19 0.17 0.0 M 4.4 16 340 M M 2 38 20 350
11 97 78 88 6 0 23 0.00 0.0 M 6.2 16 340 M M 2 20 340
12 97 75 86 4 0 21 0.00 0.0 M 2.8 14 90 M M 2 17 210
13 97 78 88 6 0 23 0.01 0.0 M 4.1 22 100 M M 5 13 26 100
14 93 73 83 1 0 18 1.01 0.0 M 2.7 38 340 M M 1 138 49 340
15 92 75 84 2 0 19 1.46 0.0 M 3.7 16 70 M M 3 13 24 220
16 86 74 80 -2 0 15 0.00 0.0 M 4.8 15 150 M M 3 13 20 140
17 91 75 83 1 0 18 0.00 0.0 M 4.6 16 140 M M 1 20 140
18 92 76 84 2 0 19 0.00 0.0 M 6.6 15 150 M M 0 19 140
19 90 77 84 2 0 19 T 0.0 M 7.5 18 130 M M 2 3 23 120
20 91 78 85 3 0 20 T 0.0 M 8.2 20 120 M M 2 24 130
21 92 78 85 3 0 20 0.00 0.0 M 9.5 18 150 M M 2 25 120
22 91 78 85 3 0 20 0.00 0.0 M 10.4 24 140 M M 2 3 29 130
23 85 76 81 -1 0 16 0.57 0.0 M 10.9 25 130 M M 6 138 31 120
24 83 76 80 -2 0 15 1.20 0.0 M 8.8 24 150 M M 7 138 31 140
25 78 74 76 -7 0 11 2.26 0.0 M 5.9 23 140 M M 5 13 29 140
26 82 74 78 -5 0 13 0.85 0.0 M 4.1 13 90 M M 4 13 16 80
27 80 73 77 -6 0 12 0.86 0.0 M 4.3 18 150 M M 5 18 23 150
28 86 73 80 -3 0 15 0.45 0.0 M 3.7 16 170 M M 5 138 23 260
29 86 77 82 -1 0 17 0.05 0.0 M 3.7 16 190 M M 3 13 25 180
30 91 76 84 1 0 19 0.00 0.0 M 4.8 13 190 M M 2 1 19 200
31 91 79 85 2 0 20 0.00 M M 7.0 15 180 M M 1 24 180
================================================================================
SM 2767 2334 0 543 14.28 0.0 167.7 M 89
================================================================================
AV 89.3 75.3 5.4 FASTST M M 3 MAX(MPH)
MISC ----> 38 340 49 340
================================================================================
NOTES:
# LAST OF SEVERAL OCCURRENCES
COLUMN 17 PEAK WIND IN M.P.H.
PRELIMINARY LOCAL CLIMATOLOGICAL DATA (WS FORM: F-6) , PAGE 2
STATION: GULFPORT
MONTH: JULY
YEAR: 2020
LATITUDE: 30 23 N
LONGITUDE: 89 4 W
[TEMPERATURE DATA] [PRECIPITATION DATA] SYMBOLS USED IN COLUMN 16
AVERAGE MONTHLY: 82.3 TOTAL FOR MONTH: 14.28 1 = FOG OR MIST
DPTR FM NORMAL: -0.1 DPTR FM NORMAL: 7.07 2 = FOG REDUCING VISIBILITY
HIGHEST: 97 ON 13,12 GRTST 24HR 2.43 ON 24-25 TO 1/4 MILE OR LESS
LOWEST: 72 ON 1 3 = THUNDER
SNOW, ICE PELLETS, HAIL 4 = ICE PELLETS
TOTAL MONTH: 0.0 INCH 5 = HAIL
GRTST 24HR 0.0 6 = FREEZING RAIN OR DRIZZLE
GRTST DEPTH: M ON M 7 = DUSTSTORM OR SANDSTORM:
VSBY 1/2 MILE OR LESS
8 = SMOKE OR HAZE
[NO. OF DAYS WITH] [WEATHER - DAYS WITH] 9 = BLOWING SNOW
X = TORNADO
MAX 32 OR BELOW: 0 0.01 INCH OR MORE: 16
MAX 90 OR ABOVE: 18 0.10 INCH OR MORE: 14
MIN 32 OR BELOW: 0 0.50 INCH OR MORE: 11
MIN 0 OR BELOW: 0 1.00 INCH OR MORE: 6
[HDD (BASE 65) ]
TOTAL THIS MO. 0 CLEAR (SCALE 0-3) 19
DPTR FM NORMAL 0 PTCLDY (SCALE 4-7) 12
TOTAL FM JUL 1 0 CLOUDY (SCALE 8-10) 0
DPTR FM NORMAL 0
[CDD (BASE 65) ]
TOTAL THIS MO. 543
DPTR FM NORMAL 5 [PRESSURE DATA]
TOTAL FM JAN 1 1678 HIGHEST SLP M ON M
DPTR FM NORMAL 244 LOWEST SLP 29.78 ON 12
[REMARKS]
#FINAL-07-20#