000
CXUS54 KLIX 010810
CF6GPT
PRELIMINARY LOCAL CLIMATOLOGICAL DATA (WS FORM: F-6)
STATION: GULFPORT
MONTH: SEPTEMBER
YEAR: 2023
LATITUDE: 30 23 N
LONGITUDE: 89 4 W
TEMPERATURE IN F: :PCPN: SNOW: WIND :SUNSHINE: SKY :PK WND
================================================================================
1 2 3 4 5 6A 6B 7 8 9 10 11 12 13 14 15 16 17 18
12Z AVG MX 2MIN
DY MAX MIN AVG DEP HDD CDD WTR SNW DPTH SPD SPD DIR MIN PSBL S-S WX SPD DR
================================================================================
1 90 75 83 1 0 18 0.04 0.0 M 6.8 16 20 M M 6 38 22 50
2 86 78 82 0 0 17 0.16 0.0 M 5.1 16 110 M M 3 13 20 110
3 90 77 84 3 0 19 0.08 0.0 M 8.8 20 110 M M 6 1 25 130
4 92 78 85 4 0 20 0.22 0.0 M 11.8 21 130 M M 6 1 27 140
5 91 76 84 3 0 19 0.00 0.0 M 8.1 16 140 M M 1 22 130
6 93 75 84 3 0 19 T 0.0 M 5.6 16 140 M M 3 3 21 140
7 97 71 84 3 0 19 1.32 0.0 M 4.2 21 60 M M 3 123 38 80
8 94 72 83 2 0 18 0.00 0.0 M 4.2 15 340 M M 2 20 360
9 94 68 81 0 0 16 0.00 0.0 M 3.5 12 350 M M 0 17 330
10 93 71 82 2 0 17 0.00 0.0 M 4.3 10 310 M M 1 16 20
11 93 71 82 2 0 17 0.00 0.0 M 4.7 14 160 M M 1 22 160
12 90 76 83 3 0 18 0.34 0.0 M 3.8 14 130 M M 3 13 18 160
13 92 75 84 4 0 19 0.01 0.0 M 3.5 14 30 M M 2 3 21 30
14 90 75 83 3 0 18 0.03 0.0 M 4.3 13 150 M M 2 3 16 170
15 90 74 82 2 0 17 0.00 0.0 M 2.9 10 140 M M 2 16 280
16 90 77 84 5 0 19 0.01 0.0 M 2.7 13 180 M M 3 3 18 160
17 94 70 82 3 0 17 0.00 0.0 M 6.3 16 340 M M 0 24 20
18 92 65 79 0 0 14 0.00 0.0 M 2.8 13 360 M M 0 20 140
19 90 64 77 -2 0 12 0.00 0.0 M 5.5 15 140 M M 0 20 150
20 90 68 79 1 0 14 0.00 0.0 M 8.3 23 120 M M 3 30 120
21 90 75 83 5 0 18 0.00 0.0 M 8.5 17 150 M M 2 22 130
22 89 73 81 3 0 16 T 0.0 M 5.4 15 150 M M 1 24 130
23 88 72 80 2 0 15 0.00 0.0 M 3.7 13 150 M M 2 17 160
24 89 72 81 3 0 16 0.01 0.0 M 3.7 13 170 M M 2 20 170
25 91 72 82 5 0 17 0.00 0.0 M 3.8 16 160 M M 4 22 160
26 95 72 84 7 0 19 0.00 0.0 M 4.2 17 120 M M 2 23 110
27 92 73 83 6 0 18 0.00 0.0 M 7.4 16 80 M M 1 22 40
28 84 71 78 2 0 13 0.00 0.0 M 7.8 16 80 M M 2 22 60
29 88 69 79 3 0 14 0.00 0.0 M 5.4 15 140 M M 0 23 130
30 90 68 79 3 0 14 0.00 0.0 M 6.7 18 150 M M 0 24 130
================================================================================
SM 2727 2173 0 507 2.22 0.0 163.8 M 63
================================================================================
AV 90.9 72.4 5.5 FASTST M M 2 MAX(MPH)
MISC ----> 23 120 38 80
================================================================================
NOTES:
# LAST OF SEVERAL OCCURRENCES
COLUMN 17 PEAK WIND IN M.P.H.
PRELIMINARY LOCAL CLIMATOLOGICAL DATA (WS FORM: F-6) , PAGE 2
STATION: GULFPORT
MONTH: SEPTEMBER
YEAR: 2023
LATITUDE: 30 23 N
LONGITUDE: 89 4 W
[TEMPERATURE DATA] [PRECIPITATION DATA] SYMBOLS USED IN COLUMN 16
AVERAGE MONTHLY: 81.7 TOTAL FOR MONTH: 2.22 1 = FOG OR MIST
DPTR FM NORMAL: 2.5 DPTR FM NORMAL: -2.96 2 = FOG REDUCING VISIBILITY
HIGHEST: 97 ON 7 GRTST 24HR 1.32 ON 7- 7 TO 1/4 MILE OR LESS
LOWEST: 64 ON 19 3 = THUNDER
SNOW, ICE PELLETS, HAIL 4 = ICE PELLETS
TOTAL MONTH: 0.0 INCH 5 = HAIL
GRTST 24HR 0.0 6 = FREEZING RAIN OR DRIZZLE
GRTST DEPTH: M ON M 7 = DUSTSTORM OR SANDSTORM:
VSBY 1/2 MILE OR LESS
8 = SMOKE OR HAZE
[NO. OF DAYS WITH] [WEATHER - DAYS WITH] 9 = BLOWING SNOW
X = TORNADO
MAX 32 OR BELOW: 0 0.01 INCH OR MORE: 10
MAX 90 OR ABOVE: 24 0.10 INCH OR MORE: 4
MIN 32 OR BELOW: 0 0.50 INCH OR MORE: 1
MIN 0 OR BELOW: 0 1.00 INCH OR MORE: 1
[HDD (BASE 65) ]
TOTAL THIS MO. 0 CLEAR (SCALE 0-3) 25
DPTR FM NORMAL 0 PTCLDY (SCALE 4-7) 5
TOTAL FM JUL 1 0 CLOUDY (SCALE 8-10) 0
DPTR FM NORMAL 0
[CDD (BASE 65) ]
TOTAL THIS MO. 507
DPTR FM NORMAL 81 [PRESSURE DATA]
TOTAL FM JAN 1 3230 HIGHEST SLP M ON M
DPTR FM NORMAL 728 LOWEST SLP 29.82 ON 8
[REMARKS]
#FINAL-09-23#