000
CXUS53 KGID 010830
CF6GRI
PRELIMINARY LOCAL CLIMATOLOGICAL DATA (WS FORM: F-6)
STATION: GRAND ISLAND NE
MONTH: MARCH
YEAR: 2022
LATITUDE: 40 58 N
LONGITUDE: 98 19 W
TEMPERATURE IN F: :PCPN: SNOW: WIND :SUNSHINE: SKY :PK WND
================================================================================
1 2 3 4 5 6A 6B 7 8 9 10 11 12 13 14 15 16 17 18
12Z AVG MX 2MIN
DY MAX MIN AVG DEP HDD CDD WTR SNW DPTH SPD SPD DIR MIN PSBL S-S WX SPD DR
================================================================================
1 75 35 55 21 10 0 0.00 0.0 0 8.3 18 310 M M 0 25 300
2 78 34 56 21 9 0 0.00 0.0 0 10.8 21 50 M M 0 29 50
3 52 28 40 5 25 0 0.00 0.0 0 13.8 20 100 M M 3 8 28 100
4 75 30 53 17 12 0 0.00 0.0 0 13.0 26 180 M M 0 35 180
5 47 24 36 0 29 0 0.04 0.4 0 17.2 29 320 M M 7 1368 40 320
6 31 17 24 -13 41 0 0.04 1.0 T 15.0 25 340 M M 5 1 35 330
7 39 13 26 -11 39 0 0.02 0.2 1 10.2 20 330 M M 1 1 27 340
8 49 19 34 -4 31 0 0.00 0.0 0 13.8 30 360 M M 1 38 360
9 24 14 19 -19 46 0 0.08 1.4 0 10.4 18 20 M M 7 18 25 360
10 26 15 21 -17 44 0 0.05 0.5 2 6.7 15 250 M M 5 26 230
11 30 7 19 -20 46 0 0.00 0.0 1 13.0 25 320 M M 1 31 340
12 51 5 28 -11 37 0 0.00 0.0 T 13.1 24 220 M M 0 32 210
13 70 27 49 9 16 0 0.00 0.0 0 9.5 21 150 M M 0 26 170
14 50 29 40 0 25 0 0.00 0.0 0 14.8 31 360 M M 1 41 10
15 65 22 44 4 21 0 0.00 0.0 0 10.6 22 190 M M 0 29 220
16 72 36 54 13 11 0 0.00 0.0 0 12.7 21 20 M M 0 27 210
17 52 38 45 4 20 0 0.11 0.0 0 16.0 36 10 M M 7 1 48 10
18 57 28 43 1 22 0 0.00 0.0 0 11.1 24 360 M M 2 31 360
19 69 26 48 6 17 0 0.00 0.0 0 7.8 24 290 M M 0 31 290
20 79 31 55 13 10 0 0.00 0.0 0 16.3 32 180 M M 0 44 180
21 62 38 50 7 15 0 0.16 T 0 18.0 25 360 M M 3 1 35 180
22 51 34 43 0 22 0 0.33 0.2 T 28.6 45 360 M M 4 1 62 360
23 44 28 36 -8 29 0 0.00 0.0 0 21.8 38 350 M M 6 49 350
24 57 30 44 0 21 0 0.00 0.0 0 9.4 20 330 M M 5 26 350
25 58 31 45 1 20 0 0.00 0.0 0 16.1 32 340 M M 2 41 330
26 51 25 38 -7 27 0 0.00 0.0 0 7.9 15 60 M M 0 21 60
27 48 26 37 -8 28 0 0.00 0.0 0 9.5 17 100 M M 1 29 100
28 60 29 45 0 20 0 0.00 0.0 0 14.6 25 150 M M 0 34 120
29 80 36 58 12 7 0 0.00 0.0 0 19.7 40 330 M M 2 56 330
30 41 28 35 -11 30 0 0.18 1.5 0 25.2 36 320 M M 10 1 50 320
31 52 28 40 -6 25 0 0.00 0.0 1 13.0 25 340 M M 3 35 350
================================================================================
SM 1695 811 755 0 1.01 5.2 427.9 M 76
================================================================================
AV 54.7 26.2 13.8 FASTST M M 2 MAX(MPH)
MISC ----> 45 360 62 360
================================================================================
NOTES:
# LAST OF SEVERAL OCCURRENCES
COLUMN 17 PEAK WIND IN M.P.H.
PRELIMINARY LOCAL CLIMATOLOGICAL DATA (WS FORM: F-6) , PAGE 2
STATION: GRAND ISLAND NE
MONTH: MARCH
YEAR: 2022
LATITUDE: 40 58 N
LONGITUDE: 98 19 W
[TEMPERATURE DATA] [PRECIPITATION DATA] SYMBOLS USED IN COLUMN 16
AVERAGE MONTHLY: 40.4 TOTAL FOR MONTH: 1.01 1 = FOG OR MIST
DPTR FM NORMAL: -0.3 DPTR FM NORMAL: -0.38 2 = FOG REDUCING VISIBILITY
HIGHEST: 80 ON 29 GRTST 24HR 0.38 ON 21-22 TO 1/4 MILE OR LESS
LOWEST: 5 ON 12 3 = THUNDER
SNOW, ICE PELLETS, HAIL 4 = ICE PELLETS
TOTAL MONTH: 5.2 INCHES 5 = HAIL
GRTST 24HR 1.5 ON 30-30 6 = FREEZING RAIN OR DRIZZLE
GRTST DEPTH: 2 ON 10 7 = DUSTSTORM OR SANDSTORM:
VSBY 1/2 MILE OR LESS
8 = SMOKE OR HAZE
[NO. OF DAYS WITH] [WEATHER - DAYS WITH] 9 = BLOWING SNOW
X = TORNADO
MAX 32 OR BELOW: 4 0.01 INCH OR MORE: 9
MAX 90 OR ABOVE: 0 0.10 INCH OR MORE: 4
MIN 32 OR BELOW: 24 0.50 INCH OR MORE: 0
MIN 0 OR BELOW: 0 1.00 INCH OR MORE: 0
[HDD (BASE 65) ]
TOTAL THIS MO. 755 CLEAR (SCALE 0-3) 20
DPTR FM NORMAL 1 PTCLDY (SCALE 4-7) 10
TOTAL FM JUL 1 4687 CLOUDY (SCALE 8-10) 1
DPTR FM NORMAL -621
[CDD (BASE 65) ]
TOTAL THIS MO. 0
DPTR FM NORMAL -1 [PRESSURE DATA]
TOTAL FM JAN 1 0 HIGHEST SLP 30.47 ON 11
DPTR FM NORMAL -1 LOWEST SLP 29.13 ON 29
[REMARKS]
#FINAL-03-22#