000
CXUS52 KRAH 011345
CF6GSO
PRELIMINARY LOCAL CLIMATOLOGICAL DATA (WS FORM: F-6)
STATION: PIEDMONT TRIAD INTL AIRPORT NC
MONTH: FEBRUARY
YEAR: 2020
LATITUDE: 36 4 N
LONGITUDE: 79 57 W
TEMPERATURE IN F: :PCPN: SNOW: WIND :SUNSHINE: SKY :PK WND
================================================================================
1 2 3 4 5 6A 6B 7 8 9 10 11 12 13 14 15 16 17 18
12Z AVG MX 2MIN
DY MAX MIN AVG DEP HDD CDD WTR SNW DPTH SPD SPD DIR MIN PSBL S-S WX SPD DR
================================================================================
1 49 36 43 3 22 0 0.00 0.0 0 4.8 12 210 M M 9 1 17 210
2 62 34 48 8 17 0 0.00 0.0 0 14.3 28 250 M M 2 35 230
3 73 42 58 18 7 0 0.00 0.0 0 7.1 16 230 M M 6 20 230
4 68 56 62 22 3 0 T 0.0 0 9.5 16 220 M M 9 21 230
5 62 56 59 18 6 0 0.18 0.0 0 8.2 18 180 M M 9 1 24 180
6 61 44 53 12 12 0 3.69 0.0 0 8.1 23 290 M M 10 13 38 320
7 58 31 45 4 20 0 0.21 0.0 0 19.3 39 240 M M 5 1 54 230
8 40 25 33 -8 32 0 T T 0 6.5 17 290 M M 6 1 22 290
9 52 29 41 0 24 0 0.00 0.0 0 5.0 15 200 M M 5 19 190
10 51 36 44 3 21 0 0.17 0.0 0 6.9 16 230 M M 9 1 20 240
11 64 50 57 15 8 0 0.87 0.0 0 8.1 22 230 M M 10 1 28 220
12 57 48 53 11 12 0 T 0.0 0 6.6 14 50 M M 10 12 19 20
13 64 44 54 12 11 0 0.86 0.0 0 9.8 24 320 M M 7 12 32 320
14 49 30 40 -2 25 0 0.00 0.0 0 8.5 17 320 M M 3 23 310
15 42 22 32 -10 33 0 0.00 0.0 0 5.7 14 40 M M 5 17 60
16 47 31 39 -4 26 0 0.00 0.0 0 6.1 14 230 M M 9 23 220
17 58 35 47 4 18 0 0.00 0.0 0 6.7 18 70 M M 6 22 80
18 58 44 51 8 14 0 0.26 0.0 0 6.5 16 240 M M 10 1 22 200
19 54 38 46 3 19 0 0.03 0.0 0 6.6 16 20 M M 8 1 20 30
20 41 31 36 -8 29 0 0.26 2.0 0 6.9 14 30 M M 10 1 18 50
21 41 27 34 -10 31 0 0.00 0.0 1 5.9 15 50 M M 4 19 20
22 54 22 38 -6 27 0 0.00 0.0 0 4.2 12 250 M M 1 16 220
23 60 28 44 0 21 0 0.00 0.0 0 7.0 16 210 M M 4 29 220
24 54 44 49 5 16 0 0.13 0.0 0 7.3 18 250 M M 10 1 23 220
25 59 45 52 7 13 0 0.54 0.0 0 5.0 14 250 M M 10 1 18 230
26 62 42 52 7 13 0 0.03 0.0 0 7.9 32 300 M M 9 12 40 280
27 47 32 40 -5 25 0 0.00 0.0 0 14.5 26 300 M M 1 35 310
28 50 25 38 -8 27 0 T 0.0 0 9.6 23 260 M M 5 31 260
29 44 28 36 -10 29 0 0.00 0.0 0 10.4 25 320 M M 3 33 310
================================================================================
SM 1581 1055 561 0 7.23 2.0 233.0 M 195
================================================================================
AV 54.5 36.4 8.0 FASTST M M 7 MAX(MPH)
MISC ----> # 39 240 # 54 230
================================================================================
NOTES:
# LAST OF SEVERAL OCCURRENCES
COLUMN 17 PEAK WIND IN M.P.H.
PRELIMINARY LOCAL CLIMATOLOGICAL DATA (WS FORM: F-6) , PAGE 2
STATION: PIEDMONT TRIAD INTL AIRPORT NC
MONTH: FEBRUARY
YEAR: 2020
LATITUDE: 36 4 N
LONGITUDE: 79 57 W
[TEMPERATURE DATA] [PRECIPITATION DATA] SYMBOLS USED IN COLUMN 16
AVERAGE MONTHLY: 45.5 TOTAL FOR MONTH: 7.23 1 = FOG OR MIST
DPTR FM NORMAL: 3.0 DPTR FM NORMAL: 4.27 2 = FOG REDUCING VISIBILITY
HIGHEST: 73 ON 3 GRTST 24HR 3.69 ON 6- 6 TO 1/4 MILE OR LESS
LOWEST: 22 ON 22,15 3 = THUNDER
SNOW, ICE PELLETS, HAIL 4 = ICE PELLETS
TOTAL MONTH: 2.0 INCHES 5 = HAIL
GRTST 24HR 2.0 ON 20-20 6 = FREEZING RAIN OR DRIZZLE
GRTST DEPTH: 1 ON 21 7 = DUSTSTORM OR SANDSTORM:
VSBY 1/2 MILE OR LESS
8 = SMOKE OR HAZE
[NO. OF DAYS WITH] [WEATHER - DAYS WITH] 9 = BLOWING SNOW
X = TORNADO
MAX 32 OR BELOW: 0 0.01 INCH OR MORE: 12
MAX 90 OR ABOVE: 0 0.10 INCH OR MORE: 10
MIN 32 OR BELOW: 13 0.50 INCH OR MORE: 4
MIN 0 OR BELOW: 0 1.00 INCH OR MORE: 1
[HDD (BASE 65) ]
TOTAL THIS MO. 561 CLEAR (SCALE 0-3) 4
DPTR FM NORMAL -71 PTCLDY (SCALE 4-7) 12
TOTAL FM JUL 1 2462 CLOUDY (SCALE 8-10) 13
DPTR FM NORMAL -412
[CDD (BASE 65) ]
TOTAL THIS MO. 0
DPTR FM NORMAL 0 [PRESSURE DATA]
TOTAL FM JAN 1 1 HIGHEST SLP M ON M
DPTR FM NORMAL 1 LOWEST SLP 29.11 ON 7
[REMARKS]
#FINAL-02-20#