000
CXUS52 KRAH 070103 RRB
CLSGSO
CLIMATE REPORT
NATIONAL WEATHER SERVICE RALEIGH NC
850 PM EDT TUE JUL 06 2021
...................................
...THE GREENSBORO NC CLIMATE SUMMARY FOR THE SEASON, FROM
3/1/2021 TO 5/31/2021...
CLIMATE NORMAL PERIOD 1991 TO 2020
CLIMATE RECORD PERIOD 1903 TO 2021
WEATHER OBSERVED NORMAL DEPART LAST YEAR`S
VALUE DATE(S) VALUE FROM VALUE
NORMAL
..............................................................
TEMPERATURE (F)
RECORD
HIGH 100 05/12/1916
05/27/1911
LOW 5 03/06/1960
HIGHEST 90 05/24
05/26
LOWEST 27 04/03
AVG. MAXIMUM 70.5 70.1 0.4
AVG. MINIMUM 47.4 48.1 -0.7
MEAN 59.0 59.1 -0.1
DAYS MAX >= 90 2 1.1 0.9
DAYS MAX <= 32 0 0.1 -0.1
DAYS MIN <= 32 8 9.1 -1.1
DAYS MIN <= 0 0 0.0 0.0
PRECIPITATION (INCHES)
RECORD
MAXIMUM 19.91 2003
MINIMUM 3.59 1986
TOTALS 9.61 10.99 -1.38
DAYS >= .01 23 31.4 -8.4
DAYS >= 1.00 3 2.5 0.5
GREATEST
24 HR. TOTAL 1.45 03/25 TO 03/26
SNOWFALL (INCHES)
RECORDS
TOTAL 21.3 1960
TOTALS T 0.9 -0.9
DAYS >= TRACE 1 0.5 0.5
DAYS >= 1.0 0 0.3 -0.3
GREATEST
SNOW DEPTH 0
DEGREE DAYS
HEATING TOTAL 684 725 -41
SINCE 7/1 3404 3495 -91
COOLING TOTAL 153 182 -29
SINCE 1/1 153 183 -30
..............................................................
WIND (MPH)
AVERAGE WIND SPEED 7.4
HIGHEST WIND SPEED/DIRECTION 32/300 DATE 04/21
HIGHEST GUST SPEED/DIRECTION 45/220 DATE 04/29
SKY COVER
POSSIBLE SUNSHINE (PERCENT) MM
AVERAGE SKY COVER 0.59
NUMBER OF DAYS FAIR 24
NUMBER OF DAYS PC 40
NUMBER OF DAYS CLOUDY 28
AVERAGE RH (PERCENT) 58
WEATHER CONDITIONS. NUMBER OF DAYS WITH
THUNDERSTORM 10 MIXED PRECIP 0
HEAVY RAIN 10 RAIN 14
LIGHT RAIN 34 FREEZING RAIN 0
LT FREEZING RAIN 0 HAIL 1
HEAVY SNOW 0 SNOW 0
LIGHT SNOW 0 SLEET 0
FOG 26 FOG W/VIS <= 1/4 MILE 4
HAZE 2
- INDICATES NEGATIVE NUMBERS.
R INDICATES RECORD WAS SET OR TIED.
MM INDICATES DATA IS MISSING.
T INDICATES TRACE AMOUNT.
$$