729
CXUS52 KRAH 032019 RRB
CLSGSO
CLIMATE REPORT
NATIONAL WEATHER SERVICE RALEIGH NC
304 PM EST WED MAR 03 2021
...................................
...THE PIEDMONT TRIAD INTL AIRPORT NC CLIMATE SUMMARY FOR THE SEASON, FROM
12/1/2020 TO 2/28/2021...
CLIMATE NORMAL PERIOD 1981 TO 2010
CLIMATE RECORD PERIOD 1903 TO 2021
WEATHER OBSERVED NORMAL DEPART LAST YEAR`S
VALUE DATE(S) VALUE FROM VALUE
NORMAL
..............................................................
TEMPERATURE (F)
RECORD
HIGH 81 02/12/2017
02/26/1977
02/25/1930
LOW -8 01/21/1985
HIGHEST 71 02/28
LOWEST 16 12/26
AVG. MAXIMUM 49.3 50.4 -1.1
AVG. MINIMUM 31.0 31.2 -0.2
MEAN 40.2 40.8 -0.6
DAYS MAX >= 90 0 0.0 0.0
DAYS MAX <= 32 0 2.9 -2.9
DAYS MIN <= 32 59 50.0 9.0
DAYS MIN <= 0 0 0.1 -0.1
PRECIPITATION (INCHES)
RECORD
MAXIMUM 17.84 1914
MINIMUM 3.81 1985
TOTALS 13.67 9.00 4.67
DAYS >= .01 33 27.6 5.4
DAYS >= 1.00 1 2.0 -1.0
GREATEST
24 HR. TOTAL 1.56 12/14 TO 12/14
SNOWFALL (INCHES)
RECORDS
TOTAL 26.0 1965
TOTALS 1.2 6.6 -5.4
DAYS >= TRACE 6 3.5 2.5
DAYS >= 1.0 0 2.0 -2.0
GREATEST
SNOW DEPTH 0
DEGREE DAYS
HEATING TOTAL 2214 2174 40
SINCE 7/1 2720 2856 -136
..............................................................
WIND (MPH)
AVERAGE WIND SPEED 7.2
HIGHEST WIND SPEED/DIRECTION 39/300 DATE 12/24
HIGHEST GUST SPEED/DIRECTION 53/300 DATE 12/24
SKY COVER
POSSIBLE SUNSHINE (PERCENT) MM
AVERAGE SKY COVER 0.62
NUMBER OF DAYS FAIR 22
NUMBER OF DAYS PC 34
NUMBER OF DAYS CLOUDY 34
AVERAGE RH (PERCENT) 69
WEATHER CONDITIONS. NUMBER OF DAYS WITH
THUNDERSTORM 3 MIXED PRECIP 1
HEAVY RAIN 7 RAIN 12
LIGHT RAIN 37 FREEZING RAIN 1
LT FREEZING RAIN 7 HAIL 0
HEAVY SNOW 0 SNOW 0
LIGHT SNOW 9 SLEET 6
FOG 46 FOG W/VIS <= 1/4 MILE 12
HAZE 3
- INDICATES NEGATIVE NUMBERS.
R INDICATES RECORD WAS SET OR TIED.
MM INDICATES DATA IS MISSING.
T INDICATES TRACE AMOUNT.
&
2020-2021 DECEMBER-JANUARY-FEBRUARY(DJF) WAS THE 14TH WETTEST DJF ON RECORD.
$$