000
CXUS52 KGSP 010817
CF6GSP
PRELIMINARY LOCAL CLIMATOLOGICAL DATA (WS FORM: F-6)
STATION: GREENVILLE-SPARTANBURG SC
MONTH: AUGUST
YEAR: 2022
LATITUDE: 34 54 N
LONGITUDE: 82 13 W
TEMPERATURE IN F: :PCPN: SNOW: WIND :SUNSHINE: SKY :PK WND
================================================================================
1 2 3 4 5 6A 6B 7 8 9 10 11 12 13 14 15 16 17 18
12Z AVG MX 2MIN
DY MAX MIN AVG DEP HDD CDD WTR SNW DPTH SPD SPD DIR MIN PSBL S-S WX SPD DR
================================================================================
1 82 71 77 -3 0 12 0.09 0.0 0 8.0 15 270 M M 3 1 21 290
2 93 67 80 0 0 15 0.00 0.0 0 4.0 10 190 M M 0 14 290
3 94 68 81 1 0 16 0.04 0.0 0 5.1 17 190 M M 1 38 22 190
4 91 68 80 1 0 15 0.14 0.0 0 4.0 14 100 M M 2 13 19 100
5 92 69 81 2 0 16 0.00 0.0 0 4.2 15 340 M M 3 123 25 340
6 89 69 79 0 0 14 0.02 0.0 0 3.7 20 190 M M 4 3 24 170
7 92 69 81 2 0 16 0.00 0.0 0 2.9 12 280 M M 5 138 16 280
8 91 70 81 2 0 16 0.00 0.0 0 4.8 17 200 M M 1 3 21 210
9 93 70 82 3 0 17 0.06 0.0 0 6.7 15 240 M M 1 3 23 240
10 91 71 81 2 0 16 0.02 0.0 0 6.4 17 210 M M 3 1 25 190
11 86 72 79 0 0 14 0.62 0.0 0 4.0 14 190 M M 6 13 19 200
12 87 71 79 0 0 14 0.01 0.0 0 5.8 17 10 M M 5 1 27 360
13 84 65 75 -4 0 10 0.00 0.0 0 5.3 14 90 M M 3 18 100
14 89 65 77 -2 0 12 0.00 0.0 0 5.5 12 210 M M 5 17 230
15 92 68 80 1 0 15 T 0.0 0 6.7 17 240 M M 4 23 240
16 76 68 72 -7 0 7 T 0.0 0 6.4 13 60 M M 10 1 16 10
17 80 67 74 -4 0 9 T 0.0 0 4.8 9 40 M M 7 13 60
18 84 67 76 -2 0 11 0.00 0.0 0 4.2 9 180 M M 7 13 140
19 78 68 73 -5 0 8 0.00 0.0 0 4.7 14 120 M M 9 17 120
20 87 67 77 -1 0 12 0.00 0.0 0 2.2 12 170 M M 6 16 180
21 85 69 77 -1 0 12 0.98 0.0 0 6.0 24 240 M M 5 13 37 240
22 86 70 78 0 0 13 0.01 0.0 0 4.1 10 270 M M 4 13 230
23 86 65 76 -2 0 11 0.00 0.0 0 2.1 8 170 M M 2 14 130
24 88 68 78 0 0 13 0.00 0.0 0 3.4 9 160 M M 2 14 160
25 85 71 78 0 0 13 T 0.0 0 4.3 12 210 M M 7 15 210
26 91 68 80 3 0 15 1.73 0.0 0 3.1 30 130 M M 5 123 35 140
27 91 67 79 2 0 14 T 0.0 0 2.1 10 70 M M 1 13 13 90
28 91 69 80 3 0 15 0.00 0.0 0 4.1 16 150 M M 2 22 130
29 90 68 79 2 0 14 0.00 0.0 0 4.9 20 160 M M 1 1 25 160
30 91 69 80 3 0 15 0.00 0.0 0 4.5 14 250 M M 1 18 250
31 91 68 80 3 0 15 0.00 0.0 0 3.0 9 210 M M 1 13 30
================================================================================
SM 2726 2122 0 415 3.72 0.0 141.0 M 116
================================================================================
AV 87.9 68.5 4.5 FASTST M M 4 MAX(MPH)
MISC ----> 30 130 37 240
================================================================================
NOTES:
# LAST OF SEVERAL OCCURRENCES
COLUMN 17 PEAK WIND IN M.P.H.
PRELIMINARY LOCAL CLIMATOLOGICAL DATA (WS FORM: F-6) , PAGE 2
STATION: GREENVILLE-SPARTANBURG SC
MONTH: AUGUST
YEAR: 2022
LATITUDE: 34 54 N
LONGITUDE: 82 13 W
[TEMPERATURE DATA] [PRECIPITATION DATA] SYMBOLS USED IN COLUMN 16
AVERAGE MONTHLY: 78.2 TOTAL FOR MONTH: 3.72 1 = FOG OR MIST
DPTR FM NORMAL: -0.2 DPTR FM NORMAL: -0.94 2 = FOG REDUCING VISIBILITY
HIGHEST: 94 ON 3 GRTST 24HR 1.73 ON 26-26 TO 1/4 MILE OR LESS
LOWEST: 65 ON 23,14 3 = THUNDER
SNOW, ICE PELLETS, HAIL 4 = ICE PELLETS
TOTAL MONTH: 0.0 INCH 5 = HAIL
GRTST 24HR 0.0 6 = FREEZING RAIN OR DRIZZLE
GRTST DEPTH: 0 7 = DUSTSTORM OR SANDSTORM:
VSBY 1/2 MILE OR LESS
8 = SMOKE OR HAZE
[NO. OF DAYS WITH] [WEATHER - DAYS WITH] 9 = BLOWING SNOW
X = TORNADO
MAX 32 OR BELOW: 0 0.01 INCH OR MORE: 11
MAX 90 OR ABOVE: 15 0.10 INCH OR MORE: 4
MIN 32 OR BELOW: 0 0.50 INCH OR MORE: 3
MIN 0 OR BELOW: 0 1.00 INCH OR MORE: 1
[HDD (BASE 65) ]
TOTAL THIS MO. 0 CLEAR (SCALE 0-3) 16
DPTR FM NORMAL 0 PTCLDY (SCALE 4-7) 13
TOTAL FM JUL 1 0 CLOUDY (SCALE 8-10) 2
DPTR FM NORMAL 0
[CDD (BASE 65) ]
TOTAL THIS MO. 415
DPTR FM NORMAL 0 [PRESSURE DATA]
TOTAL FM JAN 1 1555 HIGHEST SLP 30.26 ON 7
DPTR FM NORMAL 128 LOWEST SLP 29.78 ON 15
[REMARKS]
#FINAL-08-22#