000
CXGM50 PGUM 020639
CF6GUM
PRELIMINARY LOCAL CLIMATOLOGICAL DATA (WS FORM: F-6)
STATION: GUAM INTERNATIONAL AIRPORT
MONTH: FEBRUARY
YEAR: 2022
LATITUDE: 13 29 N
LONGITUDE: 144-48 E
TEMPERATURE IN F: :PCPN: SNOW: WIND :SUNSHINE: SKY :PK WND
================================================================================
1 2 3 4 5 6A 6B 7 8 9 10 11 12 13 14 15 16 17 18
12Z AVG MX 2MIN
DY MAX MIN AVG DEP HDD CDD WTR SNW DPTH SPD SPD DIR MIN PSBL S-S WX SPD DR
================================================================================
1 86 72 79 -1 0 14 0.00 0.0 0 9.8 21 60 M M 2 24 40
2 86 74 80 0 0 15 0.16 0.0 0 12.4 18 70 M M 4 25 60
3 86 76 81 1 0 16 0.03 0.0 0 16.2 25 50 M M 5 32 50
4 87 78 83 3 0 18 0.00 0.0 0 13.9 18 70 M M 3 25 70
5 86 74 80 0 0 15 0.00 0.0 0 10.0 15 40 M M 3 20 60
6 85 76 81 1 0 16 0.02 0.0 0 15.0 23 40 M M 4 31 50
7 86 75 81 1 0 16 0.08 0.0 0 14.8 22 40 M M 5 30 40
8 86 76 81 1 0 16 0.05 0.0 0 17.0 25 70 M M 5 34 60
9 85 74 80 0 0 15 0.24 0.0 0 17.3 28 70 M M 8 35 70
10 85 75 80 0 0 15 T 0.0 0 13.7 22 80 M M 7 28 80
11 85 73 79 -1 0 14 0.02 0.0 0 11.0 20 50 M M 4 23 50
12 86 73 80 0 0 15 T 0.0 0 12.3 23 40 M M 3 28 50
13 85 74 80 0 0 15 0.00 0.0 0 16.7 26 60 M M 4 31 50
14 85 74 80 0 0 15 0.03 0.0 0 14.9 28 60 M M 4 32 60
15 85 73 79 -1 0 14 T 0.0 0 8.6 16 40 M M 5 20 50
16 85 76 81 1 0 16 0.00 0.0 0 10.4 20 50 M M 7 24 50
17 85 77 81 1 0 16 0.03 0.0 0 10.9 21 80 M M 4 26 80
18 87 76 82 2 0 17 0.04 0.0 0 12.3 25 60 M M 5 31 60
19 85 77 81 1 0 16 0.02 0.0 0 12.6 21 100 M M 3 27 110
20 86 76 81 1 0 16 T 0.0 0 11.3 21 100 M M 2 28 110
21 89 74 82 2 0 17 0.00 0.0 0 13.8 24 40 M M 1 28 50
22 86 76 81 1 0 16 0.13 0.0 0 16.9 28 50 M M 7 34 50
23 87 76 82 2 0 17 0.02 0.0 0 16.1 28 50 M M 3 34 40
24 87 76 82 2 0 17 0.08 0.0 0 14.9 26 60 M M 3 32 80
25 87 76 82 2 0 17 0.01 0.0 0 14.3 22 70 M M 6 27 60
26 84 77 81 1 0 16 0.29 0.0 0 15.1 25 50 M M 5 33 70
27 87 77 82 2 0 17 0.03 0.0 0 14.9 25 80 M M 3 33 90
28 87 77 82 2 0 17 T 0.0 0 15.8 28 50 M M 4 34 70
================================================================================
SM 2406 2108 0 444 1.28 0.0 382.9 M 119
================================================================================
AV 85.9 75.3 13.7 FASTST M M 4 MAX(MPH)
MISC ----> # 28 70 35 70
================================================================================
NOTES:
# LAST OF SEVERAL OCCURRENCES
COLUMN 17 PEAK WIND IN M.P.H.
PRELIMINARY LOCAL CLIMATOLOGICAL DATA (WS FORM: F-6) , PAGE 2
STATION: GUAM INTERNATIONAL AIRPORT
MONTH: FEBRUARY
YEAR: 2022
LATITUDE: 13 29 N
LONGITUDE: 144-48 E
[TEMPERATURE DATA] [PRECIPITATION DATA] SYMBOLS USED IN COLUMN 16
AVERAGE MONTHLY: 80.6 TOTAL FOR MONTH: 1.28 1 = FOG OR MIST
DPTR FM NORMAL: 0.5 DPTR FM NORMAL: -2.87 2 = FOG REDUCING VISIBILITY
HIGHEST: 89 ON 21 GRTST 24HR 0.31 ON 26-27 TO 1/4 MILE OR LESS
LOWEST: 72 ON 1 3 = THUNDER
SNOW, ICE PELLETS, HAIL 4 = ICE PELLETS
TOTAL MONTH: 0.0 INCH 5 = HAIL
GRTST 24HR 0.0 6 = FREEZING RAIN OR DRIZZLE
GRTST DEPTH: 0 7 = DUSTSTORM OR SANDSTORM:
VSBY 1/2 MILE OR LESS
8 = SMOKE OR HAZE
[NO. OF DAYS WITH] [WEATHER - DAYS WITH] 9 = BLOWING SNOW
X = TORNADO
MAX 32 OR BELOW: 0 0.01 INCH OR MORE: 17
MAX 90 OR ABOVE: 0 0.10 INCH OR MORE: 4
MIN 32 OR BELOW: 0 0.50 INCH OR MORE: 0
MIN 0 OR BELOW: 0 1.00 INCH OR MORE: 0
[HDD (BASE 65) ]
TOTAL THIS MO. 0 CLEAR (SCALE 0-3) 9
DPTR FM NORMAL 0 PTCLDY (SCALE 4-7) 19
TOTAL FM JUL 1 0 CLOUDY (SCALE 8-10) 0
DPTR FM NORMAL 0
[CDD (BASE 65) ]
TOTAL THIS MO. 444
DPTR FM NORMAL 20 [PRESSURE DATA]
TOTAL FM JAN 1 909 HIGHEST SLP 29.92 ON 1
DPTR FM NORMAL 13 LOWEST SLP 29.82 ON 1
[REMARKS]
#FINAL-02-22#