399
CXUS54 KFWD 010730
CF6GVT
PRELIMINARY LOCAL CLIMATOLOGICAL DATA (WS FORM: F-6)
STATION: GREENVILLE
MONTH: OCTOBER
YEAR: 2020
LATITUDE: 33 4 N
LONGITUDE: 96 4 W
TEMPERATURE IN F: :PCPN: SNOW: WIND :SUNSHINE: SKY :PK WND
================================================================================
1 2 3 4 5 6A 6B 7 8 9 10 11 12 13 14 15 16 17 18
12Z AVG MX 2MIN
DY MAX MIN AVG DEP HDD CDD WTR SNW DPTH SPD SPD DIR MIN PSBL S-S WX SPD DR
================================================================================
1 81 55 68 -4 0 3 0.00 0.0 0 4.4 13 60 M M 0 18 60
2 77 52 65 -7 0 0 0.00 0.0 0 2.2 7 350 M M 0 M M
3 81 54 68 -3 0 3 0.00 0.0 0 4.7 10 180 M M 0 8 16 180
4 79 55 67 -4 0 2 0.00 0.0 0 3.6 10 360 M M 4 17 10
5 79 52 66 -4 0 1 0.00 0.0 0 2.2 9 130 M M 0 M M
6 84 54 69 -1 0 4 0.00 0.0 0 2.5 8 120 M M 1 M M
7 86 57 72 2 0 7 0.00 0.0 0 1.6 6 150 M M 0 M M
8 88 61 75 5 0 10 0.00 0.0 0 2.8 8 160 M M 2 M M
9 79 70 75 6 0 10 0.00 0.0 0 3.1 7 60 M M 9 8 M M
10 88 64 76 7 0 11 0.00 0.0 0 0.5 6 280 M M 3 12 M M
11 95 63 79 11 0 14 0.00 0.0 0 6.2 13 140 M M 0 17 180
12 82 52 67 -1 0 2 0.00 0.0 0 9.0 20 360 M M 1 8 29 360
13 82 45 64 -4 1 0 0.00 0.0 0 1.3 8 180 M M 0 M M
14 88 50 69 1 0 4 0.00 0.0 0 6.8 15 160 M M 0 18 160
15 77 63 70 3 0 5 0.00 0.0 0 7.7 13 40 M M 6 1 21 30
16 72 45 59 -8 6 0 0.00 0.0 M 2.4 13 70 M M 1 17 70
17 73 45 59 -8 6 0 0.00 0.0 M 7.1 14 170 M M 4 22 170
18 82 73 78 12 0 13 0.00 0.0 M 9.2 14 170 M M 9 21 170
19 75 61 68 2 0 3 0.00 0.0 M 3.7 7 360 M M 8 M M
20 90 72 81 15 0 16 0.00 0.0 M 9.1 16 180 M M 2 22 180
21 86 68 77 11 0 12 0.00 0.0 0 6.4 14 140 M M 3 18 150
22 88 66 77 12 0 12 0.00 0.0 M 7.0 14 190 M M 1 20 190
23 73 50 62 -3 3 0 0.30 0.0 0 10.9 25 330 M M 8 3 35 330
24 63 48 56 -8 9 0 0.00 0.0 0 4.5 14 360 M M 8 8 17 360
25 61 55 58 -6 7 0 0.02 0.0 0 4.6 7 60 M M 10 18 M M
26 55 41 48 -16 17 0 0.07 0.0 0 8.9 14 350 M M 10 138 22 360
27 M M M M M M M M 0 M M M M M M M M
28 46 43 45 -18 20 0 0.56 M 0 7.7 14 300 M M 9 21 280
29 61 37 49 -14 16 0 0.00 0.0 0 6.0 16 340 M M 6 22 340
30 68 37 53 -10 12 0 0.00 0.0 0 1.5 6 50 M M 1 1 M M
31 72 39 56 -6 9 0 0.00 0.0 0 2.7 9 140 M M 0 18 M M
================================================================================
SM 2311 1627 106 132 0.95 0.0 150.3 M 106
================================================================================
AV 77.0 54.2 5.0 FASTST M M 4 MAX(MPH)
MISC ----> # 25 330 # 35 330
================================================================================
NOTES:
# LAST OF SEVERAL OCCURRENCES
COLUMN 17 PEAK WIND IN M.P.H.
PRELIMINARY LOCAL CLIMATOLOGICAL DATA (WS FORM: F-6) , PAGE 2
STATION: GREENVILLE
MONTH: OCTOBER
YEAR: 2020
LATITUDE: 33 4 N
LONGITUDE: 96 4 W
[TEMPERATURE DATA] [PRECIPITATION DATA] SYMBOLS USED IN COLUMN 16
AVERAGE MONTHLY: 65.6 TOTAL FOR MONTH: 0.95 1 = FOG OR MIST
DPTR FM NORMAL: -1.4 DPTR FM NORMAL: -4.14 2 = FOG REDUCING VISIBILITY
HIGHEST: 95 ON 11 GRTST 24HR 0.56 ON 28-28 TO 1/4 MILE OR LESS
LOWEST: 37 ON 30,29 3 = THUNDER
SNOW, ICE PELLETS, HAIL 4 = ICE PELLETS
TOTAL MONTH: 0.0 INCH 5 = HAIL
GRTST 24HR 0.0 6 = FREEZING RAIN OR DRIZZLE
GRTST DEPTH: 0 7 = DUSTSTORM OR SANDSTORM:
VSBY 1/2 MILE OR LESS
8 = SMOKE OR HAZE
[NO. OF DAYS WITH] [WEATHER - DAYS WITH] 9 = BLOWING SNOW
X = TORNADO
MAX 32 OR BELOW: 0 0.01 INCH OR MORE: 4
MAX 90 OR ABOVE: 2 0.10 INCH OR MORE: 2
MIN 32 OR BELOW: 0 0.50 INCH OR MORE: 1
MIN 0 OR BELOW: 0 1.00 INCH OR MORE: 0
[HDD (BASE 65) ]
TOTAL THIS MO. 106 CLEAR (SCALE 0-3) 18
DPTR FM NORMAL 32 PTCLDY (SCALE 4-7) 7
TOTAL FM JUL 1 106 CLOUDY (SCALE 8-10) 5
DPTR FM NORMAL 25
[CDD (BASE 65) ]
TOTAL THIS MO. 132
DPTR FM NORMAL -4 [PRESSURE DATA]
TOTAL FM JAN 1 2667 HIGHEST SLP M ON M
DPTR FM NORMAL 51 LOWEST SLP M ON M
[REMARKS]
#FINAL-10-20#