000
CXUS54 KJAN 011833
CF6GWO
PRELIMINARY LOCAL CLIMATOLOGICAL DATA (WS FORM: F-6)
STATION: GREENWOOD
MONTH: SEPTEMBER
YEAR: 2021
LATITUDE: 33 30 N
LONGITUDE: 90 5 W
TEMPERATURE IN F: :PCPN: SNOW: WIND :SUNSHINE: SKY :PK WND
================================================================================
1 2 3 4 5 6A 6B 7 8 9 10 11 12 13 14 15 16 17 18
12Z AVG MX 2MIN
DY MAX MIN AVG DEP HDD CDD WTR SNW DPTH SPD SPD DIR MIN PSBL S-S WX SPD DR
================================================================================
1 96 73 85 6 0 20 0.03 0.0 0 4.1 15 340 M M 0 3 26 340
2 91 70 81 2 0 16 0.00 0.0 0 3.8 12 30 M M 0 1 16 80
3 91 69 80 1 0 15 0.00 0.0 0 2.9 10 80 M M 0 14 50
4 92 67 80 1 0 15 0.00 0.0 0 2.1 9 100 M M 0 12 230
5 96 71 84 6 0 19 0.06 0.0 0 4.8 14 360 M M 3 3 22 360
6 88 65 77 -1 0 12 0.00 0.0 0 5.4 17 30 M M 2 1 25 40
7 91 63 77 -1 0 12 0.00 0.0 0 1.7 8 340 M M 0 1 12 30
8 93 63 78 0 0 13 0.00 0.0 0 3.4 14 350 M M 1 1 25 20
9 87 62 75 -3 0 10 0.00 0.0 0 3.9 16 30 M M 3 12 22 20
10 88 58 73 -4 0 8 0.00 0.0 0 3.3 13 70 M M 0 16 60
11 87 61 74 -3 0 9 0.00 0.0 0 2.9 10 70 M M 0 14 60
12 92 64 78 1 0 13 0.00 0.0 0 4.6 14 180 M M 1 18 170
13 89 73 81 5 0 16 0.00 0.0 0 5.4 13 190 M M 2 19 200
14 88 74 81 5 0 16 T 0.0 0 5.5 16 170 M M 3 20 170
15 82 71 77 1 0 12 T 0.0 0 6.6 15 90 M M 5 20 60
16 84 72 78 2 0 13 0.01 0.0 0 7.9 14 60 M M 9 18 20 50
17 92 77 85 10 0 20 T 0.0 0 6.7 15 130 M M 6 19 140
18 89 75 82 7 0 17 0.31 0.0 0 5.9 18 340 M M 7 138 30 340
19 90 74 82 7 0 17 0.07 0.0 0 4.4 9 100 M M 6 13 13 20
20 88 73 81 7 0 16 0.17 0.0 0 4.3 17 200 M M 5 1 23 200
21 91 67 79 5 0 14 0.22 0.0 0 4.2 17 350 M M 3 138 26 360
22 79 56 68 -6 0 3 0.02 0.0 0 7.9 22 360 M M 3 18 33 360
23 78 52 65 -9 0 0 0.00 0.0 0 2.7 13 360 M M 0 1 20 30
24 81 52 67 -6 0 2 0.00 0.0 0 1.5 8 70 M M 0 13 110
25 86 55 71 -2 0 6 0.00 0.0 0 1.5 7 350 M M 0 1 11 300
26 86 56 71 -1 0 6 0.00 0.0 0 1.7 9 230 M M 0 1 14 210
27 87 60 74 2 0 9 0.00 0.0 0 2.7 10 140 M M 0 14 140
28 87 68 78 6 0 13 T 0.0 0 3.3 9 170 M M 5 3 14 140
29 88 66 77 6 0 12 0.47 0.0 0 5.8 21 150 M M 6 138 29 150
30 85 71 78 7 0 13 0.54 0.0 0 5.8 16 150 M M 7 1 22 150
================================================================================
SM 2642 1978 0 367 1.90 0.0 126.7 M 77
================================================================================
AV 88.1 65.9 4.2 FASTST M M 3 MAX(MPH)
MISC ----> 22 360 33 360
================================================================================
NOTES:
# LAST OF SEVERAL OCCURRENCES
COLUMN 17 PEAK WIND IN M.P.H.
PRELIMINARY LOCAL CLIMATOLOGICAL DATA (WS FORM: F-6) , PAGE 2
STATION: GREENWOOD
MONTH: SEPTEMBER
YEAR: 2021
LATITUDE: 33 30 N
LONGITUDE: 90 5 W
[TEMPERATURE DATA] [PRECIPITATION DATA] SYMBOLS USED IN COLUMN 16
AVERAGE MONTHLY: 77.0 TOTAL FOR MONTH: 1.90 1 = FOG OR MIST
DPTR FM NORMAL: 1.4 DPTR FM NORMAL: -1.93 2 = FOG REDUCING VISIBILITY
HIGHEST: 96 ON 5, 1 GRTST 24HR 1.01 ON 29-30 TO 1/4 MILE OR LESS
LOWEST: 52 ON 24,23 3 = THUNDER
SNOW, ICE PELLETS, HAIL 4 = ICE PELLETS
TOTAL MONTH: 0.0 INCH 5 = HAIL
GRTST 24HR 0.0 6 = FREEZING RAIN OR DRIZZLE
GRTST DEPTH: 0 7 = DUSTSTORM OR SANDSTORM:
VSBY 1/2 MILE OR LESS
8 = SMOKE OR HAZE
[NO. OF DAYS WITH] [WEATHER - DAYS WITH] 9 = BLOWING SNOW
X = TORNADO
MAX 32 OR BELOW: 0 0.01 INCH OR MORE: 10
MAX 90 OR ABOVE: 11 0.10 INCH OR MORE: 5
MIN 32 OR BELOW: 0 0.50 INCH OR MORE: 1
MIN 0 OR BELOW: 0 1.00 INCH OR MORE: 0
[HDD (BASE 65) ]
TOTAL THIS MO. 0 CLEAR (SCALE 0-3) 19
DPTR FM NORMAL -8 PTCLDY (SCALE 4-7) 10
TOTAL FM JUL 1 0 CLOUDY (SCALE 8-10) 1
DPTR FM NORMAL -5
[CDD (BASE 65) ]
TOTAL THIS MO. 367
DPTR FM NORMAL 43 [PRESSURE DATA]
TOTAL FM JAN 1 2307 HIGHEST SLP 30.21 ON 12
DPTR FM NORMAL 195 LOWEST SLP 29.74 ON 1
[REMARKS]
#FINAL-09-21#