000
CXUS55 KBOU 011000
CF6GXY
PRELIMINARY LOCAL CLIMATOLOGICAL DATA (WS FORM: F-6)
STATION: GREELEY CO
MONTH: JANUARY
YEAR: 2021
LATITUDE: 40 25 N
LONGITUDE: 104 38 W
TEMPERATURE IN F: :PCPN: SNOW: WIND :SUNSHINE: SKY :PK WND
================================================================================
1 2 3 4 5 6A 6B 7 8 9 10 11 12 13 14 15 16 17 18
12Z AVG MX 2MIN
DY MAX MIN AVG DEP HDD CDD WTR SNW DPTH SPD SPD DIR MIN PSBL S-S WX SPD DR
================================================================================
1 45 16 31 M 34 0 0.00 M M 3.8 8 310 M M 5 M M
2 40 9 25 M 40 0 0.00 M M 5.0 21 300 M M 1 35 310
3 45 15 30 M 35 0 0.00 M M 4.8 13 360 M M 1 16 360
4 48 20 34 M 31 0 0.00 M M 5.7 13 290 M M 0 18 290
5 52 18 35 M 30 0 0.00 M M 12.9 32 340 M M 3 40 340
6 42 18 30 M 35 0 0.00 M M 4.6 14 360 M M 0 M M
7 39 15 27 M 38 0 0.00 M M 3.3 7 300 M M 1 M M
8 46 17 32 M 33 0 0.00 M M 4.7 9 10 M M 1 M M
9 33 18 26 M 39 0 0.01 M M 2.9 10 40 M M 9 1 M M
10 38 12 25 M 40 0 T M M 3.5 8 190 M M 6 1 M M
11 40 5 23 M 42 0 0.00 M M 2.9 8 220 M M 0 M M
12 45 7 26 M 39 0 0.00 M M 2.4 8 240 M M 0 1 M M
13 57 20 39 M 26 0 0.00 M M 9.4 39 330 M M 1 62 350
14 39 27 33 M 32 0 T M M 27.8 52 340 M M 1 8 62 340
15 47 21 34 M 31 0 0.00 M M 15.7 32 330 M M 0 39 330
16 50 22 36 M 29 0 0.00 M M 12.2 30 360 M M 5 43 330
17 45 21 33 M 32 0 0.00 M M 4.4 10 320 M M 7 M M
18 43 19 31 M 34 0 T M M 16.6 27 320 M M 3 32 350
19 39 13 26 M 39 0 0.00 M M 3.5 8 310 M M 0 M M
20 56 10 33 M 32 0 0.00 M M 4.8 13 110 M M 0 M M
21 46 20 33 M 32 0 0.00 M M 5.5 9 120 M M 2 M M
22 46 13 30 M 35 0 0.00 M M 6.7 13 110 M M 1 M M
23 45 15 30 M 35 0 0.00 M M 7.1 22 20 M M 4 32 360
24 34 21 28 M 37 0 0.00 M M 5.9 13 20 M M 7 M M
25 34 18 26 M 39 0 T M M 7.8 17 40 M M 7 1 22 20
26 23 7 15 M 50 0 T M M 8.7 15 100 M M 10 1 M M
27 25 -2 12 M 53 0 T M M 2.9 7 140 M M 4 18 M M
28 41 6 24 M 41 0 0.00 M M 2.9 7 340 M M 0 1 M M
29 58 16 37 M 28 0 0.00 M M 4.5 13 100 M M 0 1 M M
30 52 25 39 M 26 0 0.00 M M 18.7 31 320 M M 2 40 320
31 52 17 35 M 30 0 0.00 M M 6.6 20 350 M M 0 M M
================================================================================
SM 1345 479 1097 0 0.01 M 227.9 M 81
================================================================================
AV 43.4 15.5 7.4 FASTST M M 3 MAX(MPH)
MISC ----> 52 340 # 62 350
================================================================================
NOTES:
# LAST OF SEVERAL OCCURRENCES
COLUMN 17 PEAK WIND IN M.P.H.
PRELIMINARY LOCAL CLIMATOLOGICAL DATA (WS FORM: F-6) , PAGE 2
STATION: GREELEY CO
MONTH: JANUARY
YEAR: 2021
LATITUDE: 40 25 N
LONGITUDE: 104 38 W
[TEMPERATURE DATA] [PRECIPITATION DATA] SYMBOLS USED IN COLUMN 16
AVERAGE MONTHLY: 29.4 TOTAL FOR MONTH: 0.01 1 = FOG OR MIST
DPTR FM NORMAL: 0.0 DPTR FM NORMAL: M 2 = FOG REDUCING VISIBILITY
HIGHEST: 58 ON 29 GRTST 24HR 0.18 ON 9-10 TO 1/4 MILE OR LESS
LOWEST: -2 ON 27 3 = THUNDER
SNOW, ICE PELLETS, HAIL 4 = ICE PELLETS
TOTAL MONTH: M 5 = HAIL
GRTST 24HR M ON M 6 = FREEZING RAIN OR DRIZZLE
GRTST DEPTH: M ON M 7 = DUSTSTORM OR SANDSTORM:
VSBY 1/2 MILE OR LESS
8 = SMOKE OR HAZE
[NO. OF DAYS WITH] [WEATHER - DAYS WITH] 9 = BLOWING SNOW
X = TORNADO
MAX 32 OR BELOW: 2 0.01 INCH OR MORE: 1
MAX 90 OR ABOVE: 0 0.10 INCH OR MORE: 0
MIN 32 OR BELOW: 31 0.50 INCH OR MORE: 0
MIN 0 OR BELOW: 1 1.00 INCH OR MORE: 0
[HDD (BASE 65) ]
TOTAL THIS MO. 1097 CLEAR (SCALE 0-3) 20
DPTR FM NORMAL M PTCLDY (SCALE 4-7) 9
TOTAL FM JUL 1 3728 CLOUDY (SCALE 8-10) 2
DPTR FM NORMAL M
[CDD (BASE 65) ]
TOTAL THIS MO. 0
DPTR FM NORMAL M [PRESSURE DATA]
TOTAL FM JAN 1 0 HIGHEST SLP 30.62 ON 19
DPTR FM NORMAL M LOWEST SLP 29.53 ON 30
[REMARKS]
#FINAL-01-21#