000
CXUS54 KFWD 010730
CF6GYI
PRELIMINARY LOCAL CLIMATOLOGICAL DATA (WS FORM: F-6)
STATION: SHERMAN DENISON
MONTH: SEPTEMBER
YEAR: 2020
LATITUDE: 33 42 N
LONGITUDE: 96 40 W
TEMPERATURE IN F: :PCPN: SNOW: WIND :SUNSHINE: SKY :PK WND
================================================================================
1 2 3 4 5 6A 6B 7 8 9 10 11 12 13 14 15 16 17 18
12Z AVG MX 2MIN
DY MAX MIN AVG DEP HDD CDD WTR SNW DPTH SPD SPD DIR MIN PSBL S-S WX SPD DR
================================================================================
1 84 69 77 -3 0 12 0.32 0.0 M 7.2 18 150 M M 7 3 17 150
2 84 71 78 -2 0 13 0.03 0.0 0 4.8 12 160 M M 4 M M
3 85 70 78 -1 0 13 0.00 0.0 0 3.8 8 170 M M 2 M M
4 89 70 80 1 0 15 0.00 0.0 0 3.4 9 140 M M 5 1 M M
5 91 70 81 2 0 16 0.00 0.0 0 1.9 10 190 M M 2 1 M M
6 90 70 80 2 0 15 0.00 0.0 M 4.1 10 150 M M 0 1 M M
7 92 74 83 5 0 18 0.00 0.0 0 11.0 17 210 M M 0 17 180
8 89 73 81 3 0 16 0.00 0.0 0 10.9 16 150 M M 1 3 23 150
9 79 62 71 -6 0 6 0.15 0.0 0 6.3 13 340 M M 9 M M
10 71 57 64 -13 1 0 0.13 0.0 0 8.4 13 330 M M 10 1 M M
11 77 63 70 -7 0 5 0.00 0.0 0 4.1 12 340 M M 6 M M
12 82 65 74 -2 0 9 0.00 0.0 0 1.7 7 320 M M 1 M M
13 84 67 76 0 0 11 0.00 0.0 0 6.4 13 350 M M 0 18 360
14 85 65 75 -1 0 10 0.00 0.0 M 6.6 15 360 M M 3 17 360
15 85 70 78 3 0 13 0.00 0.0 0 4.3 7 330 M M 5 M M
16 86 68 77 2 0 12 0.00 0.0 0 2.4 10 340 M M 1 M M
17 85 67 76 2 0 11 0.00 0.0 0 4.4 12 360 M M 2 M M
18 82 64 73 -1 0 8 0.00 0.0 0 5.7 12 350 M M 1 8 M M
19 77 60 69 -5 0 4 0.00 0.0 0 5.1 10 80 M M 0 M M
20 80 56 68 -5 0 3 0.00 0.0 0 5.8 10 60 M M 1 20 60
21 79 62 71 -2 0 6 0.09 0.0 0 8.9 14 50 M M 6 22 60
22 69 65 67 -5 0 2 0.03 0.0 0 5.8 9 50 M M 10 1 M M
23 72 61 67 -5 0 2 0.00 0.0 0 6.0 10 360 M M 10 1 M M
24 77 62 70 -2 0 5 0.00 0.0 0 3.6 8 160 M M 5 M M
25 81 59 70 -1 0 5 0.00 0.0 0 7.8 15 170 M M 0 M M
26 86 64 75 4 0 10 0.00 0.0 0 11.3 15 160 M M 0 1 21 140
27 84 60 72 1 0 7 0.00 0.0 0 15.5 33 10 M M 6 48 10
28 75 52 64 -6 1 0 0.00 0.0 M 11.2 24 10 M M 0 41 10
29 79 46 63 -7 2 0 0.00 0.0 0 5.5 10 310 M M 0 M M
30 89 57 73 3 0 8 0.00 0.0 0 7.0 9 220 M M 0 M M
================================================================================
SM 2468 1919 4 255 0.75 0.0 190.9 M 97
================================================================================
AV 82.3 64.0 6.4 FASTST M M 3 MAX(MPH)
MISC ----> # 33 10 # 48 10
================================================================================
NOTES:
# LAST OF SEVERAL OCCURRENCES
COLUMN 17 PEAK WIND IN M.P.H.
PRELIMINARY LOCAL CLIMATOLOGICAL DATA (WS FORM: F-6) , PAGE 2
STATION: SHERMAN DENISON
MONTH: SEPTEMBER
YEAR: 2020
LATITUDE: 33 42 N
LONGITUDE: 96 40 W
[TEMPERATURE DATA] [PRECIPITATION DATA] SYMBOLS USED IN COLUMN 16
AVERAGE MONTHLY: 73.1 TOTAL FOR MONTH: 0.75 1 = FOG OR MIST
DPTR FM NORMAL: -1.8 DPTR FM NORMAL: -2.84 2 = FOG REDUCING VISIBILITY
HIGHEST: 92 ON 7 GRTST 24HR 0.32 ON 1- 1 TO 1/4 MILE OR LESS
LOWEST: 46 ON 29 3 = THUNDER
SNOW, ICE PELLETS, HAIL 4 = ICE PELLETS
TOTAL MONTH: 0.0 INCH 5 = HAIL
GRTST 24HR 0.0 6 = FREEZING RAIN OR DRIZZLE
GRTST DEPTH: 0 7 = DUSTSTORM OR SANDSTORM:
VSBY 1/2 MILE OR LESS
8 = SMOKE OR HAZE
[NO. OF DAYS WITH] [WEATHER - DAYS WITH] 9 = BLOWING SNOW
X = TORNADO
MAX 32 OR BELOW: 0 0.01 INCH OR MORE: 6
MAX 90 OR ABOVE: 3 0.10 INCH OR MORE: 3
MIN 32 OR BELOW: 0 0.50 INCH OR MORE: 0
MIN 0 OR BELOW: 0 1.00 INCH OR MORE: 0
[HDD (BASE 65) ]
TOTAL THIS MO. 4 CLEAR (SCALE 0-3) 18
DPTR FM NORMAL -9 PTCLDY (SCALE 4-7) 8
TOTAL FM JUL 1 4 CLOUDY (SCALE 8-10) 4
DPTR FM NORMAL -9
[CDD (BASE 65) ]
TOTAL THIS MO. 255
DPTR FM NORMAL -55 [PRESSURE DATA]
TOTAL FM JAN 1 2235 HIGHEST SLP M ON M
DPTR FM NORMAL 175 LOWEST SLP M ON M
[REMARKS]
#FINAL-09-20#