000
CXUS51 KGYX 030215
CF6GYX
PRELIMINARY LOCAL CLIMATOLOGICAL DATA (WS FORM: F-6)
STATION: GRAY ME
MONTH: APRIL
YEAR: 2022
LATITUDE: 43 53 N
LONGITUDE: 70 15 W
TEMPERATURE IN F: :PCPN: SNOW: WIND :SUNSHINE: SKY :PK WND
================================================================================
1 2 3 4 5 6A 6B 7 8 9 10 11 12 13 14 15 16 17 18
12Z AVG MX 2MIN
DY MAX MIN AVG DEP HDD CDD WTR SNW DPTH SPD SPD DIR MIN PSBL S-S WX SPD DR
================================================================================
1 52 36 44 6 21 0 0.37 0.0 0 M M M M M M M M
2 48 33 41 3 24 0 0.00 0.0 0 M M M M M M M M
3 48 31 40 1 25 0 0.00 0.0 0 M M M M M M M M
4 53 35 44 5 21 0 0.00 0.0 0 M M M M M M M M
5 59 33 46 7 19 0 0.00 0.0 0 M M M M M M M M
6 58 35 47 7 18 0 0.00 0.0 0 M M M M M M M M
7 44 33 39 -1 26 0 0.05 T 0 M M M M M M M M
8 54 38 46 6 19 0 1.21 0.0 0 M M M M M M M M
9 49 36 43 2 22 0 0.30 0.0 0 M M M M M M 1 M M
10 54 33 44 3 21 0 0.00 0.0 0 M M M M M M 1 M M
11 62 38 50 8 15 0 0.00 0.0 0 M M M M M M M M
12 65 42 54 12 11 0 0.10 0.0 0 M M M M M M M M
13 62 42 52 10 13 0 0.09 0.0 0 M M M M M M M M
14 45 41 43 0 22 0 0.13 0.0 0 M M M M M M M M
15 64 40 52 9 13 0 0.01 0.0 0 M M M M M M M M
16 62 39 51 7 14 0 0.46 0.0 0 M M M M M M M M
17 47 35 41 -3 24 0 T 0.0 0 M M M M M M M M
18 56 33 45 1 20 0 0.00 0.0 0 M M M M M M M M
19 52 38 45 0 20 0 0.83 0.0 0 M M M M M M 1 M M
20 50 34 42 -3 23 0 0.00 0.0 0 M M M M M M M M
21 51 32 42 -4 23 0 0.01 0.0 0 M M M M M M M M
22 57 42 50 4 15 0 T 0.0 0 M M M M M M M M
23 60 36 48 2 17 0 0.00 0.0 0 M M M M M M M M
24 57 33 45 -2 20 0 0.00 0.0 0 M M M M M M M M
25 56 37 47 0 18 0 0.00 0.0 0 M M M M M M M M
26 58 37 48 0 17 0 0.16 0.0 0 M M M M M M M M
27 49 36 43 -5 22 0 0.48 0.0 0 M M M M M M M M
28 49 34 42 -6 23 0 T T 0 M M M M M M M M
29 49 36 43 -6 22 0 0.00 0.0 0 M M M M M M M M
30 57 39 48 -1 17 0 0.00 0.0 0 M M M M M M M M
================================================================================
SM 1627 1087 585 0 4.20 T M M M
================================================================================
AV 54.2 36.2 M FASTST M M M MAX(MPH)
MISC ----> M M M M
================================================================================
NOTES:
# LAST OF SEVERAL OCCURRENCES
COLUMN 17 PEAK WIND IN M.P.H.
PRELIMINARY LOCAL CLIMATOLOGICAL DATA (WS FORM: F-6) , PAGE 2
STATION: GRAY ME
MONTH: APRIL
YEAR: 2022
LATITUDE: 43 53 N
LONGITUDE: 70 15 W
[TEMPERATURE DATA] [PRECIPITATION DATA] SYMBOLS USED IN COLUMN 16
AVERAGE MONTHLY: 45.2 TOTAL FOR MONTH: 4.20 1 = FOG OR MIST
DPTR FM NORMAL: 1.7 DPTR FM NORMAL: -0.20 2 = FOG REDUCING VISIBILITY
HIGHEST: 65 ON 12 GRTST 24HR 1.21 ON 8- 8 TO 1/4 MILE OR LESS
LOWEST: 31 ON 3 3 = THUNDER
SNOW, ICE PELLETS, HAIL 4 = ICE PELLETS
TOTAL MONTH: T 5 = HAIL
GRTST 24HR T ON 7- 7 6 = FREEZING RAIN OR DRIZZLE
GRTST DEPTH: 0 7 = DUSTSTORM OR SANDSTORM:
VSBY 1/2 MILE OR LESS
8 = SMOKE OR HAZE
[NO. OF DAYS WITH] [WEATHER - DAYS WITH] 9 = BLOWING SNOW
X = TORNADO
MAX 32 OR BELOW: 0 0.01 INCH OR MORE: 13
MAX 90 OR ABOVE: 0 0.10 INCH OR MORE: 9
MIN 32 OR BELOW: 2 0.50 INCH OR MORE: 2
MIN 0 OR BELOW: 0 1.00 INCH OR MORE: 1
[HDD (BASE 65) ]
TOTAL THIS MO. 585 CLEAR (SCALE 0-3) 0
DPTR FM NORMAL -62 PTCLDY (SCALE 4-7) 0
TOTAL FM JUL 1 6388 CLOUDY (SCALE 8-10) 30
DPTR FM NORMAL -327
[CDD (BASE 65) ]
TOTAL THIS MO. 0
DPTR FM NORMAL 0 [PRESSURE DATA]
TOTAL FM JAN 1 0 HIGHEST SLP M ON M
DPTR FM NORMAL 0 LOWEST SLP M ON M
[REMARKS]
#FINAL-04-22#