000
CXUS54 KOUN 010810
CF6HBR
PRELIMINARY LOCAL CLIMATOLOGICAL DATA (WS FORM: F-6)
STATION: HOBART
MONTH: MARCH
YEAR: 2024
LATITUDE: 35 0 N
LONGITUDE: 99 3 W
TEMPERATURE IN F: :PCPN: SNOW: WIND :SUNSHINE: SKY :PK WND
================================================================================
1 2 3 4 5 6A 6B 7 8 9 10 11 12 13 14 15 16 17 18
12Z AVG MX 2MIN
DY MAX MIN AVG DEP HDD CDD WTR SNW DPTH SPD SPD DIR MIN PSBL S-S WX SPD DR
================================================================================
1 60 34 47 0 18 0 0.00 M M 10.8 21 170 M M 5 12 28 170
2 78 38 58 11 7 0 0.00 M M 14.4 22 180 M M 0 28 220
3 81 44 63 15 2 0 0.00 M M 16.4 24 210 M M 0 30 210
4 75 43 59 11 6 0 0.00 M M 12.9 20 200 M M 0 25 300
5 65 38 52 4 13 0 0.00 M M 13.1 22 60 M M 0 29 50
6 69 36 53 4 12 0 0.00 M M 8.2 15 200 M M 1 128 20 200
7 77 52 65 16 0 0 0.01 0.0 0 15.0 32 180 M M 3 13 41 180
8 56 35 46 -3 19 0 0.20 0.0 0 18.8 32 360 M M 10 1 45 20
9 56 32 44 -6 21 0 0.01 0.0 0 9.9 22 360 M M 4 1 29 360
10 66 31 49 -1 16 0 0.00 0.0 0 12.2 21 220 M M 0 27 220
11 72 39 56 6 9 0 0.00 0.0 M 17.0 29 200 M M 0 40 210
12 80 47 64 13 1 0 0.00 0.0 M 15.1 26 200 M M 0 33 200
13 84 51 68 17 0 3 0.00 0.0 M 15.8 30 210 M M 0 37 210
14 79 44 62 11 3 0 0.00 M M 12.3 26 20 M M 0 36 20
15 58 40 49 -3 16 0 0.00 M M 15.6 31 40 M M 7 39 40
16 55 35 45 -7 20 0 0.13 M M 6.2 14 70 M M 7 1 17 80
17 65 37 51 -1 14 0 0.03 M M 12.3 24 50 M M 5 1 31 40
18 56 31 44 -9 21 0 0.00 M M 8.7 22 60 M M 0 27 50
19 73 32 53 0 12 0 0.00 M M 13.6 22 230 M M 0 29 230
20 79 44 62 9 3 0 0.00 M M 12.8 28 50 M M 0 8 35 50
21 63 49 56 2 9 0 0.16 M M 9.6 32 210 M M 6 13 41 210
22 70 43 57 3 8 0 0.00 M M 13.6 29 30 M M 4 1 37 30
23 62 33 48 -6 17 0 0.00 M M 11.3 28 170 M M 1 1 37 160
24 70 54 62 8 3 0 0.04 0.0 0 23.9 37 190 M M 3 3 49 190
25 60 30 45 -10 20 0 0.00 M 0 18.3 30 320 M M 2 43 330
26 57 31 44 -11 21 0 0.00 0.0 M 11.3 18 330 M M 0 28 330
27 52 33 43 -12 22 0 T M M 11.6 21 80 M M 5 28 70
28 71 27 49 -7 16 0 0.00 M M 12.2 24 180 M M 1 12 35 170
29 72 53 63 7 2 0 0.00 M M 19.2 26 200 M M 0 35 200
30 72 52 62 6 3 0 0.00 M M 9.0 20 190 M M 0 26 200
31 73 61 67 11 0 2 0.00 M M 17.3 22 170 M M 1 30 170
================================================================================
SM 2106 1249 334 5 0.58 0.0 418.4 M 65
================================================================================
AV 67.9 40.3 13.5 FASTST M M 2 MAX(MPH)
MISC ----> 37 190 49 190
================================================================================
NOTES:
# LAST OF SEVERAL OCCURRENCES
COLUMN 17 PEAK WIND IN M.P.H.
PRELIMINARY LOCAL CLIMATOLOGICAL DATA (WS FORM: F-6) , PAGE 2
STATION: HOBART
MONTH: MARCH
YEAR: 2024
LATITUDE: 35 0 N
LONGITUDE: 99 3 W
[TEMPERATURE DATA] [PRECIPITATION DATA] SYMBOLS USED IN COLUMN 16
AVERAGE MONTHLY: 54.1 TOTAL FOR MONTH: 0.58 1 = FOG OR MIST
DPTR FM NORMAL: 2.2 DPTR FM NORMAL: -1.27 2 = FOG REDUCING VISIBILITY
HIGHEST: 84 ON 13 GRTST 24HR 0.21 ON 8- 9 TO 1/4 MILE OR LESS
LOWEST: 27 ON 28 3 = THUNDER
SNOW, ICE PELLETS, HAIL 4 = ICE PELLETS
TOTAL MONTH: 0.0 INCH 5 = HAIL
GRTST 24HR 0.0 6 = FREEZING RAIN OR DRIZZLE
GRTST DEPTH: 0 7 = DUSTSTORM OR SANDSTORM:
VSBY 1/2 MILE OR LESS
8 = SMOKE OR HAZE
[NO. OF DAYS WITH] [WEATHER - DAYS WITH] 9 = BLOWING SNOW
X = TORNADO
MAX 32 OR BELOW: 0 0.01 INCH OR MORE: 7
MAX 90 OR ABOVE: 0 0.10 INCH OR MORE: 3
MIN 32 OR BELOW: 7 0.50 INCH OR MORE: 0
MIN 0 OR BELOW: 0 1.00 INCH OR MORE: 0
[HDD (BASE 65) ]
TOTAL THIS MO. 334 CLEAR (SCALE 0-3) 21
DPTR FM NORMAL -81 PTCLDY (SCALE 4-7) 9
TOTAL FM JUL 1 2837 CLOUDY (SCALE 8-10) 1
DPTR FM NORMAL -335
[CDD (BASE 65) ]
TOTAL THIS MO. 5
DPTR FM NORMAL -5 [PRESSURE DATA]
TOTAL FM JAN 1 6 HIGHEST SLP M ON M
DPTR FM NORMAL -5 LOWEST SLP 29.29 ON 24
[REMARKS]
#FINAL-03-24#