000
CXUS54 KOUN 010700
CF6HBR
PRELIMINARY LOCAL CLIMATOLOGICAL DATA (WS FORM: F-6)
STATION: HOBART
MONTH: JULY
YEAR: 2020
LATITUDE: 35 0 N
LONGITUDE: 99 3 W
TEMPERATURE IN F: :PCPN: SNOW: WIND :SUNSHINE: SKY :PK WND
================================================================================
1 2 3 4 5 6A 6B 7 8 9 10 11 12 13 14 15 16 17 18
12Z AVG MX 2MIN
DY MAX MIN AVG DEP HDD CDD WTR SNW DPTH SPD SPD DIR MIN PSBL S-S WX SPD DR
================================================================================
1 104 76 90 8 0 25 0.00 0.0 0 14.2 23 170 M M 0 29 170
2 100 74 87 5 0 22 0.00 0.0 0 13.0 22 160 M M 0 18 26 150
3 101 73 87 5 0 22 0.00 0.0 0 7.3 22 30 M M 0 27 30
4 96 76 86 4 0 21 T 0.0 0 8.4 18 80 M M 2 3 23 90
5 94 72 83 1 0 18 0.08 0.0 0 6.7 23 120 M M 5 13 28 100
6 94 74 84 1 0 19 0.00 0.0 0 7.8 20 180 M M 2 18 24 80
7 91 72 82 -1 0 17 0.00 0.0 0 6.5 17 150 M M 4 128 21 140
8 98 74 86 3 0 21 0.00 0.0 0 13.3 24 170 M M 0 1 31 160
9 101 78 90 7 0 25 0.00 0.0 0 17.9 29 150 M M 0 8 37 150
10 94 73 84 1 0 19 0.03 0.0 0 16.0 33 130 M M 1 138 41 120
11 106 78 92 9 0 27 0.00 0.0 0 14.1 24 100 M M 0 3 29 90
12 97 73 85 2 0 20 0.08 0.0 0 10.3 24 130 M M 0 3 31 120
13 100 80 90 7 0 25 0.00 0.0 0 13.8 24 140 M M 0 39 150
14 109 81 95 12 0 30 0.00 0.0 0 20.2 29 150 M M 0 36 160
15 105 78 92 9 0 27 T 0.0 0 11.4 28 180 M M 0 3 35 180
16 101 73 87 3 0 22 T 0.0 0 12.0 23 330 M M 0 3 30 10
17 103 77 90 6 0 25 0.00 0.0 0 14.1 26 150 M M 0 36 150
18 99 75 87 3 0 22 0.00 0.0 0 17.0 28 150 M M 0 33 150
19 98 76 87 3 0 22 0.00 0.0 0 14.0 24 150 M M 0 32 150
20 100 72 86 2 0 21 1.95 0.0 0 12.8 29 330 M M 2 13 39 70
21 83 74 79 -5 0 14 0.08 0.0 0 7.0 23 140 M M 2 13 26 150
22 94 72 83 -1 0 18 0.26 0.0 0 6.9 28 80 M M 3 13 33 90
23 93 76 85 1 0 20 0.13 0.0 0 8.2 29 70 M M 3 13 36 80
24 94 75 85 1 0 20 0.00 0.0 0 9.7 18 170 M M 2 23 170
25 93 74 84 0 0 19 0.00 0.0 0 10.5 20 160 M M 2 25 150
26 94 72 83 -1 0 18 0.00 0.0 0 9.2 18 200 M M 1 27 210
27 96 73 85 1 0 20 0.12 0.0 0 8.2 29 320 M M 3 13 38 340
28 87 74 81 -3 0 16 0.85 0.0 0 8.1 15 190 M M 4 13 18 190
29 97 73 85 1 0 20 0.14 0.0 0 10.4 20 170 M M 2 1 24 170
30 97 73 85 1 0 20 0.12 0.0 0 9.0 24 350 M M 2 3 31 340
31 90 66 78 -6 0 13 0.00 0.0 0 11.2 21 360 M M 1 27 10
================================================================================
SM 3009 2307 0 648 3.84 0.0 349.2 M 41
================================================================================
AV 97.1 74.4 11.3 FASTST M M 1 MAX(MPH)
MISC ----> # 33 130 # 41 120
================================================================================
NOTES:
# LAST OF SEVERAL OCCURRENCES
COLUMN 17 PEAK WIND IN M.P.H.
PRELIMINARY LOCAL CLIMATOLOGICAL DATA (WS FORM: F-6) , PAGE 2
STATION: HOBART
MONTH: JULY
YEAR: 2020
LATITUDE: 35 0 N
LONGITUDE: 99 3 W
[TEMPERATURE DATA] [PRECIPITATION DATA] SYMBOLS USED IN COLUMN 16
AVERAGE MONTHLY: 85.7 TOTAL FOR MONTH: 3.84 1 = FOG OR MIST
DPTR FM NORMAL: 2.5 DPTR FM NORMAL: 1.24 2 = FOG REDUCING VISIBILITY
HIGHEST: 109 ON 14 GRTST 24HR 1.95 ON 20-20 TO 1/4 MILE OR LESS
LOWEST: 66 ON 31 3 = THUNDER
SNOW, ICE PELLETS, HAIL 4 = ICE PELLETS
TOTAL MONTH: 0.0 INCH 5 = HAIL
GRTST 24HR 0.0 6 = FREEZING RAIN OR DRIZZLE
GRTST DEPTH: 0 7 = DUSTSTORM OR SANDSTORM:
VSBY 1/2 MILE OR LESS
8 = SMOKE OR HAZE
[NO. OF DAYS WITH] [WEATHER - DAYS WITH] 9 = BLOWING SNOW
X = TORNADO
MAX 32 OR BELOW: 0 0.01 INCH OR MORE: 11
MAX 90 OR ABOVE: 29 0.10 INCH OR MORE: 7
MIN 32 OR BELOW: 0 0.50 INCH OR MORE: 2
MIN 0 OR BELOW: 0 1.00 INCH OR MORE: 1
[HDD (BASE 65) ]
TOTAL THIS MO. 0 CLEAR (SCALE 0-3) 28
DPTR FM NORMAL 0 PTCLDY (SCALE 4-7) 3
TOTAL FM JUL 1 0 CLOUDY (SCALE 8-10) 0
DPTR FM NORMAL 0
[CDD (BASE 65) ]
TOTAL THIS MO. 648
DPTR FM NORMAL 82 [PRESSURE DATA]
TOTAL FM JAN 1 1472 HIGHEST SLP M ON M
DPTR FM NORMAL 287 LOWEST SLP 29.70 ON 1
[REMARKS]
#FINAL-07-20#