000
CXUS53 KGID 011216
CF6HDE
PRELIMINARY LOCAL CLIMATOLOGICAL DATA (WS FORM: F-6)
STATION: HOLDREGE NE
MONTH: MAY
YEAR: 2023
LATITUDE: 40 27 N
LONGITUDE: 99 20 W
TEMPERATURE IN F: :PCPN: SNOW: WIND :SUNSHINE: SKY :PK WND
================================================================================
1 2 3 4 5 6A 6B 7 8 9 10 11 12 13 14 15 16 17 18
12Z AVG MX 2MIN
DY MAX MIN AVG DEP HDD CDD WTR SNW DPTH SPD SPD DIR MIN PSBL S-S WX SPD DR
================================================================================
1 66 31 49 M 16 0 0.00 M M 8.6 20 340 M M 0 23 330
2 66 29 48 M 17 0 0.00 M M 5.4 10 10 M M 0 21 10
3 76 37 57 M 8 0 0.00 M M 9.2 17 150 M M 1 22 180
4 81 49 65 M 0 0 0.00 M M 12.8 20 180 M M 1 27 160
5 80 52 66 M 0 1 T M M 10.6 21 330 M M 6 13 33 330
6 79 49 64 M 1 0 0.10 M M 8.9 28 360 M M 4 3 37 360
7 80 51 66 M 0 1 0.05 M M 13.0 20 60 M M 3 1 24 10
8 81 47 64 M 1 0 0.00 M M 6.3 13 290 M M 0 17 330
9 69 55 62 M 3 0 0.58 M M 15.0 43 90 M M 5 3 51 60
10 75 53 64 M 1 0 0.22 M M 9.1 25 240 M M 7 13 37 240
11 76 54 65 M 0 0 1.75 M M 13.6 27 110 M M 8 123 37 110
12 70 55 63 M 2 0 0.01 M M 14.6 21 210 M M 8 13 30 330
13 72 57 65 M 0 0 0.00 M M 10.8 17 330 M M 8 23 310
14 61 52 57 M 8 0 T M M 12.2 17 10 M M 9 24 10
15 55 49 52 M 13 0 0.00 M M 11.2 15 20 M M 10 1 20 20
16 73 51 62 M 3 0 0.00 M M 5.2 9 350 M M 4 1 M M
17 79 47 63 M 2 0 0.00 M M 3.3 8 130 M M 1 21 160
18 76 52 64 M 1 0 0.00 M M 6.3 12 10 M M 6 8 17 350
19 66 46 56 M 9 0 0.00 M M 13.7 22 350 M M 3 8 30 360
20 74 44 59 M 6 0 0.00 M M 4.4 8 160 M M 0 M M
21 80 45 63 M 2 0 0.00 M M 9.1 14 210 M M 1 20 220
22 80 53 67 M 0 2 0.00 M M 7.8 13 180 M M 2 20 140
23 78 53 66 M 0 1 0.00 M M 8.7 15 150 M M 3 1 24 180
24 79 53 66 M 0 1 0.00 M M 7.7 14 130 M M 5 21 130
25 76 54 65 M 0 0 0.04 M M 11.5 23 200 M M 5 28 150
26 81 57 69 M 0 4 0.00 M M 13.1 21 140 M M 5 28 140
27 81 55 68 M 0 3 0.00 M M 16.0 23 170 M M 4 32 160
28 80 60 70 M 0 5 0.16 M M 13.7 21 190 M M 7 27 150
29 87 57 72 M 0 7 0.32 M M 12.8 25 200 M M 1 3 32 200
30 82 58 70 M 0 5 0.08 M M 7.8 18 180 M M 1 29 250
31 85 58 72 M 0 7 0.00 M M 6.7 18 270 M M 1 24 270
================================================================================
SM 2344 1563 93 37 3.31 M 309.1 M 119
================================================================================
AV 75.6 50.4 10.0 FASTST M M 4 MAX(MPH)
MISC ----> 43 90 M M
================================================================================
NOTES:
# LAST OF SEVERAL OCCURRENCES
COLUMN 17 PEAK WIND IN M.P.H.
PRELIMINARY LOCAL CLIMATOLOGICAL DATA (WS FORM: F-6) , PAGE 2
STATION: HOLDREGE NE
MONTH: MAY
YEAR: 2023
LATITUDE: 40 27 N
LONGITUDE: 99 20 W
[TEMPERATURE DATA] [PRECIPITATION DATA] SYMBOLS USED IN COLUMN 16
AVERAGE MONTHLY: 63.0 TOTAL FOR MONTH: 3.31 1 = FOG OR MIST
DPTR FM NORMAL: M DPTR FM NORMAL: M 2 = FOG REDUCING VISIBILITY
HIGHEST: 87 ON 29 GRTST 24HR 1.75 ON 11-11 TO 1/4 MILE OR LESS
LOWEST: 29 ON 2 3 = THUNDER
SNOW, ICE PELLETS, HAIL 4 = ICE PELLETS
TOTAL MONTH: M 5 = HAIL
GRTST 24HR M ON M 6 = FREEZING RAIN OR DRIZZLE
GRTST DEPTH: M ON M 7 = DUSTSTORM OR SANDSTORM:
VSBY 1/2 MILE OR LESS
8 = SMOKE OR HAZE
[NO. OF DAYS WITH] [WEATHER - DAYS WITH] 9 = BLOWING SNOW
X = TORNADO
MAX 32 OR BELOW: 0 0.01 INCH OR MORE: 10
MAX 90 OR ABOVE: 0 0.10 INCH OR MORE: 5
MIN 32 OR BELOW: 2 0.50 INCH OR MORE: 2
MIN 0 OR BELOW: 0 1.00 INCH OR MORE: 1
[HDD (BASE 65) ]
TOTAL THIS MO. 93 CLEAR (SCALE 0-3) 15
DPTR FM NORMAL M PTCLDY (SCALE 4-7) 13
TOTAL FM JUL 1 6116 CLOUDY (SCALE 8-10) 3
DPTR FM NORMAL M
[CDD (BASE 65) ]
TOTAL THIS MO. 37
DPTR FM NORMAL M [PRESSURE DATA]
TOTAL FM JAN 1 50 HIGHEST SLP M ON M
DPTR FM NORMAL M LOWEST SLP M ON M
[REMARKS]
#FINAL-05-23#