000
CXUS53 KGID 020102
CF6HDE
PRELIMINARY LOCAL CLIMATOLOGICAL DATA (WS FORM: F-6)
STATION: HOLDREGE NE
MONTH: OCTOBER
YEAR: 2022
LATITUDE: 40 27 N
LONGITUDE: 99 20 W
TEMPERATURE IN F: :PCPN: SNOW: WIND :SUNSHINE: SKY :PK WND
================================================================================
1 2 3 4 5 6A 6B 7 8 9 10 11 12 13 14 15 16 17 18
12Z AVG MX 2MIN
DY MAX MIN AVG DEP HDD CDD WTR SNW DPTH SPD SPD DIR MIN PSBL S-S WX SPD DR
================================================================================
1 85 53 69 M 0 4 0.00 M M 13.5 21 160 M M 0 28 150
2 82 46 64 M 1 0 0.00 M M 12.1 21 170 M M 0 28 150
3 82 46 64 M 1 0 0.00 M M 12.0 23 160 M M 2 29 160
4 70 53 62 M 3 0 0.32 M M 2.8 8 160 M M 6 M M
5 74 47 61 M 4 0 0.00 M M 6.2 16 340 M M 1 21 340
6 65 42 54 M 11 0 0.00 M M 10.3 18 40 M M 0 23 360
7 46 38 42 M 23 0 0.25 M M 6.5 14 10 M M 9 23 10
8 65 36 51 M 14 0 0.00 M M 5.8 13 240 M M 2 18 250
9 74 40 57 M 8 0 0.00 M M 4.1 8 270 M M 0 M M
10 78 42 60 M 5 0 0.00 M M 8.0 16 160 M M 0 22 160
11 84 52 68 M 0 3 0.11 M M 13.9 28 360 M M 1 3 41 360
12 63 39 51 M 14 0 0.00 M M 10.2 24 350 M M 1 33 350
13 63 41 52 M 13 0 0.00 M M 15.0 31 320 M M 0 40 320
14 76 37 57 M 8 0 0.00 M M 11.3 27 310 M M 2 38 310
15 72 39 56 M 9 0 0.00 M M 8.3 15 320 M M 1 23 300
16 60 33 47 M 18 0 0.00 M M 11.0 21 350 M M 2 31 360
17 53 29 41 M 24 0 0.00 M M 7.0 10 340 M M 3 8 17 340
18 49 23 36 M 29 0 0.00 M M 4.3 12 50 M M 1 M M
19 68 27 48 M 17 0 0.00 M M 3.0 7 210 M M 0 8 M M
20 76 43 60 M 5 0 0.00 M M 8.4 12 230 M M 0 18 310
21 74 44 59 M 6 0 0.00 M M 5.8 12 230 M M 0 16 250
22 86 40 63 M 2 0 0.00 M M 6.5 15 160 M M 0 21 160
23 88 46 67 M 0 2 0.00 M M 16.2 35 210 M M 2 8 43 210
24 56 33 45 M 20 0 0.00 M M 15.3 22 310 M M 1 30 320
25 62 27 45 M 20 0 0.00 M M 5.7 10 40 M M 0 16 310
26 57 31 44 M 21 0 0.00 M M 9.6 17 130 M M 5 27 120
27 58 42 50 M 15 0 0.32 M M 11.4 18 160 M M 8 24 160
28 59 41 50 M 15 0 0.00 M M 4.3 9 170 M M 5 1 M M
29 67 36 52 M 13 0 0.00 M M 6.7 13 230 M M 0 17 190
30 62 39 51 M 14 0 0.00 M M 6.3 14 360 M M 0 17 360
31 71 34 53 M 12 0 0.00 M M 7.0 15 240 M M 0 20 230
================================================================================
SM 2125 1219 345 9 1.00 M 268.5 M 52
================================================================================
AV 68.5 39.3 8.7 FASTST M M 2 MAX(MPH)
MISC ----> 35 210 M M
================================================================================
NOTES:
# LAST OF SEVERAL OCCURRENCES
COLUMN 17 PEAK WIND IN M.P.H.
PRELIMINARY LOCAL CLIMATOLOGICAL DATA (WS FORM: F-6) , PAGE 2
STATION: HOLDREGE NE
MONTH: OCTOBER
YEAR: 2022
LATITUDE: 40 27 N
LONGITUDE: 99 20 W
[TEMPERATURE DATA] [PRECIPITATION DATA] SYMBOLS USED IN COLUMN 16
AVERAGE MONTHLY: 53.9 TOTAL FOR MONTH: 1.00 1 = FOG OR MIST
DPTR FM NORMAL: M DPTR FM NORMAL: M 2 = FOG REDUCING VISIBILITY
HIGHEST: 88 ON 23 GRTST 24HR 0.32 ON 4- 4 TO 1/4 MILE OR LESS
LOWEST: 23 ON 18 3 = THUNDER
SNOW, ICE PELLETS, HAIL 4 = ICE PELLETS
TOTAL MONTH: M 5 = HAIL
GRTST 24HR M ON M 6 = FREEZING RAIN OR DRIZZLE
GRTST DEPTH: M ON M 7 = DUSTSTORM OR SANDSTORM:
VSBY 1/2 MILE OR LESS
8 = SMOKE OR HAZE
[NO. OF DAYS WITH] [WEATHER - DAYS WITH] 9 = BLOWING SNOW
X = TORNADO
MAX 32 OR BELOW: 0 0.01 INCH OR MORE: 4
MAX 90 OR ABOVE: 0 0.10 INCH OR MORE: 4
MIN 32 OR BELOW: 5 0.50 INCH OR MORE: 0
MIN 0 OR BELOW: 0 1.00 INCH OR MORE: 0
[HDD (BASE 65) ]
TOTAL THIS MO. 345 CLEAR (SCALE 0-3) 26
DPTR FM NORMAL M PTCLDY (SCALE 4-7) 4
TOTAL FM JUL 1 401 CLOUDY (SCALE 8-10) 1
DPTR FM NORMAL M
[CDD (BASE 65) ]
TOTAL THIS MO. 9
DPTR FM NORMAL M [PRESSURE DATA]
TOTAL FM JAN 1 1130 HIGHEST SLP M ON M
DPTR FM NORMAL M LOWEST SLP M ON M
[REMARKS]
#FINAL-10-22#