000
CXUS54 KEWX 011010
CF6HDO
PRELIMINARY LOCAL CLIMATOLOGICAL DATA (WS FORM: F-6)
STATION: HONDO
MONTH: OCTOBER
YEAR: 2023
LATITUDE: 29 21 N
LONGITUDE: 99 10 W
TEMPERATURE IN F: :PCPN: SNOW: WIND :SUNSHINE: SKY :PK WND
================================================================================
1 2 3 4 5 6A 6B 7 8 9 10 11 12 13 14 15 16 17 18
12Z AVG MX 2MIN
DY MAX MIN AVG DEP HDD CDD WTR SNW DPTH SPD SPD DIR MIN PSBL S-S WX SPD DR
================================================================================
1 92 75 84 8 0 19 T M M 10.3 22 130 M M 5 29 130
2 82 73 78 2 0 13 0.25 M M 6.1 15 140 M M 6 3 19 140
3 92 71 82 7 0 17 0.00 M M 6.1 14 160 M M 4 8 19 140
4 95 76 86 11 0 21 0.00 M M 9.0 16 160 M M 5 23 190
5 81 69 75 0 0 10 0.48 M M 8.3 29 10 M M 5 13 37 20
6 85 66 76 1 0 11 0.00 M M 7.6 17 50 M M 1 23 50
7 78 60 69 -5 0 4 0.00 M M 7.7 21 30 M M 0 27 30
8 78 52 65 -9 0 0 0.00 M M 5.4 13 200 M M 0 15 190
9 82 55 69 -5 0 4 0.00 M M 6.4 20 200 M M 0 24 200
10 77 66 72 -1 0 7 T M M 8.7 16 140 M M 9 22 160
11 76 64 70 -3 0 5 0.25 M M 5.5 13 150 M M 9 16 140
12 83 68 76 3 0 11 0.00 M M 9.6 16 150 M M 8 21 160
13 89 70 80 8 0 15 0.00 M M 6.9 16 40 M M 8 22 50
14 82 59 71 -1 0 6 T M M 8.1 18 40 M M 5 26 50
15 81 53 67 -5 0 2 0.00 M M 10.0 21 350 M M 4 30 20
16 81 45 63 -9 2 0 0.00 M M 7.3 21 20 M M 0 28 10
17 78 43 61 -10 4 0 0.00 M M 5.6 12 170 M M 0 17 180
18 84 45 65 -6 0 0 0.00 M M 7.5 18 190 M M 0 25 180
19 93 54 74 4 0 9 0.00 M M 6.3 15 30 M M 0 24 30
20 93 52 73 3 0 8 0.00 M M 6.6 12 190 M M 0 17 240
21 91 53 72 2 0 7 0.00 M M 6.8 16 160 M M 0 23 150
22 89 67 78 8 0 13 0.00 M M 9.3 18 150 M M 4 28 150
23 84 74 79 10 0 14 T M M 14.2 24 130 M M 8 32 120
24 86 75 81 12 0 16 T M M 16.0 23 140 M M 9 30 150
25 86 75 81 13 0 16 T M M 14.7 24 140 M M 10 3 32 180
26 90 76 83 15 0 18 T M M 11.7 23 160 M M 8 29 160
27 90 76 83 15 0 18 T M M 9.7 18 150 M M 7 1 23 120
28 91 73 82 15 0 17 T M M 10.7 21 190 M M 7 29 150
29 86 42 64 -3 1 0 0.10 M M 15.6 30 20 M M 9 1 39 30
30 48 42 45 -21 20 0 0.17 M M 14.0 26 20 M M 10 13 38 360
31 64 37 51 -15 14 0 0.01 M M 8.8 17 30 M M 5 23 10
================================================================================
SM 2587 1906 41 281 1.26 M 280.5 M 146
================================================================================
AV 83.5 61.5 9.0 FASTST M M 5 MAX(MPH)
MISC ----> 30 20 39 30
================================================================================
NOTES:
# LAST OF SEVERAL OCCURRENCES
COLUMN 17 PEAK WIND IN M.P.H.
PRELIMINARY LOCAL CLIMATOLOGICAL DATA (WS FORM: F-6) , PAGE 2
STATION: HONDO
MONTH: OCTOBER
YEAR: 2023
LATITUDE: 29 21 N
LONGITUDE: 99 10 W
[TEMPERATURE DATA] [PRECIPITATION DATA] SYMBOLS USED IN COLUMN 16
AVERAGE MONTHLY: 72.5 TOTAL FOR MONTH: 1.26 1 = FOG OR MIST
DPTR FM NORMAL: 1.1 DPTR FM NORMAL: -1.33 2 = FOG REDUCING VISIBILITY
HIGHEST: 95 ON 4 GRTST 24HR 0.48 ON 5- 5 TO 1/4 MILE OR LESS
LOWEST: 37 ON 31 3 = THUNDER
SNOW, ICE PELLETS, HAIL 4 = ICE PELLETS
TOTAL MONTH: M 5 = HAIL
GRTST 24HR M ON M 6 = FREEZING RAIN OR DRIZZLE
GRTST DEPTH: M ON M 7 = DUSTSTORM OR SANDSTORM:
VSBY 1/2 MILE OR LESS
8 = SMOKE OR HAZE
[NO. OF DAYS WITH] [WEATHER - DAYS WITH] 9 = BLOWING SNOW
X = TORNADO
MAX 32 OR BELOW: 0 0.01 INCH OR MORE: 6
MAX 90 OR ABOVE: 9 0.10 INCH OR MORE: 5
MIN 32 OR BELOW: 0 0.50 INCH OR MORE: 0
MIN 0 OR BELOW: 0 1.00 INCH OR MORE: 0
[HDD (BASE 65) ]
TOTAL THIS MO. 41 CLEAR (SCALE 0-3) 10
DPTR FM NORMAL 9 PTCLDY (SCALE 4-7) 15
TOTAL FM JUL 1 41 CLOUDY (SCALE 8-10) 6
DPTR FM NORMAL 10
[CDD (BASE 65) ]
TOTAL THIS MO. 281
DPTR FM NORMAL 52 [PRESSURE DATA]
TOTAL FM JAN 1 3737 HIGHEST SLP 30.44 ON 31
DPTR FM NORMAL 657 LOWEST SLP 29.59 ON 12
[REMARKS]
#FINAL-10-23#