000
CXUS51 KLWX 010815
CF6HGR
PRELIMINARY LOCAL CLIMATOLOGICAL DATA (WS FORM: F-6)
STATION: HAGERSTOWN MD
MONTH: MARCH
YEAR: 2023
LATITUDE: 39 42 N
LONGITUDE: 77 43 W
TEMPERATURE IN F: :PCPN: SNOW: WIND :SUNSHINE: SKY :PK WND
================================================================================
1 2 3 4 5 6A 6B 7 8 9 10 11 12 13 14 15 16 17 18
12Z AVG MX 2MIN
DY MAX MIN AVG DEP HDD CDD WTR SNW DPTH SPD SPD DIR MIN PSBL S-S WX SPD DR
================================================================================
1 61 31 46 7 19 0 0.00 M M 10.5 24 160 M M 2 1 33 150
2 61 43 52 13 13 0 0.08 M M 8.2 20 300 M M 2 1 24 290
3 46 33 40 1 25 0 1.07 M M 7.7 21 70 M M 6 1 27 70
4 52 34 43 3 22 0 T M M 14.3 31 300 M M 6 1 45 290
5 59 31 45 5 20 0 0.00 M M 7.9 22 310 M M 1 28 310
6 55 31 43 3 22 0 0.00 M M 3.5 10 120 M M 1 13 130
7 50 33 42 2 23 0 0.01 M M 18.0 35 320 M M 4 43 310
8 51 28 40 -1 25 0 0.00 M M 12.2 23 320 M M 0 30 300
9 53 28 41 0 24 0 0.00 M M 6.5 16 330 M M 0 19 350
10 41 35 38 -3 27 0 0.05 M M 7.4 28 300 M M 8 18 34 290
11 46 33 40 -2 25 0 0.00 M M 14.8 25 330 M M 9 32 330
12 38 28 33 -9 32 0 T M M 5.1 13 160 M M 6 18 17 150
13 44 33 39 -3 26 0 0.08 T 0 6.6 23 280 M M 10 1 27 300
14 37 30 34 -9 31 0 T T 0 22.0 35 300 M M 8 44 300
15 48 29 39 -4 26 0 0.00 0.0 0 17.2 31 310 M M 3 41 300
16 63 32 48 5 17 0 0.00 M M 6.0 14 180 M M 0 18 180
17 56 42 49 5 16 0 0.15 M M 8.1 26 300 M M 7 1 36 290
18 49 32 41 -3 24 0 T M M 16.3 26 280 M M 5 34 290
19 39 22 31 -13 34 0 0.00 M M 14.4 31 290 M M 1 37 290
20 52 24 38 -7 27 0 0.00 M M 6.4 13 170 M M 0 17 230
21 60 29 45 0 20 0 0.00 M M 6.7 15 160 M M 0 21 180
22 66 47 57 12 8 0 0.00 M M 7.7 18 190 M M 5 24 180
23 67 50 59 13 6 0 0.34 M M 7.0 15 340 M M 9 13 19 350
24 58 43 51 5 14 0 0.33 M M 5.0 13 30 M M 10 1 18 340
25 49 40 45 -1 20 0 0.30 M M 4.2 15 120 M M 10 1238 21 120
26 65 42 54 7 11 0 0.00 M M 11.5 25 280 M M 0 35 270
27 63 37 50 3 15 0 0.00 M M 6.4 21 320 M M 3 26 320
28 54 42 48 0 17 0 0.00 M M 5.7 17 320 M M 5 22 330
29 59 35 47 -1 18 0 0.00 M M 7.4 29 320 M M 4 36 320
30 51 30 41 -7 24 0 0.00 M M 4.5 16 330 M M 0 20 330
31 59 39 49 0 16 0 T M M 8.2 21 190 M M 6 27 190
================================================================================
SM 1652 1066 647 0 2.41 T 287.4 M 131
================================================================================
AV 53.3 34.4 9.3 FASTST M M 4 MAX(MPH)
MISC ----> # 35 320 45 290
================================================================================
NOTES:
# LAST OF SEVERAL OCCURRENCES
COLUMN 17 PEAK WIND IN M.P.H.
PRELIMINARY LOCAL CLIMATOLOGICAL DATA (WS FORM: F-6) , PAGE 2
STATION: HAGERSTOWN MD
MONTH: MARCH
YEAR: 2023
LATITUDE: 39 42 N
LONGITUDE: 77 43 W
[TEMPERATURE DATA] [PRECIPITATION DATA] SYMBOLS USED IN COLUMN 16
AVERAGE MONTHLY: 43.8 TOTAL FOR MONTH: 2.41 1 = FOG OR MIST
DPTR FM NORMAL: 0.4 DPTR FM NORMAL: -0.63 2 = FOG REDUCING VISIBILITY
HIGHEST: 67 ON 23 GRTST 24HR 1.07 ON 3- 3 TO 1/4 MILE OR LESS
LOWEST: 22 ON 19 3 = THUNDER
SNOW, ICE PELLETS, HAIL 4 = ICE PELLETS
TOTAL MONTH: T 5 = HAIL
GRTST 24HR T ON 13-13 6 = FREEZING RAIN OR DRIZZLE
GRTST DEPTH: 0 7 = DUSTSTORM OR SANDSTORM:
VSBY 1/2 MILE OR LESS
8 = SMOKE OR HAZE
[NO. OF DAYS WITH] [WEATHER - DAYS WITH] 9 = BLOWING SNOW
X = TORNADO
MAX 32 OR BELOW: 0 0.01 INCH OR MORE: 9
MAX 90 OR ABOVE: 0 0.10 INCH OR MORE: 5
MIN 32 OR BELOW: 14 0.50 INCH OR MORE: 1
MIN 0 OR BELOW: 0 1.00 INCH OR MORE: 1
[HDD (BASE 65) ]
TOTAL THIS MO. 647 CLEAR (SCALE 0-3) 14
DPTR FM NORMAL -24 PTCLDY (SCALE 4-7) 11
TOTAL FM JUL 1 3837 CLOUDY (SCALE 8-10) 6
DPTR FM NORMAL -426
[CDD (BASE 65) ]
TOTAL THIS MO. 0
DPTR FM NORMAL -1 [PRESSURE DATA]
TOTAL FM JAN 1 0 HIGHEST SLP 30.47 ON 21
DPTR FM NORMAL -1 LOWEST SLP 29.33 ON 4
[REMARKS]
#FINAL-03-23#