000
CXUS54 KHGX 041455
CF6HGX
PRELIMINARY LOCAL CLIMATOLOGICAL DATA (WS FORM: F-6)
STATION: DICKINSON WFO
MONTH: MARCH
YEAR: 2021
LATITUDE: 29 28 N
LONGITUDE: 95 5 W
TEMPERATURE IN F: :PCPN: SNOW: WIND :SUNSHINE: SKY :PK WND
================================================================================
1 2 3 4 5 6A 6B 7 8 9 10 11 12 13 14 15 16 17 18
12Z AVG MX 2MIN
DY MAX MIN AVG DEP HDD CDD WTR SNW DPTH SPD SPD DIR MIN PSBL S-S WX SPD DR
================================================================================
1 70 62 66 7 0 1 1.02 0.0 0 M M M M M M 1 M M
2 63 48 56 -3 9 0 0.15 0.0 0 M M M M M M 1 M M
3 65 43 54 -5 11 0 0.00 0.0 0 M M M M M M M M
4 68 39 54 -6 11 0 0.00 0.0 0 M M M M M M M M
5 71 42 57 -3 8 0 0.25 0.0 0 M M M M M M M M
6 69 52 61 1 4 0 0.00 0.0 0 M M M M M M M M
7 65 46 56 -4 9 0 0.00 0.0 0 M M M M M M M M
8 70 45 58 -2 7 0 0.00 0.0 0 M M M M M M M M
9 74 60 67 6 0 2 0.00 0.0 0 M M M M M M M M
10 75 64 70 9 0 5 0.00 0.0 0 M M M M M M M M
11 77 68 73 12 0 8 0.00 0.0 0 M M M M M M M M
12 80 67 74 13 0 9 0.00 0.0 0 M M M M M M M M
13 79 66 73 12 0 8 0.00 0.0 0 M M M M M M M M
14 74 59 67 5 0 2 0.16 0.0 0 M M M M M M M M
15 80 61 71 9 0 6 T 0.0 0 M M M M M M M M
16 80 68 74 12 0 9 0.02 0.0 0 M M M M M M M M
17 80 58 69 7 0 4 0.06 0.0 0 M M M M M M M M
18 68 50 59 -3 6 0 0.00 0.0 0 M M M M M M M M
19 69 49 59 -3 6 0 0.00 0.0 0 M M M M M M M M
20 65 47 56 -7 9 0 0.00 0.0 0 M M M M M M M M
21 68 46 57 -6 8 0 0.00 0.0 0 M M M M M M M M
22 75 58 67 4 0 2 0.01 0.0 0 M M M M M M M M
23 84 61 73 10 0 8 0.29 0.0 0 M M M M M M 3 M M
24 70 61 66 3 0 1 0.01 0.0 0 M M M M M M M M
25 82 61 72 9 0 7 0.00 0.0 0 M M M M M M 1 M M
26 80 56 68 4 0 3 T 0.0 0 M M M M M M M M
27 82 69 76 12 0 11 T 0.0 0 M M M M M M 1 M M
28 74 52 63 -1 2 0 0.17 0.0 0 M M M M M M M M
29 74 49 62 -2 3 0 T 0.0 0 M M M M M M M M
30 81 65 73 9 0 8 T 0.0 0 M M M M M M M M
31 81 59 70 6 0 5 0.18 0.0 0 M M M M M M M M
================================================================================
SM 2293 1731 93 99 2.32 0.0 M M M
================================================================================
AV 74.0 55.8 M FASTST M M M MAX(MPH)
MISC ----> M M M M
================================================================================
NOTES:
# LAST OF SEVERAL OCCURRENCES
COLUMN 17 PEAK WIND IN M.P.H.
PRELIMINARY LOCAL CLIMATOLOGICAL DATA (WS FORM: F-6) , PAGE 2
STATION: DICKINSON WFO
MONTH: MARCH
YEAR: 2021
LATITUDE: 29 28 N
LONGITUDE: 95 5 W
[TEMPERATURE DATA] [PRECIPITATION DATA] SYMBOLS USED IN COLUMN 16
AVERAGE MONTHLY: 64.9 TOTAL FOR MONTH: 2.32 1 = FOG OR MIST
DPTR FM NORMAL: 3.1 DPTR FM NORMAL: -0.92 2 = FOG REDUCING VISIBILITY
HIGHEST: 84 ON 23 GRTST 24HR 1.02 ON 1- 1 TO 1/4 MILE OR LESS
LOWEST: 39 ON 4 3 = THUNDER
SNOW, ICE PELLETS, HAIL 4 = ICE PELLETS
TOTAL MONTH: 0.0 INCH 5 = HAIL
GRTST 24HR 0.0 6 = FREEZING RAIN OR DRIZZLE
GRTST DEPTH: 0 7 = DUSTSTORM OR SANDSTORM:
VSBY 1/2 MILE OR LESS
8 = SMOKE OR HAZE
[NO. OF DAYS WITH] [WEATHER - DAYS WITH] 9 = BLOWING SNOW
X = TORNADO
MAX 32 OR BELOW: 0 0.01 INCH OR MORE: 11
MAX 90 OR ABOVE: 0 0.10 INCH OR MORE: 7
MIN 32 OR BELOW: 0 0.50 INCH OR MORE: 1
MIN 0 OR BELOW: 0 1.00 INCH OR MORE: 1
[HDD (BASE 65) ]
TOTAL THIS MO. 93 CLEAR (SCALE 0-3) 0
DPTR FM NORMAL -56 PTCLDY (SCALE 4-7) 0
TOTAL FM JUL 1 1086 CLOUDY (SCALE 8-10) 31
DPTR FM NORMAL -267
[CDD (BASE 65) ]
TOTAL THIS MO. 99
DPTR FM NORMAL 49 [PRESSURE DATA]
TOTAL FM JAN 1 149 HIGHEST SLP M ON M
DPTR FM NORMAL 73 LOWEST SLP M ON M
[REMARKS]
#FINAL-03-21#