000
CXUS56 KLOX 011255
CF6HHR
PRELIMINARY LOCAL CLIMATOLOGICAL DATA (WS FORM: F-6)
STATION: HAWTHORNE AIRPORT CA
MONTH: NOVEMBER
YEAR: 2021
LATITUDE: 33 55 N
LONGITUDE: 118 20 W
TEMPERATURE IN F: :PCPN: SNOW: WIND :SUNSHINE: SKY :PK WND
================================================================================
1 2 3 4 5 6A 6B 7 8 9 10 11 12 13 14 15 16 17 18
12Z AVG MX 2MIN
DY MAX MIN AVG DEP HDD CDD WTR SNW DPTH SPD SPD DIR MIN PSBL S-S WX SPD DR
================================================================================
1 65 56 61 -5 4 0 0.00 M M 3.3 14 270 M M 0 19 270
2 67 56 62 -4 3 0 0.00 M M 4.0 12 250 M M 6 1 15 260
3 68 58 63 -3 2 0 T M M 3.8 12 270 M M 7 18 15 260
4 67 57 62 -3 3 0 T M M 3.3 10 260 M M 6 18 13 270
5 71 57 64 -1 1 0 0.00 M M 3.2 12 260 M M 7 18 14 270
6 65 57 61 -4 4 0 0.00 M M 3.3 10 270 M M 9 18 16 270
7 64 56 60 -5 5 0 0.00 M M 3.5 12 260 M M 7 1 16 250
8 69 57 63 -1 2 0 0.00 M M 3.9 10 260 M M 4 8 13 260
9 67 58 63 -1 2 0 0.00 M M 3.5 14 260 M M 7 8 19 260
10 73 59 66 2 0 1 0.00 M M 2.6 13 250 M M 2 8 16 260
11 86 57 72 8 0 7 0.00 M M 1.6 9 250 M M 0 14 250
12 91 59 75 11 0 10 0.00 M M 1.8 12 270 M M 0 14 260
13 91 62 77 14 0 12 0.00 M M 2.2 12 270 M M 0 13 270
14 88 57 73 10 0 8 0.00 M M 2.1 12 260 M M 0 14 270
15 79 58 69 6 0 4 0.00 M M 3.4 13 250 M M 3 18 15 260
16 65 57 61 -2 4 0 T M M 4.0 10 260 M M 6 18 15 250
17 67 57 62 0 3 0 T M M 2.1 13 260 M M 3 18 16 270
18 65 54 60 -2 5 0 0.00 M M 3.6 10 260 M M 5 18 15 270
19 67 58 63 1 2 0 T M M 2.9 13 250 M M 7 18 16 260
20 64 57 61 -1 4 0 T M M 2.8 13 260 M M 5 18 15 260
21 87 51 69 8 0 4 0.00 M M 2.3 16 90 M M 0 18 19 90
22 85 58 72 11 0 7 T M M 2.0 9 250 M M 0 12 250
23 74 58 66 5 0 1 T M M 2.5 10 250 M M 0 13 260
24 72 56 64 3 1 0 0.00 M M 2.8 10 250 M M 0 8 12 270
25 78 49 64 4 1 0 0.00 M M 1.8 10 250 M M 0 14 260
26 77 51 64 4 1 0 0.00 M M 2.4 12 260 M M 0 8 15 250
27 79 50 65 5 0 0 0.00 M M 1.7 10 270 M M 0 11 270
28 75 50 63 3 2 0 T M M 2.3 10 270 M M 0 13 270
29 76 51 64 4 1 0 0.00 M M 1.8 10 260 M M 0 15 270
30 64 53 59 0 6 0 0.00 M M 1.7 10 260 M M 5 18 14 270
================================================================================
SM 2206 1674 56 54 T M 82.2 M 89
================================================================================
AV 73.5 55.8 2.7 FASTST M M 3 MAX(MPH)
MISC ----> 16 90 # 19 270
================================================================================
NOTES:
# LAST OF SEVERAL OCCURRENCES
COLUMN 17 PEAK WIND IN M.P.H.
PRELIMINARY LOCAL CLIMATOLOGICAL DATA (WS FORM: F-6) , PAGE 2
STATION: HAWTHORNE AIRPORT CA
MONTH: NOVEMBER
YEAR: 2021
LATITUDE: 33 55 N
LONGITUDE: 118 20 W
[TEMPERATURE DATA] [PRECIPITATION DATA] SYMBOLS USED IN COLUMN 16
AVERAGE MONTHLY: 64.7 TOTAL FOR MONTH: T 1 = FOG OR MIST
DPTR FM NORMAL: 2.1 DPTR FM NORMAL: -0.72 2 = FOG REDUCING VISIBILITY
HIGHEST: 91 ON 13,12 GRTST 24HR T ON 1- 1 TO 1/4 MILE OR LESS
LOWEST: 49 ON 25 3 = THUNDER
SNOW, ICE PELLETS, HAIL 4 = ICE PELLETS
TOTAL MONTH: M 5 = HAIL
GRTST 24HR M ON M 6 = FREEZING RAIN OR DRIZZLE
GRTST DEPTH: M ON M 7 = DUSTSTORM OR SANDSTORM:
VSBY 1/2 MILE OR LESS
8 = SMOKE OR HAZE
[NO. OF DAYS WITH] [WEATHER - DAYS WITH] 9 = BLOWING SNOW
X = TORNADO
MAX 32 OR BELOW: 0 0.01 INCH OR MORE: 0
MAX 90 OR ABOVE: 2 0.10 INCH OR MORE: 0
MIN 32 OR BELOW: 0 0.50 INCH OR MORE: 0
MIN 0 OR BELOW: 0 1.00 INCH OR MORE: 0
[HDD (BASE 65) ]
TOTAL THIS MO. 56 CLEAR (SCALE 0-3) 16
DPTR FM NORMAL -49 PTCLDY (SCALE 4-7) 13
TOTAL FM JUL 1 89 CLOUDY (SCALE 8-10) 1
DPTR FM NORMAL -44
[CDD (BASE 65) ]
TOTAL THIS MO. 54
DPTR FM NORMAL 19 [PRESSURE DATA]
TOTAL FM JAN 1 842 HIGHEST SLP 30.28 ON 25
DPTR FM NORMAL -79 LOWEST SLP 29.89 ON 23
[REMARKS]
#FINAL-11-21#